{"id":842,"date":"2019-01-18T09:54:58","date_gmt":"2019-01-18T08:54:58","guid":{"rendered":"https:\/\/www.schwarzwaldverein-st-georgen.de\/?post_type=tribe_events&#038;p=842"},"modified":"2019-01-18T09:54:58","modified_gmt":"2019-01-18T08:54:58","slug":"sommerfest-im-wanderheim-lindenbueble-2","status":"publish","type":"tribe_events","link":"https:\/\/www.schwarzwaldverein-st-georgen.de\/index.php\/event\/sommerfest-im-wanderheim-lindenbueble-2\/","title":{"rendered":"Sommerfest im Wanderheim Lindenb\u00fcble"},"content":{"rendered":"<p>Kaffee und Kuchen oder Gegrilltes mit Salaten erwarten wie jedes Jahr alle hungrigen G\u00e4ste. Beginn ab 15.00 Uhr. <\/p>\n<table>\n<tbody>\n<tr>\n<td class=\"tdh_wp\">Wanderf\u00fchrer: <\/td>\n<td class=\"tdh_wp\"><\/td>\n<\/tr>\n<tr>\n<td class=\"td_wp\">Gehzeit:<\/td>\n<td class=\"td_wp\">, <\/td>\n<\/tr>\n<tr>\n<td class=\"td_wp\">Treffpunkt:<\/td>\n<td class=\"td_wp\">15:00 Uhr, Wanderheim Lindenb\u00fcble<\/td>\n<\/tr>\n<tr>\n<td class=\"td_wp\">Anmeldung:<\/td>\n<td class=\"td_wp\"><\/td>\n<\/tr>\n<\/tbody>\n<\/table>\n","protected":false},"excerpt":{"rendered":"<p>Kaffee und Kuchen oder Gegrilltes mit Salaten erwarten wie jedes Jahr alle hungrigen G\u00e4ste. Beginn ab 15.00 Uhr. Wanderf\u00fchrer: Gehzeit: , Treffpunkt: 15:00 Uhr, Wanderheim Lindenb\u00fcble Anmeldung:<\/p>\n","protected":false},"author":1,"featured_media":721,"comment_status":"closed","ping_status":"closed","template":"","meta":{"_price":"","_stock":"","_tribe_ticket_header":"","_tribe_default_ticket_provider":"","_ticket_start_date":"","_ticket_end_date":"","_tribe_ticket_show_description":"","_tribe_ticket_show_not_going":false,"_tribe_ticket_use_global_stock":"","_tribe_ticket_global_stock_level":"","_global_stock_mode":"","_global_stock_cap":"","_tribe_rsvp_for_event":"","_tribe_ticket_going_count":"","_tribe_ticket_not_going_count":"","_tribe_tickets_list":"[]","_tribe_ticket_has_attendee_info_fields":false,"_tribe_events_status":"","_tribe_events_status_reason":"","footnotes":"","_tec_slr_enabled":"","_tec_slr_layout":""},"tags":[],"tribe_events_cat":[2,10],"class_list":["post-842","tribe_events","type-tribe_events","status-publish","has-post-thumbnail","hentry","tribe_events_cat-jahresprogramm","tribe_events_cat-veranstaltungen-fest","cat_jahresprogramm","cat_veranstaltungen-fest","nodate","item-wrap"],"yoast_head":"<!-- This site is optimized with the Yoast SEO plugin v26.8 - https:\/\/yoast.com\/product\/yoast-seo-wordpress\/ -->\n<title>Sommerfest im Wanderheim Lindenb\u00fcble - Schwarzwaldverein St. Georgen e.V.<\/title>\n<meta name=\"robots\" content=\"index, follow, max-snippet:-1, max-image-preview:large, max-video-preview:-1\" \/>\n<link rel=\"canonical\" href=\"https:\/\/www.schwarzwaldverein-st-georgen.de\/index.php\/event\/sommerfest-im-wanderheim-lindenbueble-2\/\" \/>\n<meta property=\"og:locale\" content=\"de_DE\" \/>\n<meta property=\"og:type\" content=\"article\" \/>\n<meta property=\"og:title\" content=\"Sommerfest im Wanderheim Lindenb\u00fcble - Schwarzwaldverein St. Georgen e.V.\" \/>\n<meta property=\"og:description\" content=\"Kaffee und Kuchen oder Gegrilltes mit Salaten erwarten wie jedes Jahr alle hungrigen G\u00e4ste. Beginn ab 15.00 Uhr. Wanderf\u00fchrer: Gehzeit: , Treffpunkt: 15:00 Uhr, Wanderheim Lindenb\u00fcble Anmeldung:\" \/>\n<meta property=\"og:url\" content=\"https:\/\/www.schwarzwaldverein-st-georgen.de\/index.php\/event\/sommerfest-im-wanderheim-lindenbueble-2\/\" \/>\n<meta property=\"og:site_name\" content=\"Schwarzwaldverein St. Georgen e.V.\" \/>\n<meta property=\"og:image\" content=\"https:\/\/www.schwarzwaldverein-st-georgen.de\/wp-content\/uploads\/2019\/IMG_5236-1024x682.jpg\" \/>\n\t<meta property=\"og:image:width\" content=\"1024\" \/>\n\t<meta property=\"og:image:height\" content=\"682\" \/>\n\t<meta property=\"og:image:type\" content=\"image\/jpeg\" \/>\n<meta name=\"twitter:card\" content=\"summary_large_image\" \/>\n<script type=\"application\/ld+json\" class=\"yoast-schema-graph\">{\"@context\":\"https:\/\/schema.org\",\"@graph\":[{\"@type\":\"WebPage\",\"@id\":\"https:\/\/www.schwarzwaldverein-st-georgen.de\/index.php\/event\/sommerfest-im-wanderheim-lindenbueble-2\/\",\"url\":\"https:\/\/www.schwarzwaldverein-st-georgen.de\/index.php\/event\/sommerfest-im-wanderheim-lindenbueble-2\/\",\"name\":\"Sommerfest im Wanderheim Lindenb\u00fcble - Schwarzwaldverein St. Georgen e.V.\",\"isPartOf\":{\"@id\":\"https:\/\/www.schwarzwaldverein-st-georgen.de\/#website\"},\"primaryImageOfPage\":{\"@id\":\"https:\/\/www.schwarzwaldverein-st-georgen.de\/index.php\/event\/sommerfest-im-wanderheim-lindenbueble-2\/#primaryimage\"},\"image\":{\"@id\":\"https:\/\/www.schwarzwaldverein-st-georgen.de\/index.php\/event\/sommerfest-im-wanderheim-lindenbueble-2\/#primaryimage\"},\"thumbnailUrl\":\"https:\/\/www.schwarzwaldverein-st-georgen.de\/wp-content\/uploads\/2019\/IMG_5236.jpg\",\"datePublished\":\"2019-01-18T08:54:58+00:00\",\"breadcrumb\":{\"@id\":\"https:\/\/www.schwarzwaldverein-st-georgen.de\/index.php\/event\/sommerfest-im-wanderheim-lindenbueble-2\/#breadcrumb\"},\"inLanguage\":\"de\",\"potentialAction\":[{\"@type\":\"ReadAction\",\"target\":[\"https:\/\/www.schwarzwaldverein-st-georgen.de\/index.php\/event\/sommerfest-im-wanderheim-lindenbueble-2\/\"]}]},{\"@type\":\"ImageObject\",\"inLanguage\":\"de\",\"@id\":\"https:\/\/www.schwarzwaldverein-st-georgen.de\/index.php\/event\/sommerfest-im-wanderheim-lindenbueble-2\/#primaryimage\",\"url\":\"https:\/\/www.schwarzwaldverein-st-georgen.de\/wp-content\/uploads\/2019\/IMG_5236.jpg\",\"contentUrl\":\"https:\/\/www.schwarzwaldverein-st-georgen.de\/wp-content\/uploads\/2019\/IMG_5236.jpg\",\"width\":4853,\"height\":3233},{\"@type\":\"BreadcrumbList\",\"@id\":\"https:\/\/www.schwarzwaldverein-st-georgen.de\/index.php\/event\/sommerfest-im-wanderheim-lindenbueble-2\/#breadcrumb\",\"itemListElement\":[{\"@type\":\"ListItem\",\"position\":1,\"name\":\"Start\",\"item\":\"https:\/\/www.schwarzwaldverein-st-georgen.de\/\"},{\"@type\":\"ListItem\",\"position\":2,\"name\":\"Veranstaltungen\",\"item\":\"https:\/\/www.schwarzwaldverein-st-georgen.de\/index.php\/events\/\"},{\"@type\":\"ListItem\",\"position\":3,\"name\":\"Sommerfest im Wanderheim Lindenb\u00fcble\"}]},{\"@type\":\"WebSite\",\"@id\":\"https:\/\/www.schwarzwaldverein-st-georgen.de\/#website\",\"url\":\"https:\/\/www.schwarzwaldverein-st-georgen.de\/\",\"name\":\"Schwarzwaldverein St. Georgen e.V.\",\"description\":\"Wandern, Wege, Naturschutz, Familien, Wanderheim Lindenb\u00fcble\",\"potentialAction\":[{\"@type\":\"SearchAction\",\"target\":{\"@type\":\"EntryPoint\",\"urlTemplate\":\"https:\/\/www.schwarzwaldverein-st-georgen.de\/?s={search_term_string}\"},\"query-input\":{\"@type\":\"PropertyValueSpecification\",\"valueRequired\":true,\"valueName\":\"search_term_string\"}}],\"inLanguage\":\"de\"}]}<\/script>\n<!-- \/ Yoast SEO plugin. -->","yoast_head_json":{"title":"Sommerfest im Wanderheim Lindenb\u00fcble - Schwarzwaldverein St. Georgen e.V.","robots":{"index":"index","follow":"follow","max-snippet":"max-snippet:-1","max-image-preview":"max-image-preview:large","max-video-preview":"max-video-preview:-1"},"canonical":"https:\/\/www.schwarzwaldverein-st-georgen.de\/index.php\/event\/sommerfest-im-wanderheim-lindenbueble-2\/","og_locale":"de_DE","og_type":"article","og_title":"Sommerfest im Wanderheim Lindenb\u00fcble - Schwarzwaldverein St. Georgen e.V.","og_description":"Kaffee und Kuchen oder Gegrilltes mit Salaten erwarten wie jedes Jahr alle hungrigen G\u00e4ste. Beginn ab 15.00 Uhr. Wanderf\u00fchrer: Gehzeit: , Treffpunkt: 15:00 Uhr, Wanderheim Lindenb\u00fcble Anmeldung:","og_url":"https:\/\/www.schwarzwaldverein-st-georgen.de\/index.php\/event\/sommerfest-im-wanderheim-lindenbueble-2\/","og_site_name":"Schwarzwaldverein St. Georgen e.V.","og_image":[{"width":1024,"height":682,"url":"https:\/\/www.schwarzwaldverein-st-georgen.de\/wp-content\/uploads\/2019\/IMG_5236-1024x682.jpg","type":"image\/jpeg"}],"twitter_card":"summary_large_image","schema":{"@context":"https:\/\/schema.org","@graph":[{"@type":"WebPage","@id":"https:\/\/www.schwarzwaldverein-st-georgen.de\/index.php\/event\/sommerfest-im-wanderheim-lindenbueble-2\/","url":"https:\/\/www.schwarzwaldverein-st-georgen.de\/index.php\/event\/sommerfest-im-wanderheim-lindenbueble-2\/","name":"Sommerfest im Wanderheim Lindenb\u00fcble - Schwarzwaldverein St. Georgen e.V.","isPartOf":{"@id":"https:\/\/www.schwarzwaldverein-st-georgen.de\/#website"},"primaryImageOfPage":{"@id":"https:\/\/www.schwarzwaldverein-st-georgen.de\/index.php\/event\/sommerfest-im-wanderheim-lindenbueble-2\/#primaryimage"},"image":{"@id":"https:\/\/www.schwarzwaldverein-st-georgen.de\/index.php\/event\/sommerfest-im-wanderheim-lindenbueble-2\/#primaryimage"},"thumbnailUrl":"https:\/\/www.schwarzwaldverein-st-georgen.de\/wp-content\/uploads\/2019\/IMG_5236.jpg","datePublished":"2019-01-18T08:54:58+00:00","breadcrumb":{"@id":"https:\/\/www.schwarzwaldverein-st-georgen.de\/index.php\/event\/sommerfest-im-wanderheim-lindenbueble-2\/#breadcrumb"},"inLanguage":"de","potentialAction":[{"@type":"ReadAction","target":["https:\/\/www.schwarzwaldverein-st-georgen.de\/index.php\/event\/sommerfest-im-wanderheim-lindenbueble-2\/"]}]},{"@type":"ImageObject","inLanguage":"de","@id":"https:\/\/www.schwarzwaldverein-st-georgen.de\/index.php\/event\/sommerfest-im-wanderheim-lindenbueble-2\/#primaryimage","url":"https:\/\/www.schwarzwaldverein-st-georgen.de\/wp-content\/uploads\/2019\/IMG_5236.jpg","contentUrl":"https:\/\/www.schwarzwaldverein-st-georgen.de\/wp-content\/uploads\/2019\/IMG_5236.jpg","width":4853,"height":3233},{"@type":"BreadcrumbList","@id":"https:\/\/www.schwarzwaldverein-st-georgen.de\/index.php\/event\/sommerfest-im-wanderheim-lindenbueble-2\/#breadcrumb","itemListElement":[{"@type":"ListItem","position":1,"name":"Start","item":"https:\/\/www.schwarzwaldverein-st-georgen.de\/"},{"@type":"ListItem","position":2,"name":"Veranstaltungen","item":"https:\/\/www.schwarzwaldverein-st-georgen.de\/index.php\/events\/"},{"@type":"ListItem","position":3,"name":"Sommerfest im Wanderheim Lindenb\u00fcble"}]},{"@type":"WebSite","@id":"https:\/\/www.schwarzwaldverein-st-georgen.de\/#website","url":"https:\/\/www.schwarzwaldverein-st-georgen.de\/","name":"Schwarzwaldverein St. Georgen e.V.","description":"Wandern, Wege, Naturschutz, Familien, Wanderheim Lindenb\u00fcble","potentialAction":[{"@type":"SearchAction","target":{"@type":"EntryPoint","urlTemplate":"https:\/\/www.schwarzwaldverein-st-georgen.de\/?s={search_term_string}"},"query-input":{"@type":"PropertyValueSpecification","valueRequired":true,"valueName":"search_term_string"}}],"inLanguage":"de"}]}},"ticketed":false,"_links":{"self":[{"href":"https:\/\/www.schwarzwaldverein-st-georgen.de\/index.php\/wp-json\/wp\/v2\/tribe_events\/842","targetHints":{"allow":["GET"]}}],"collection":[{"href":"https:\/\/www.schwarzwaldverein-st-georgen.de\/index.php\/wp-json\/wp\/v2\/tribe_events"}],"about":[{"href":"https:\/\/www.schwarzwaldverein-st-georgen.de\/index.php\/wp-json\/wp\/v2\/types\/tribe_events"}],"author":[{"embeddable":true,"href":"https:\/\/www.schwarzwaldverein-st-georgen.de\/index.php\/wp-json\/wp\/v2\/users\/1"}],"replies":[{"embeddable":true,"href":"https:\/\/www.schwarzwaldverein-st-georgen.de\/index.php\/wp-json\/wp\/v2\/comments?post=842"}],"version-history":[{"count":1,"href":"https:\/\/www.schwarzwaldverein-st-georgen.de\/index.php\/wp-json\/wp\/v2\/tribe_events\/842\/revisions"}],"predecessor-version":[{"id":878,"href":"https:\/\/www.schwarzwaldverein-st-georgen.de\/index.php\/wp-json\/wp\/v2\/tribe_events\/842\/revisions\/878"}],"wp:featuredmedia":[{"embeddable":true,"href":"https:\/\/www.schwarzwaldverein-st-georgen.de\/index.php\/wp-json\/wp\/v2\/media\/721"}],"wp:attachment":[{"href":"https:\/\/www.schwarzwaldverein-st-georgen.de\/index.php\/wp-json\/wp\/v2\/media?parent=842"}],"wp:term":[{"taxonomy":"post_tag","embeddable":true,"href":"https:\/\/www.schwarzwaldverein-st-georgen.de\/index.php\/wp-json\/wp\/v2\/tags?post=842"},{"taxonomy":"tribe_events_cat","embeddable":true,"href":"https:\/\/www.schwarzwaldverein-st-georgen.de\/index.php\/wp-json\/wp\/v2\/tribe_events_cat?post=842"}],"curies":[{"name":"wp","href":"https:\/\/api.w.org\/{rel}","templated":true}]}}

Sommerfest im Wanderheim Lindenbüble

<p>Kaffee und Kuchen oder Gegrilltes mit Salaten erwarten wie jedes Jahr alle hungrigen Gäste. Beginn ab 15.00 Uhr. </p>
<table>
<tbody>
<tr>
<td class="tdh_wp">Wanderführer: </td>
<td class="tdh_wp"></td>
</tr>
<tr>
<td class="td_wp">Gehzeit:</td>
<td class="td_wp">, </td>
</tr>
<tr>
<td class="td_wp">Treffpunkt:</td>
<td class="td_wp">15:00 Uhr, Wanderheim Lindenbüble</td>
</tr>
<tr>
<td class="td_wp">Anmeldung:</td>
<td class="td_wp"></td>
</tr>
</tbody>
</table>

<p>Kaffee und Kuchen oder Gegrilltes mit Salaten erwarten wie jedes Jahr alle hungrigen Gäste. Beginn ab 15.00 Uhr. Wanderführer: Gehzeit: , Treffpunkt: 15:00 Uhr, Wanderheim Lindenbüble Anmeldung:</p>

<!-- This site is optimized with the Yoast SEO plugin v26.8 - https://yoast.com/product/yoast-seo-wordpress/ -->
<title>Sommerfest im Wanderheim Lindenbüble - Schwarzwaldverein St. Georgen e.V.</title>
<meta name="robots" content="index, follow, max-snippet:-1, max-image-preview:large, max-video-preview:-1" />
<link rel="canonical" href="https://www.schwarzwaldverein-st-georgen.de/index.php/event/sommerfest-im-wanderheim-lindenbueble-2/" />
<meta property="og:locale" content="de_DE" />
<meta property="og:type" content="article" />
<meta property="og:title" content="Sommerfest im Wanderheim Lindenbüble - Schwarzwaldverein St. Georgen e.V." />
<meta property="og:description" content="Kaffee und Kuchen oder Gegrilltes mit Salaten erwarten wie jedes Jahr alle hungrigen Gäste. Beginn ab 15.00 Uhr. Wanderführer: Gehzeit: , Treffpunkt: 15:00 Uhr, Wanderheim Lindenbüble Anmeldung:" />
<meta property="og:url" content="https://www.schwarzwaldverein-st-georgen.de/index.php/event/sommerfest-im-wanderheim-lindenbueble-2/" />
<meta property="og:site_name" content="Schwarzwaldverein St. Georgen e.V." />
<meta property="og:image" content="https://www.schwarzwaldverein-st-georgen.de/wp-content/uploads/2019/IMG_5236-1024x682.jpg" />
	<meta property="og:image:width" content="1024" />
	<meta property="og:image:height" content="682" />
	<meta property="og:image:type" content="image/jpeg" />
<meta name="twitter:card" content="summary_large_image" />
<script type="application/ld+json" class="yoast-schema-graph">{"@context":"https://schema.org","@graph":[{"@type":"WebPage","@id":"https://www.schwarzwaldverein-st-georgen.de/index.php/event/sommerfest-im-wanderheim-lindenbueble-2/","url":"https://www.schwarzwaldverein-st-georgen.de/index.php/event/sommerfest-im-wanderheim-lindenbueble-2/","name":"Sommerfest im Wanderheim Lindenbüble - Schwarzwaldverein St. Georgen e.V.","isPartOf":{"@id":"https://www.schwarzwaldverein-st-georgen.de/#website"},"primaryImageOfPage":{"@id":"https://www.schwarzwaldverein-st-georgen.de/index.php/event/sommerfest-im-wanderheim-lindenbueble-2/#primaryimage"},"image":{"@id":"https://www.schwarzwaldverein-st-georgen.de/index.php/event/sommerfest-im-wanderheim-lindenbueble-2/#primaryimage"},"thumbnailUrl":"https://www.schwarzwaldverein-st-georgen.de/wp-content/uploads/2019/IMG_5236.jpg","datePublished":"2019-01-18T08:54:58+00:00","breadcrumb":{"@id":"https://www.schwarzwaldverein-st-georgen.de/index.php/event/sommerfest-im-wanderheim-lindenbueble-2/#breadcrumb"},"inLanguage":"de","potentialAction":[{"@type":"ReadAction","target":["https://www.schwarzwaldverein-st-georgen.de/index.php/event/sommerfest-im-wanderheim-lindenbueble-2/"]}]},{"@type":"ImageObject","inLanguage":"de","@id":"https://www.schwarzwaldverein-st-georgen.de/index.php/event/sommerfest-im-wanderheim-lindenbueble-2/#primaryimage","url":"https://www.schwarzwaldverein-st-georgen.de/wp-content/uploads/2019/IMG_5236.jpg","contentUrl":"https://www.schwarzwaldverein-st-georgen.de/wp-content/uploads/2019/IMG_5236.jpg","width":4853,"height":3233},{"@type":"BreadcrumbList","@id":"https://www.schwarzwaldverein-st-georgen.de/index.php/event/sommerfest-im-wanderheim-lindenbueble-2/#breadcrumb","itemListElement":[{"@type":"ListItem","position":1,"name":"Start","item":"https://www.schwarzwaldverein-st-georgen.de/"},{"@type":"ListItem","position":2,"name":"Veranstaltungen","item":"https://www.schwarzwaldverein-st-georgen.de/index.php/events/"},{"@type":"ListItem","position":3,"name":"Sommerfest im Wanderheim Lindenbüble"}]},{"@type":"WebSite","@id":"https://www.schwarzwaldverein-st-georgen.de/#website","url":"https://www.schwarzwaldverein-st-georgen.de/","name":"Schwarzwaldverein St. Georgen e.V.","description":"Wandern, Wege, Naturschutz, Familien, Wanderheim Lindenbüble","potentialAction":[{"@type":"SearchAction","target":{"@type":"EntryPoint","urlTemplate":"https://www.schwarzwaldverein-st-georgen.de/?s={search_term_string}"},"query-input":{"@type":"PropertyValueSpecification","valueRequired":true,"valueName":"search_term_string"}}],"inLanguage":"de"}]}</script>
<!-- / Yoast SEO plugin. -->

Sommerfest im Wanderheim Lindenbüble - Schwarzwaldverein St. Georgen e.V.

Kaffee und Kuchen oder Gegrilltes mit Salaten erwarten wie jedes Jahr alle hungrigen Gäste. Beginn ab 15.00 Uhr. Wanderführer: Gehzeit: , Treffpunkt: 15:00 Uhr, Wanderheim Lindenbüble Anmeldung:

Wandern, Wege, Naturschutz, Familien, Wanderheim Lindenbüble
