{"id":828,"date":"2019-01-18T09:55:24","date_gmt":"2019-01-18T08:55:24","guid":{"rendered":"https:\/\/www.schwarzwaldverein-st-georgen.de\/?post_type=tribe_events&#038;p=828"},"modified":"2019-01-18T11:25:41","modified_gmt":"2019-01-18T10:25:41","slug":"moenchweiler-wald","status":"publish","type":"tribe_events","link":"https:\/\/www.schwarzwaldverein-st-georgen.de\/index.php\/event\/moenchweiler-wald\/","title":{"rendered":"M\u00f6nchweiler Wald"},"content":{"rendered":"<p>Wir gehen gemeinsam vom Wanderplatz an der Schappelstube zum ZOB K\u00f6nigsfeld und fahren mit dem Bus nach M\u00f6nchweiler. Von M\u00f6nchweiler aus streifen wir das Naturschutzgebiet Gifitzenmoos und erreichen auf schmalen Waldwegen die Quelle der Badischen Eschach. Bald danach treffen wir auf den Ostweg, dem wir nach K\u00f6nigsfeld folgen. Schlusseinkehr ist in der Schappelstube. Wer absolut keine Mitfahrgelegenheit nach K\u00f6nigsfeld finden kann, dem empfehlen wir den Bus 7265 ab Schwarzes Tor um 11:00 Uhr, M\u00f6nchweiler Herdstr. an 11:24 Uhr. Witterungsbedingte \u00c4nderung vorbehalten! <\/p>\n<table>\n<tbody>\n<tr>\n<td class=\"tdh_wp\">Wanderf\u00fchrer: <\/td>\n<td class=\"tdh_wp\">Peter Meixner<\/td>\n<\/tr>\n<tr>\n<td class=\"td_wp\">Gehzeit:<\/td>\n<td class=\"td_wp\">2:30 Std.<br \/>10,5 km, 67\/89 Hm<\/td>\n<\/tr>\n<tr>\n<td class=\"td_wp\">Kategorie 2<\/td>\n<td class=\"td_wp\"><img loading=\"lazy\" decoding=\"async\" class=\"alignnone\" src=\"https:\/\/www.schwarzwaldverein-st-georgen.de\/wp-content\/uploads\/gelbeRaute.png\" alt=\"\" width=\"30\" height=\"16\" \/><\/td>\n<\/tr>\n<tr>\n<td class=\"td_wp\">Treffpunkt:<\/td>\n<td class=\"td_wp\">10:45 Uhr, K\u00f6nigsfeld-Obermartinsweiler, Wanderparkplatz an der Schappelstube <\/td>\n<\/tr>\n<tr>\n<td class=\"td_wp\">Anmeldung:<\/td>\n<td class=\"td_wp\">07724\/916635<\/td>\n<\/tr>\n<\/tbody>\n<\/table>\n","protected":false},"excerpt":{"rendered":"<p>Wir gehen gemeinsam vom Wanderplatz an der Schappelstube zum ZOB K\u00f6nigsfeld und fahren mit dem Bus nach M\u00f6nchweiler. Von M\u00f6nchweiler aus streifen wir das Naturschutzgebiet Gifitzenmoos und erreichen auf schmalen Waldwegen die Quelle der Badischen Eschach. Bald danach treffen wir auf den Ostweg, dem wir nach K\u00f6nigsfeld folgen. Schlusseinkehr ist in der Schappelstube. Wer absolut &hellip; <\/p>\n<p><a class=\"more-link btn\" href=\"https:\/\/www.schwarzwaldverein-st-georgen.de\/index.php\/event\/moenchweiler-wald\/\">Weiterlesen<\/a><\/p>\n","protected":false},"author":1,"featured_media":720,"comment_status":"closed","ping_status":"closed","template":"","meta":{"_price":"","_stock":"","_tribe_ticket_header":"","_tribe_default_ticket_provider":"","_ticket_start_date":"","_ticket_end_date":"","_tribe_ticket_show_description":"","_tribe_ticket_show_not_going":false,"_tribe_ticket_use_global_stock":"","_tribe_ticket_global_stock_level":"","_global_stock_mode":"","_global_stock_cap":"","_tribe_rsvp_for_event":"","_tribe_ticket_going_count":"","_tribe_ticket_not_going_count":"","_tribe_tickets_list":"[]","_tribe_ticket_has_attendee_info_fields":false,"_tribe_events_status":"","_tribe_events_status_reason":"","footnotes":"","_tec_slr_enabled":"","_tec_slr_layout":""},"tags":[],"tribe_events_cat":[2,7],"class_list":["post-828","tribe_events","type-tribe_events","status-publish","has-post-thumbnail","hentry","tribe_events_cat-jahresprogramm","tribe_events_cat-wanderung","cat_jahresprogramm","cat_wanderung","nodate","item-wrap"],"yoast_head":"<!-- This site is optimized with the Yoast SEO plugin v26.8 - https:\/\/yoast.com\/product\/yoast-seo-wordpress\/ -->\n<title>M\u00f6nchweiler Wald - Schwarzwaldverein St. Georgen e.V.<\/title>\n<meta name=\"robots\" content=\"index, follow, max-snippet:-1, max-image-preview:large, max-video-preview:-1\" \/>\n<link rel=\"canonical\" href=\"https:\/\/www.schwarzwaldverein-st-georgen.de\/index.php\/event\/moenchweiler-wald\/\" \/>\n<meta property=\"og:locale\" content=\"de_DE\" \/>\n<meta property=\"og:type\" content=\"article\" \/>\n<meta property=\"og:title\" content=\"M\u00f6nchweiler Wald - Schwarzwaldverein St. Georgen e.V.\" \/>\n<meta property=\"og:description\" content=\"Wir gehen gemeinsam vom Wanderplatz an der Schappelstube zum ZOB K\u00f6nigsfeld und fahren mit dem Bus nach M\u00f6nchweiler. Von M\u00f6nchweiler aus streifen wir das Naturschutzgebiet Gifitzenmoos und erreichen auf schmalen Waldwegen die Quelle der Badischen Eschach. Bald danach treffen wir auf den Ostweg, dem wir nach K\u00f6nigsfeld folgen. Schlusseinkehr ist in der Schappelstube. Wer absolut &hellip; Weiterlesen\" \/>\n<meta property=\"og:url\" content=\"https:\/\/www.schwarzwaldverein-st-georgen.de\/index.php\/event\/moenchweiler-wald\/\" \/>\n<meta property=\"og:site_name\" content=\"Schwarzwaldverein St. Georgen e.V.\" \/>\n<meta property=\"article:modified_time\" content=\"2019-01-18T10:25:41+00:00\" \/>\n<meta property=\"og:image\" content=\"https:\/\/www.schwarzwaldverein-st-georgen.de\/wp-content\/uploads\/2019\/Mo\u0308nchweilerwald-797x1024.jpg\" \/>\n\t<meta property=\"og:image:width\" content=\"797\" \/>\n\t<meta property=\"og:image:height\" content=\"1024\" \/>\n\t<meta property=\"og:image:type\" content=\"image\/jpeg\" \/>\n<meta name=\"twitter:card\" content=\"summary_large_image\" \/>\n<meta name=\"twitter:label1\" content=\"Gesch\u00e4tzte Lesezeit\" \/>\n\t<meta name=\"twitter:data1\" content=\"1\u00a0Minute\" \/>\n<script type=\"application\/ld+json\" class=\"yoast-schema-graph\">{\"@context\":\"https:\/\/schema.org\",\"@graph\":[{\"@type\":\"WebPage\",\"@id\":\"https:\/\/www.schwarzwaldverein-st-georgen.de\/index.php\/event\/moenchweiler-wald\/\",\"url\":\"https:\/\/www.schwarzwaldverein-st-georgen.de\/index.php\/event\/moenchweiler-wald\/\",\"name\":\"M\u00f6nchweiler Wald - Schwarzwaldverein St. Georgen e.V.\",\"isPartOf\":{\"@id\":\"https:\/\/www.schwarzwaldverein-st-georgen.de\/#website\"},\"primaryImageOfPage\":{\"@id\":\"https:\/\/www.schwarzwaldverein-st-georgen.de\/index.php\/event\/moenchweiler-wald\/#primaryimage\"},\"image\":{\"@id\":\"https:\/\/www.schwarzwaldverein-st-georgen.de\/index.php\/event\/moenchweiler-wald\/#primaryimage\"},\"thumbnailUrl\":\"https:\/\/www.schwarzwaldverein-st-georgen.de\/wp-content\/uploads\/2019\/Mo\u0308nchweilerwald.jpg\",\"datePublished\":\"2019-01-18T08:55:24+00:00\",\"dateModified\":\"2019-01-18T10:25:41+00:00\",\"breadcrumb\":{\"@id\":\"https:\/\/www.schwarzwaldverein-st-georgen.de\/index.php\/event\/moenchweiler-wald\/#breadcrumb\"},\"inLanguage\":\"de\",\"potentialAction\":[{\"@type\":\"ReadAction\",\"target\":[\"https:\/\/www.schwarzwaldverein-st-georgen.de\/index.php\/event\/moenchweiler-wald\/\"]}]},{\"@type\":\"ImageObject\",\"inLanguage\":\"de\",\"@id\":\"https:\/\/www.schwarzwaldverein-st-georgen.de\/index.php\/event\/moenchweiler-wald\/#primaryimage\",\"url\":\"https:\/\/www.schwarzwaldverein-st-georgen.de\/wp-content\/uploads\/2019\/Mo\u0308nchweilerwald.jpg\",\"contentUrl\":\"https:\/\/www.schwarzwaldverein-st-georgen.de\/wp-content\/uploads\/2019\/Mo\u0308nchweilerwald.jpg\",\"width\":1430,\"height\":1838},{\"@type\":\"BreadcrumbList\",\"@id\":\"https:\/\/www.schwarzwaldverein-st-georgen.de\/index.php\/event\/moenchweiler-wald\/#breadcrumb\",\"itemListElement\":[{\"@type\":\"ListItem\",\"position\":1,\"name\":\"Start\",\"item\":\"https:\/\/www.schwarzwaldverein-st-georgen.de\/\"},{\"@type\":\"ListItem\",\"position\":2,\"name\":\"Veranstaltungen\",\"item\":\"https:\/\/www.schwarzwaldverein-st-georgen.de\/index.php\/events\/\"},{\"@type\":\"ListItem\",\"position\":3,\"name\":\"M\u00f6nchweiler Wald\"}]},{\"@type\":\"WebSite\",\"@id\":\"https:\/\/www.schwarzwaldverein-st-georgen.de\/#website\",\"url\":\"https:\/\/www.schwarzwaldverein-st-georgen.de\/\",\"name\":\"Schwarzwaldverein St. Georgen e.V.\",\"description\":\"Wandern, Wege, Naturschutz, Familien, Wanderheim Lindenb\u00fcble\",\"potentialAction\":[{\"@type\":\"SearchAction\",\"target\":{\"@type\":\"EntryPoint\",\"urlTemplate\":\"https:\/\/www.schwarzwaldverein-st-georgen.de\/?s={search_term_string}\"},\"query-input\":{\"@type\":\"PropertyValueSpecification\",\"valueRequired\":true,\"valueName\":\"search_term_string\"}}],\"inLanguage\":\"de\"}]}<\/script>\n<!-- \/ Yoast SEO plugin. -->","yoast_head_json":{"title":"M\u00f6nchweiler Wald - Schwarzwaldverein St. Georgen e.V.","robots":{"index":"index","follow":"follow","max-snippet":"max-snippet:-1","max-image-preview":"max-image-preview:large","max-video-preview":"max-video-preview:-1"},"canonical":"https:\/\/www.schwarzwaldverein-st-georgen.de\/index.php\/event\/moenchweiler-wald\/","og_locale":"de_DE","og_type":"article","og_title":"M\u00f6nchweiler Wald - Schwarzwaldverein St. Georgen e.V.","og_description":"Wir gehen gemeinsam vom Wanderplatz an der Schappelstube zum ZOB K\u00f6nigsfeld und fahren mit dem Bus nach M\u00f6nchweiler. Von M\u00f6nchweiler aus streifen wir das Naturschutzgebiet Gifitzenmoos und erreichen auf schmalen Waldwegen die Quelle der Badischen Eschach. Bald danach treffen wir auf den Ostweg, dem wir nach K\u00f6nigsfeld folgen. Schlusseinkehr ist in der Schappelstube. Wer absolut &hellip; Weiterlesen","og_url":"https:\/\/www.schwarzwaldverein-st-georgen.de\/index.php\/event\/moenchweiler-wald\/","og_site_name":"Schwarzwaldverein St. Georgen e.V.","article_modified_time":"2019-01-18T10:25:41+00:00","og_image":[{"width":797,"height":1024,"url":"https:\/\/www.schwarzwaldverein-st-georgen.de\/wp-content\/uploads\/2019\/Mo\u0308nchweilerwald-797x1024.jpg","type":"image\/jpeg"}],"twitter_card":"summary_large_image","twitter_misc":{"Gesch\u00e4tzte Lesezeit":"1\u00a0Minute"},"schema":{"@context":"https:\/\/schema.org","@graph":[{"@type":"WebPage","@id":"https:\/\/www.schwarzwaldverein-st-georgen.de\/index.php\/event\/moenchweiler-wald\/","url":"https:\/\/www.schwarzwaldverein-st-georgen.de\/index.php\/event\/moenchweiler-wald\/","name":"M\u00f6nchweiler Wald - Schwarzwaldverein St. Georgen e.V.","isPartOf":{"@id":"https:\/\/www.schwarzwaldverein-st-georgen.de\/#website"},"primaryImageOfPage":{"@id":"https:\/\/www.schwarzwaldverein-st-georgen.de\/index.php\/event\/moenchweiler-wald\/#primaryimage"},"image":{"@id":"https:\/\/www.schwarzwaldverein-st-georgen.de\/index.php\/event\/moenchweiler-wald\/#primaryimage"},"thumbnailUrl":"https:\/\/www.schwarzwaldverein-st-georgen.de\/wp-content\/uploads\/2019\/Mo\u0308nchweilerwald.jpg","datePublished":"2019-01-18T08:55:24+00:00","dateModified":"2019-01-18T10:25:41+00:00","breadcrumb":{"@id":"https:\/\/www.schwarzwaldverein-st-georgen.de\/index.php\/event\/moenchweiler-wald\/#breadcrumb"},"inLanguage":"de","potentialAction":[{"@type":"ReadAction","target":["https:\/\/www.schwarzwaldverein-st-georgen.de\/index.php\/event\/moenchweiler-wald\/"]}]},{"@type":"ImageObject","inLanguage":"de","@id":"https:\/\/www.schwarzwaldverein-st-georgen.de\/index.php\/event\/moenchweiler-wald\/#primaryimage","url":"https:\/\/www.schwarzwaldverein-st-georgen.de\/wp-content\/uploads\/2019\/Mo\u0308nchweilerwald.jpg","contentUrl":"https:\/\/www.schwarzwaldverein-st-georgen.de\/wp-content\/uploads\/2019\/Mo\u0308nchweilerwald.jpg","width":1430,"height":1838},{"@type":"BreadcrumbList","@id":"https:\/\/www.schwarzwaldverein-st-georgen.de\/index.php\/event\/moenchweiler-wald\/#breadcrumb","itemListElement":[{"@type":"ListItem","position":1,"name":"Start","item":"https:\/\/www.schwarzwaldverein-st-georgen.de\/"},{"@type":"ListItem","position":2,"name":"Veranstaltungen","item":"https:\/\/www.schwarzwaldverein-st-georgen.de\/index.php\/events\/"},{"@type":"ListItem","position":3,"name":"M\u00f6nchweiler Wald"}]},{"@type":"WebSite","@id":"https:\/\/www.schwarzwaldverein-st-georgen.de\/#website","url":"https:\/\/www.schwarzwaldverein-st-georgen.de\/","name":"Schwarzwaldverein St. Georgen e.V.","description":"Wandern, Wege, Naturschutz, Familien, Wanderheim Lindenb\u00fcble","potentialAction":[{"@type":"SearchAction","target":{"@type":"EntryPoint","urlTemplate":"https:\/\/www.schwarzwaldverein-st-georgen.de\/?s={search_term_string}"},"query-input":{"@type":"PropertyValueSpecification","valueRequired":true,"valueName":"search_term_string"}}],"inLanguage":"de"}]}},"ticketed":false,"_links":{"self":[{"href":"https:\/\/www.schwarzwaldverein-st-georgen.de\/index.php\/wp-json\/wp\/v2\/tribe_events\/828","targetHints":{"allow":["GET"]}}],"collection":[{"href":"https:\/\/www.schwarzwaldverein-st-georgen.de\/index.php\/wp-json\/wp\/v2\/tribe_events"}],"about":[{"href":"https:\/\/www.schwarzwaldverein-st-georgen.de\/index.php\/wp-json\/wp\/v2\/types\/tribe_events"}],"author":[{"embeddable":true,"href":"https:\/\/www.schwarzwaldverein-st-georgen.de\/index.php\/wp-json\/wp\/v2\/users\/1"}],"replies":[{"embeddable":true,"href":"https:\/\/www.schwarzwaldverein-st-georgen.de\/index.php\/wp-json\/wp\/v2\/comments?post=828"}],"version-history":[{"count":2,"href":"https:\/\/www.schwarzwaldverein-st-georgen.de\/index.php\/wp-json\/wp\/v2\/tribe_events\/828\/revisions"}],"predecessor-version":[{"id":914,"href":"https:\/\/www.schwarzwaldverein-st-georgen.de\/index.php\/wp-json\/wp\/v2\/tribe_events\/828\/revisions\/914"}],"wp:featuredmedia":[{"embeddable":true,"href":"https:\/\/www.schwarzwaldverein-st-georgen.de\/index.php\/wp-json\/wp\/v2\/media\/720"}],"wp:attachment":[{"href":"https:\/\/www.schwarzwaldverein-st-georgen.de\/index.php\/wp-json\/wp\/v2\/media?parent=828"}],"wp:term":[{"taxonomy":"post_tag","embeddable":true,"href":"https:\/\/www.schwarzwaldverein-st-georgen.de\/index.php\/wp-json\/wp\/v2\/tags?post=828"},{"taxonomy":"tribe_events_cat","embeddable":true,"href":"https:\/\/www.schwarzwaldverein-st-georgen.de\/index.php\/wp-json\/wp\/v2\/tribe_events_cat?post=828"}],"curies":[{"name":"wp","href":"https:\/\/api.w.org\/{rel}","templated":true}]}}

Mönchweiler Wald

<p>Wir gehen gemeinsam vom Wanderplatz an der Schappelstube zum ZOB Königsfeld und fahren mit dem Bus nach Mönchweiler. Von Mönchweiler aus streifen wir das Naturschutzgebiet Gifitzenmoos und erreichen auf schmalen Waldwegen die Quelle der Badischen Eschach. Bald danach treffen wir auf den Ostweg, dem wir nach Königsfeld folgen. Schlusseinkehr ist in der Schappelstube. Wer absolut keine Mitfahrgelegenheit nach Königsfeld finden kann, dem empfehlen wir den Bus 7265 ab Schwarzes Tor um 11:00 Uhr, Mönchweiler Herdstr. an 11:24 Uhr. Witterungsbedingte Änderung vorbehalten! </p>
<table>
<tbody>
<tr>
<td class="tdh_wp">Wanderführer: </td>
<td class="tdh_wp">Peter Meixner</td>
</tr>
<tr>
<td class="td_wp">Gehzeit:</td>
<td class="td_wp">2:30 Std.<br />10,5 km, 67/89 Hm</td>
</tr>
<tr>
<td class="td_wp">Kategorie 2</td>
<td class="td_wp"><img loading="lazy" decoding="async" class="alignnone" src="https://www.schwarzwaldverein-st-georgen.de/wp-content/uploads/gelbeRaute.png" alt="" width="30" height="16" /></td>
</tr>
<tr>
<td class="td_wp">Treffpunkt:</td>
<td class="td_wp">10:45 Uhr, Königsfeld-Obermartinsweiler, Wanderparkplatz an der Schappelstube </td>
</tr>
<tr>
<td class="td_wp">Anmeldung:</td>
<td class="td_wp">07724/916635</td>
</tr>
</tbody>
</table>

<p>Wir gehen gemeinsam vom Wanderplatz an der Schappelstube zum ZOB Königsfeld und fahren mit dem Bus nach Mönchweiler. Von Mönchweiler aus streifen wir das Naturschutzgebiet Gifitzenmoos und erreichen auf schmalen Waldwegen die Quelle der Badischen Eschach. Bald danach treffen wir auf den Ostweg, dem wir nach Königsfeld folgen. Schlusseinkehr ist in der Schappelstube. Wer absolut &hellip; </p>
<p><a class="more-link btn" href="https://www.schwarzwaldverein-st-georgen.de/index.php/event/moenchweiler-wald/">Weiterlesen</a></p>

<!-- This site is optimized with the Yoast SEO plugin v26.8 - https://yoast.com/product/yoast-seo-wordpress/ -->
<title>Mönchweiler Wald - Schwarzwaldverein St. Georgen e.V.</title>
<meta name="robots" content="index, follow, max-snippet:-1, max-image-preview:large, max-video-preview:-1" />
<link rel="canonical" href="https://www.schwarzwaldverein-st-georgen.de/index.php/event/moenchweiler-wald/" />
<meta property="og:locale" content="de_DE" />
<meta property="og:type" content="article" />
<meta property="og:title" content="Mönchweiler Wald - Schwarzwaldverein St. Georgen e.V." />
<meta property="og:description" content="Wir gehen gemeinsam vom Wanderplatz an der Schappelstube zum ZOB Königsfeld und fahren mit dem Bus nach Mönchweiler. Von Mönchweiler aus streifen wir das Naturschutzgebiet Gifitzenmoos und erreichen auf schmalen Waldwegen die Quelle der Badischen Eschach. Bald danach treffen wir auf den Ostweg, dem wir nach Königsfeld folgen. Schlusseinkehr ist in der Schappelstube. Wer absolut &hellip; Weiterlesen" />
<meta property="og:url" content="https://www.schwarzwaldverein-st-georgen.de/index.php/event/moenchweiler-wald/" />
<meta property="og:site_name" content="Schwarzwaldverein St. Georgen e.V." />
<meta property="article:modified_time" content="2019-01-18T10:25:41+00:00" />
<meta property="og:image" content="https://www.schwarzwaldverein-st-georgen.de/wp-content/uploads/2019/Mönchweilerwald-797x1024.jpg" />
	<meta property="og:image:width" content="797" />
	<meta property="og:image:height" content="1024" />
	<meta property="og:image:type" content="image/jpeg" />
<meta name="twitter:card" content="summary_large_image" />
<meta name="twitter:label1" content="Geschätzte Lesezeit" />
	<meta name="twitter:data1" content="1 Minute" />
<script type="application/ld+json" class="yoast-schema-graph">{"@context":"https://schema.org","@graph":[{"@type":"WebPage","@id":"https://www.schwarzwaldverein-st-georgen.de/index.php/event/moenchweiler-wald/","url":"https://www.schwarzwaldverein-st-georgen.de/index.php/event/moenchweiler-wald/","name":"Mönchweiler Wald - Schwarzwaldverein St. Georgen e.V.","isPartOf":{"@id":"https://www.schwarzwaldverein-st-georgen.de/#website"},"primaryImageOfPage":{"@id":"https://www.schwarzwaldverein-st-georgen.de/index.php/event/moenchweiler-wald/#primaryimage"},"image":{"@id":"https://www.schwarzwaldverein-st-georgen.de/index.php/event/moenchweiler-wald/#primaryimage"},"thumbnailUrl":"https://www.schwarzwaldverein-st-georgen.de/wp-content/uploads/2019/Mönchweilerwald.jpg","datePublished":"2019-01-18T08:55:24+00:00","dateModified":"2019-01-18T10:25:41+00:00","breadcrumb":{"@id":"https://www.schwarzwaldverein-st-georgen.de/index.php/event/moenchweiler-wald/#breadcrumb"},"inLanguage":"de","potentialAction":[{"@type":"ReadAction","target":["https://www.schwarzwaldverein-st-georgen.de/index.php/event/moenchweiler-wald/"]}]},{"@type":"ImageObject","inLanguage":"de","@id":"https://www.schwarzwaldverein-st-georgen.de/index.php/event/moenchweiler-wald/#primaryimage","url":"https://www.schwarzwaldverein-st-georgen.de/wp-content/uploads/2019/Mönchweilerwald.jpg","contentUrl":"https://www.schwarzwaldverein-st-georgen.de/wp-content/uploads/2019/Mönchweilerwald.jpg","width":1430,"height":1838},{"@type":"BreadcrumbList","@id":"https://www.schwarzwaldverein-st-georgen.de/index.php/event/moenchweiler-wald/#breadcrumb","itemListElement":[{"@type":"ListItem","position":1,"name":"Start","item":"https://www.schwarzwaldverein-st-georgen.de/"},{"@type":"ListItem","position":2,"name":"Veranstaltungen","item":"https://www.schwarzwaldverein-st-georgen.de/index.php/events/"},{"@type":"ListItem","position":3,"name":"Mönchweiler Wald"}]},{"@type":"WebSite","@id":"https://www.schwarzwaldverein-st-georgen.de/#website","url":"https://www.schwarzwaldverein-st-georgen.de/","name":"Schwarzwaldverein St. Georgen e.V.","description":"Wandern, Wege, Naturschutz, Familien, Wanderheim Lindenbüble","potentialAction":[{"@type":"SearchAction","target":{"@type":"EntryPoint","urlTemplate":"https://www.schwarzwaldverein-st-georgen.de/?s={search_term_string}"},"query-input":{"@type":"PropertyValueSpecification","valueRequired":true,"valueName":"search_term_string"}}],"inLanguage":"de"}]}</script>
<!-- / Yoast SEO plugin. -->

Mönchweiler Wald - Schwarzwaldverein St. Georgen e.V.

Wir gehen gemeinsam vom Wanderplatz an der Schappelstube zum ZOB Königsfeld und fahren mit dem Bus nach Mönchweiler. Von Mönchweiler aus streifen wir das Naturschutzgebiet Gifitzenmoos und erreichen auf schmalen Waldwegen die Quelle der Badischen Eschach. Bald danach treffen wir auf den Ostweg, dem wir nach Königsfeld folgen. Schlusseinkehr ist in der Schappelstube. Wer absolut &hellip; Weiterlesen

Wandern, Wege, Naturschutz, Familien, Wanderheim Lindenbüble
