{"id":517,"date":"2018-01-04T09:10:53","date_gmt":"2018-01-04T08:10:53","guid":{"rendered":"http:\/\/www.schwarzwaldverein-st-georgen.de\/index.php\/event\/wanderabschluss-mit-jahresrueckblick\/"},"modified":"2018-01-05T10:32:57","modified_gmt":"2018-01-05T09:32:57","slug":"wanderabschluss-mit-jahresrueckblick","status":"publish","type":"tribe_events","link":"https:\/\/www.schwarzwaldverein-st-georgen.de\/index.php\/event\/wanderabschluss-mit-jahresrueckblick\/","title":{"rendered":"Wanderabschlu\u00df mit Jahresr\u00fcckblick"},"content":{"rendered":"<p>im Gasthaus Krone in St. Georgen<\/p>\n<table>\n<tbody>\n<tr>\n<td class=\"tdh_wp\">Wanderf\u00fchrer:<\/td>\n<td class=\"tdh_wp\">Peter Meixner<\/td>\n<\/tr>\n<tr>\n<td class=\"td_wp\"><\/td>\n<td class=\"td_wp\"><\/td>\n<\/tr>\n<tr>\n<td class=\"td_wp\">Treffpunkt:<\/td>\n<td class=\"td_wp\">19:00 Uhr, Gasthaus Krone in St. Georgen<\/td>\n<\/tr>\n<tr>\n<td class=\"td_wp\">Anmeldung:<\/td>\n<td class=\"td_wp\">07724 \/ 916635<br \/>\n07724 \/ 2802<\/td>\n<\/tr>\n<\/tbody>\n<\/table>\n","protected":false},"excerpt":{"rendered":"<p>im Gasthaus Krone in St. Georgen Wanderf\u00fchrer: Peter Meixner Treffpunkt: 19:00 Uhr, Gasthaus Krone in St. Georgen Anmeldung: 07724 \/ 916635 07724 \/ 2802<\/p>\n","protected":false},"author":1,"featured_media":0,"comment_status":"closed","ping_status":"closed","template":"","meta":{"_price":"","_stock":"","_tribe_ticket_header":"","_tribe_default_ticket_provider":"","_ticket_start_date":"","_ticket_end_date":"","_tribe_ticket_show_description":"","_tribe_ticket_show_not_going":false,"_tribe_ticket_use_global_stock":"","_tribe_ticket_global_stock_level":"","_global_stock_mode":"","_global_stock_cap":"","_tribe_rsvp_for_event":"","_tribe_ticket_going_count":"","_tribe_ticket_not_going_count":"","_tribe_tickets_list":"[]","_tribe_ticket_has_attendee_info_fields":false,"_tribe_events_status":"","_tribe_events_status_reason":"","footnotes":"","_tec_slr_enabled":"","_tec_slr_layout":""},"tags":[],"tribe_events_cat":[2,10],"class_list":["post-517","tribe_events","type-tribe_events","status-publish","hentry","tribe_events_cat-jahresprogramm","tribe_events_cat-veranstaltungen-fest","cat_jahresprogramm","cat_veranstaltungen-fest","nodate","item-wrap"],"yoast_head":"<!-- This site is optimized with the Yoast SEO plugin v26.8 - https:\/\/yoast.com\/product\/yoast-seo-wordpress\/ -->\n<title>Wanderabschlu\u00df mit Jahresr\u00fcckblick - Schwarzwaldverein St. Georgen e.V.<\/title>\n<meta name=\"robots\" content=\"index, follow, max-snippet:-1, max-image-preview:large, max-video-preview:-1\" \/>\n<link rel=\"canonical\" href=\"https:\/\/www.schwarzwaldverein-st-georgen.de\/index.php\/event\/wanderabschluss-mit-jahresrueckblick\/\" \/>\n<meta property=\"og:locale\" content=\"de_DE\" \/>\n<meta property=\"og:type\" content=\"article\" \/>\n<meta property=\"og:title\" content=\"Wanderabschlu\u00df mit Jahresr\u00fcckblick - Schwarzwaldverein St. Georgen e.V.\" \/>\n<meta property=\"og:description\" content=\"im Gasthaus Krone in St. Georgen Wanderf\u00fchrer: Peter Meixner Treffpunkt: 19:00 Uhr, Gasthaus Krone in St. Georgen Anmeldung: 07724 \/ 916635 07724 \/ 2802\" \/>\n<meta property=\"og:url\" content=\"https:\/\/www.schwarzwaldverein-st-georgen.de\/index.php\/event\/wanderabschluss-mit-jahresrueckblick\/\" \/>\n<meta property=\"og:site_name\" content=\"Schwarzwaldverein St. Georgen e.V.\" \/>\n<meta property=\"article:modified_time\" content=\"2018-01-05T09:32:57+00:00\" \/>\n<meta name=\"twitter:card\" content=\"summary_large_image\" \/>\n<script type=\"application\/ld+json\" class=\"yoast-schema-graph\">{\"@context\":\"https:\/\/schema.org\",\"@graph\":[{\"@type\":\"WebPage\",\"@id\":\"https:\/\/www.schwarzwaldverein-st-georgen.de\/index.php\/event\/wanderabschluss-mit-jahresrueckblick\/\",\"url\":\"https:\/\/www.schwarzwaldverein-st-georgen.de\/index.php\/event\/wanderabschluss-mit-jahresrueckblick\/\",\"name\":\"Wanderabschlu\u00df mit Jahresr\u00fcckblick - Schwarzwaldverein St. Georgen e.V.\",\"isPartOf\":{\"@id\":\"https:\/\/www.schwarzwaldverein-st-georgen.de\/#website\"},\"datePublished\":\"2018-01-04T08:10:53+00:00\",\"dateModified\":\"2018-01-05T09:32:57+00:00\",\"breadcrumb\":{\"@id\":\"https:\/\/www.schwarzwaldverein-st-georgen.de\/index.php\/event\/wanderabschluss-mit-jahresrueckblick\/#breadcrumb\"},\"inLanguage\":\"de\",\"potentialAction\":[{\"@type\":\"ReadAction\",\"target\":[\"https:\/\/www.schwarzwaldverein-st-georgen.de\/index.php\/event\/wanderabschluss-mit-jahresrueckblick\/\"]}]},{\"@type\":\"BreadcrumbList\",\"@id\":\"https:\/\/www.schwarzwaldverein-st-georgen.de\/index.php\/event\/wanderabschluss-mit-jahresrueckblick\/#breadcrumb\",\"itemListElement\":[{\"@type\":\"ListItem\",\"position\":1,\"name\":\"Start\",\"item\":\"https:\/\/www.schwarzwaldverein-st-georgen.de\/\"},{\"@type\":\"ListItem\",\"position\":2,\"name\":\"Veranstaltungen\",\"item\":\"https:\/\/www.schwarzwaldverein-st-georgen.de\/index.php\/events\/\"},{\"@type\":\"ListItem\",\"position\":3,\"name\":\"Wanderabschlu\u00df mit Jahresr\u00fcckblick\"}]},{\"@type\":\"WebSite\",\"@id\":\"https:\/\/www.schwarzwaldverein-st-georgen.de\/#website\",\"url\":\"https:\/\/www.schwarzwaldverein-st-georgen.de\/\",\"name\":\"Schwarzwaldverein St. Georgen e.V.\",\"description\":\"Wandern, Wege, Naturschutz, Familien, Wanderheim Lindenb\u00fcble\",\"potentialAction\":[{\"@type\":\"SearchAction\",\"target\":{\"@type\":\"EntryPoint\",\"urlTemplate\":\"https:\/\/www.schwarzwaldverein-st-georgen.de\/?s={search_term_string}\"},\"query-input\":{\"@type\":\"PropertyValueSpecification\",\"valueRequired\":true,\"valueName\":\"search_term_string\"}}],\"inLanguage\":\"de\"}]}<\/script>\n<!-- \/ Yoast SEO plugin. -->","yoast_head_json":{"title":"Wanderabschlu\u00df mit Jahresr\u00fcckblick - Schwarzwaldverein St. Georgen e.V.","robots":{"index":"index","follow":"follow","max-snippet":"max-snippet:-1","max-image-preview":"max-image-preview:large","max-video-preview":"max-video-preview:-1"},"canonical":"https:\/\/www.schwarzwaldverein-st-georgen.de\/index.php\/event\/wanderabschluss-mit-jahresrueckblick\/","og_locale":"de_DE","og_type":"article","og_title":"Wanderabschlu\u00df mit Jahresr\u00fcckblick - Schwarzwaldverein St. Georgen e.V.","og_description":"im Gasthaus Krone in St. Georgen Wanderf\u00fchrer: Peter Meixner Treffpunkt: 19:00 Uhr, Gasthaus Krone in St. Georgen Anmeldung: 07724 \/ 916635 07724 \/ 2802","og_url":"https:\/\/www.schwarzwaldverein-st-georgen.de\/index.php\/event\/wanderabschluss-mit-jahresrueckblick\/","og_site_name":"Schwarzwaldverein St. Georgen e.V.","article_modified_time":"2018-01-05T09:32:57+00:00","twitter_card":"summary_large_image","schema":{"@context":"https:\/\/schema.org","@graph":[{"@type":"WebPage","@id":"https:\/\/www.schwarzwaldverein-st-georgen.de\/index.php\/event\/wanderabschluss-mit-jahresrueckblick\/","url":"https:\/\/www.schwarzwaldverein-st-georgen.de\/index.php\/event\/wanderabschluss-mit-jahresrueckblick\/","name":"Wanderabschlu\u00df mit Jahresr\u00fcckblick - Schwarzwaldverein St. Georgen e.V.","isPartOf":{"@id":"https:\/\/www.schwarzwaldverein-st-georgen.de\/#website"},"datePublished":"2018-01-04T08:10:53+00:00","dateModified":"2018-01-05T09:32:57+00:00","breadcrumb":{"@id":"https:\/\/www.schwarzwaldverein-st-georgen.de\/index.php\/event\/wanderabschluss-mit-jahresrueckblick\/#breadcrumb"},"inLanguage":"de","potentialAction":[{"@type":"ReadAction","target":["https:\/\/www.schwarzwaldverein-st-georgen.de\/index.php\/event\/wanderabschluss-mit-jahresrueckblick\/"]}]},{"@type":"BreadcrumbList","@id":"https:\/\/www.schwarzwaldverein-st-georgen.de\/index.php\/event\/wanderabschluss-mit-jahresrueckblick\/#breadcrumb","itemListElement":[{"@type":"ListItem","position":1,"name":"Start","item":"https:\/\/www.schwarzwaldverein-st-georgen.de\/"},{"@type":"ListItem","position":2,"name":"Veranstaltungen","item":"https:\/\/www.schwarzwaldverein-st-georgen.de\/index.php\/events\/"},{"@type":"ListItem","position":3,"name":"Wanderabschlu\u00df mit Jahresr\u00fcckblick"}]},{"@type":"WebSite","@id":"https:\/\/www.schwarzwaldverein-st-georgen.de\/#website","url":"https:\/\/www.schwarzwaldverein-st-georgen.de\/","name":"Schwarzwaldverein St. Georgen e.V.","description":"Wandern, Wege, Naturschutz, Familien, Wanderheim Lindenb\u00fcble","potentialAction":[{"@type":"SearchAction","target":{"@type":"EntryPoint","urlTemplate":"https:\/\/www.schwarzwaldverein-st-georgen.de\/?s={search_term_string}"},"query-input":{"@type":"PropertyValueSpecification","valueRequired":true,"valueName":"search_term_string"}}],"inLanguage":"de"}]}},"ticketed":false,"_links":{"self":[{"href":"https:\/\/www.schwarzwaldverein-st-georgen.de\/index.php\/wp-json\/wp\/v2\/tribe_events\/517","targetHints":{"allow":["GET"]}}],"collection":[{"href":"https:\/\/www.schwarzwaldverein-st-georgen.de\/index.php\/wp-json\/wp\/v2\/tribe_events"}],"about":[{"href":"https:\/\/www.schwarzwaldverein-st-georgen.de\/index.php\/wp-json\/wp\/v2\/types\/tribe_events"}],"author":[{"embeddable":true,"href":"https:\/\/www.schwarzwaldverein-st-georgen.de\/index.php\/wp-json\/wp\/v2\/users\/1"}],"replies":[{"embeddable":true,"href":"https:\/\/www.schwarzwaldverein-st-georgen.de\/index.php\/wp-json\/wp\/v2\/comments?post=517"}],"version-history":[{"count":1,"href":"https:\/\/www.schwarzwaldverein-st-georgen.de\/index.php\/wp-json\/wp\/v2\/tribe_events\/517\/revisions"}],"predecessor-version":[{"id":565,"href":"https:\/\/www.schwarzwaldverein-st-georgen.de\/index.php\/wp-json\/wp\/v2\/tribe_events\/517\/revisions\/565"}],"wp:attachment":[{"href":"https:\/\/www.schwarzwaldverein-st-georgen.de\/index.php\/wp-json\/wp\/v2\/media?parent=517"}],"wp:term":[{"taxonomy":"post_tag","embeddable":true,"href":"https:\/\/www.schwarzwaldverein-st-georgen.de\/index.php\/wp-json\/wp\/v2\/tags?post=517"},{"taxonomy":"tribe_events_cat","embeddable":true,"href":"https:\/\/www.schwarzwaldverein-st-georgen.de\/index.php\/wp-json\/wp\/v2\/tribe_events_cat?post=517"}],"curies":[{"name":"wp","href":"https:\/\/api.w.org\/{rel}","templated":true}]}}

Wanderabschluß mit Jahresrückblick

<p>im Gasthaus Krone in St. Georgen</p>
<table>
<tbody>
<tr>
<td class="tdh_wp">Wanderführer:</td>
<td class="tdh_wp">Peter Meixner</td>
</tr>
<tr>
<td class="td_wp"></td>
<td class="td_wp"></td>
</tr>
<tr>
<td class="td_wp">Treffpunkt:</td>
<td class="td_wp">19:00 Uhr, Gasthaus Krone in St. Georgen</td>
</tr>
<tr>
<td class="td_wp">Anmeldung:</td>
<td class="td_wp">07724 / 916635<br />
07724 / 2802</td>
</tr>
</tbody>
</table>

<p>im Gasthaus Krone in St. Georgen Wanderführer: Peter Meixner Treffpunkt: 19:00 Uhr, Gasthaus Krone in St. Georgen Anmeldung: 07724 / 916635 07724 / 2802</p>

<!-- This site is optimized with the Yoast SEO plugin v26.8 - https://yoast.com/product/yoast-seo-wordpress/ -->
<title>Wanderabschluß mit Jahresrückblick - Schwarzwaldverein St. Georgen e.V.</title>
<meta name="robots" content="index, follow, max-snippet:-1, max-image-preview:large, max-video-preview:-1" />
<link rel="canonical" href="https://www.schwarzwaldverein-st-georgen.de/index.php/event/wanderabschluss-mit-jahresrueckblick/" />
<meta property="og:locale" content="de_DE" />
<meta property="og:type" content="article" />
<meta property="og:title" content="Wanderabschluß mit Jahresrückblick - Schwarzwaldverein St. Georgen e.V." />
<meta property="og:description" content="im Gasthaus Krone in St. Georgen Wanderführer: Peter Meixner Treffpunkt: 19:00 Uhr, Gasthaus Krone in St. Georgen Anmeldung: 07724 / 916635 07724 / 2802" />
<meta property="og:url" content="https://www.schwarzwaldverein-st-georgen.de/index.php/event/wanderabschluss-mit-jahresrueckblick/" />
<meta property="og:site_name" content="Schwarzwaldverein St. Georgen e.V." />
<meta property="article:modified_time" content="2018-01-05T09:32:57+00:00" />
<meta name="twitter:card" content="summary_large_image" />
<script type="application/ld+json" class="yoast-schema-graph">{"@context":"https://schema.org","@graph":[{"@type":"WebPage","@id":"https://www.schwarzwaldverein-st-georgen.de/index.php/event/wanderabschluss-mit-jahresrueckblick/","url":"https://www.schwarzwaldverein-st-georgen.de/index.php/event/wanderabschluss-mit-jahresrueckblick/","name":"Wanderabschluß mit Jahresrückblick - Schwarzwaldverein St. Georgen e.V.","isPartOf":{"@id":"https://www.schwarzwaldverein-st-georgen.de/#website"},"datePublished":"2018-01-04T08:10:53+00:00","dateModified":"2018-01-05T09:32:57+00:00","breadcrumb":{"@id":"https://www.schwarzwaldverein-st-georgen.de/index.php/event/wanderabschluss-mit-jahresrueckblick/#breadcrumb"},"inLanguage":"de","potentialAction":[{"@type":"ReadAction","target":["https://www.schwarzwaldverein-st-georgen.de/index.php/event/wanderabschluss-mit-jahresrueckblick/"]}]},{"@type":"BreadcrumbList","@id":"https://www.schwarzwaldverein-st-georgen.de/index.php/event/wanderabschluss-mit-jahresrueckblick/#breadcrumb","itemListElement":[{"@type":"ListItem","position":1,"name":"Start","item":"https://www.schwarzwaldverein-st-georgen.de/"},{"@type":"ListItem","position":2,"name":"Veranstaltungen","item":"https://www.schwarzwaldverein-st-georgen.de/index.php/events/"},{"@type":"ListItem","position":3,"name":"Wanderabschluß mit Jahresrückblick"}]},{"@type":"WebSite","@id":"https://www.schwarzwaldverein-st-georgen.de/#website","url":"https://www.schwarzwaldverein-st-georgen.de/","name":"Schwarzwaldverein St. Georgen e.V.","description":"Wandern, Wege, Naturschutz, Familien, Wanderheim Lindenbüble","potentialAction":[{"@type":"SearchAction","target":{"@type":"EntryPoint","urlTemplate":"https://www.schwarzwaldverein-st-georgen.de/?s={search_term_string}"},"query-input":{"@type":"PropertyValueSpecification","valueRequired":true,"valueName":"search_term_string"}}],"inLanguage":"de"}]}</script>
<!-- / Yoast SEO plugin. -->

Wanderabschluß mit Jahresrückblick - Schwarzwaldverein St. Georgen e.V.

im Gasthaus Krone in St. Georgen Wanderführer: Peter Meixner Treffpunkt: 19:00 Uhr, Gasthaus Krone in St. Georgen Anmeldung: 07724 / 916635 07724 / 2802

Wandern, Wege, Naturschutz, Familien, Wanderheim Lindenbüble
