{"id":506,"date":"2018-01-04T08:55:20","date_gmt":"2018-01-04T07:55:20","guid":{"rendered":"http:\/\/www.schwarzwaldverein-st-georgen.de\/index.php\/event\/gutachtal\/"},"modified":"2018-01-04T09:34:40","modified_gmt":"2018-01-04T08:34:40","slug":"gutachtal","status":"publish","type":"tribe_events","link":"https:\/\/www.schwarzwaldverein-st-georgen.de\/index.php\/event\/gutachtal\/","title":{"rendered":"Gutachtal"},"content":{"rendered":"<p>Wir starten in Hornberg und wandern an der Gutach entlang \u00fcber Markgrafenwiese und Am B\u00fchl nach Gutach. Dort ist die Einkehr geplant und dann geht es wieder zur\u00fcck nach Hornberg.<\/p>\n<table>\n<tbody>\n<tr>\n<td class=\"tdh_wp\">Wanderf\u00fchrer:<\/td>\n<td class=\"tdh_wp\">Gabi Erchinger<\/td>\n<\/tr>\n<tr>\n<td class=\"td_wp\">Gehzeit:<\/td>\n<td class=\"td_wp\">3 Std.<br \/>\n10 km, 100\/100 Hm<\/td>\n<\/tr>\n<tr>\n<td class=\"td_wp\">Kategorie 2<\/td>\n<td class=\"td_wp\"><img loading=\"lazy\" decoding=\"async\" class=\"alignnone\" src=\"http:\/\/www.schwarzwaldverein-st-georgen.de\/wp-content\/uploads\/gelbeRaute.png\" alt=\"\" width=\"30\" height=\"16\" \/><\/td>\n<\/tr>\n<tr>\n<td class=\"td_wp\">Treffpunkt:<\/td>\n<td class=\"td_wp\">11:40 Uhr, Bahnhof St. Georgen<\/td>\n<\/tr>\n<tr>\n<td class=\"td_wp\">Anmeldung:<\/td>\n<td class=\"td_wp\">07724\/6429<\/td>\n<\/tr>\n<\/tbody>\n<\/table>\n<p><small><small>Bildquellen:www.wandersuechtig.de<\/small><\/small><\/p>\n","protected":false},"excerpt":{"rendered":"<p>Wir starten in Hornberg und wandern an der Gutach entlang \u00fcber Markgrafenwiese und Am B\u00fchl nach Gutach. Dort ist die Einkehr geplant und dann geht es wieder zur\u00fcck nach Hornberg. Wanderf\u00fchrer: Gabi Erchinger Gehzeit: 3 Std. 10 km, 100\/100 Hm Kategorie 2 Treffpunkt: 11:40 Uhr, Bahnhof St. Georgen Anmeldung: 07724\/6429 Bildquellen:www.wandersuechtig.de<\/p>\n","protected":false},"author":1,"featured_media":536,"comment_status":"closed","ping_status":"closed","template":"","meta":{"_price":"","_stock":"","_tribe_ticket_header":"","_tribe_default_ticket_provider":"","_ticket_start_date":"","_ticket_end_date":"","_tribe_ticket_show_description":"","_tribe_ticket_show_not_going":false,"_tribe_ticket_use_global_stock":"","_tribe_ticket_global_stock_level":"","_global_stock_mode":"","_global_stock_cap":"","_tribe_rsvp_for_event":"","_tribe_ticket_going_count":"","_tribe_ticket_not_going_count":"","_tribe_tickets_list":"[]","_tribe_ticket_has_attendee_info_fields":false,"_tribe_events_status":"","_tribe_events_status_reason":"","footnotes":"","_tec_slr_enabled":"","_tec_slr_layout":""},"tags":[],"tribe_events_cat":[2,7],"class_list":["post-506","tribe_events","type-tribe_events","status-publish","has-post-thumbnail","hentry","tribe_events_cat-jahresprogramm","tribe_events_cat-wanderung","cat_jahresprogramm","cat_wanderung","nodate","item-wrap"],"yoast_head":"<!-- This site is optimized with the Yoast SEO plugin v26.8 - https:\/\/yoast.com\/product\/yoast-seo-wordpress\/ -->\n<title>Gutachtal - Schwarzwaldverein St. Georgen e.V.<\/title>\n<meta name=\"robots\" content=\"index, follow, max-snippet:-1, max-image-preview:large, max-video-preview:-1\" \/>\n<link rel=\"canonical\" href=\"https:\/\/www.schwarzwaldverein-st-georgen.de\/index.php\/event\/gutachtal\/\" \/>\n<meta property=\"og:locale\" content=\"de_DE\" \/>\n<meta property=\"og:type\" content=\"article\" \/>\n<meta property=\"og:title\" content=\"Gutachtal - Schwarzwaldverein St. Georgen e.V.\" \/>\n<meta property=\"og:description\" content=\"Wir starten in Hornberg und wandern an der Gutach entlang \u00fcber Markgrafenwiese und Am B\u00fchl nach Gutach. Dort ist die Einkehr geplant und dann geht es wieder zur\u00fcck nach Hornberg. Wanderf\u00fchrer: Gabi Erchinger Gehzeit: 3 Std. 10 km, 100\/100 Hm Kategorie 2 Treffpunkt: 11:40 Uhr, Bahnhof St. Georgen Anmeldung: 07724\/6429 Bildquellen:www.wandersuechtig.de\" \/>\n<meta property=\"og:url\" content=\"https:\/\/www.schwarzwaldverein-st-georgen.de\/index.php\/event\/gutachtal\/\" \/>\n<meta property=\"og:site_name\" content=\"Schwarzwaldverein St. Georgen e.V.\" \/>\n<meta property=\"article:modified_time\" content=\"2018-01-04T08:34:40+00:00\" \/>\n<meta property=\"og:image\" content=\"https:\/\/www.schwarzwaldverein-st-georgen.de\/wp-content\/uploads\/Gutachtal.jpg\" \/>\n\t<meta property=\"og:image:width\" content=\"800\" \/>\n\t<meta property=\"og:image:height\" content=\"600\" \/>\n\t<meta property=\"og:image:type\" content=\"image\/jpeg\" \/>\n<meta name=\"twitter:card\" content=\"summary_large_image\" \/>\n<script type=\"application\/ld+json\" class=\"yoast-schema-graph\">{\"@context\":\"https:\/\/schema.org\",\"@graph\":[{\"@type\":\"WebPage\",\"@id\":\"https:\/\/www.schwarzwaldverein-st-georgen.de\/index.php\/event\/gutachtal\/\",\"url\":\"https:\/\/www.schwarzwaldverein-st-georgen.de\/index.php\/event\/gutachtal\/\",\"name\":\"Gutachtal - Schwarzwaldverein St. Georgen e.V.\",\"isPartOf\":{\"@id\":\"https:\/\/www.schwarzwaldverein-st-georgen.de\/#website\"},\"primaryImageOfPage\":{\"@id\":\"https:\/\/www.schwarzwaldverein-st-georgen.de\/index.php\/event\/gutachtal\/#primaryimage\"},\"image\":{\"@id\":\"https:\/\/www.schwarzwaldverein-st-georgen.de\/index.php\/event\/gutachtal\/#primaryimage\"},\"thumbnailUrl\":\"https:\/\/www.schwarzwaldverein-st-georgen.de\/wp-content\/uploads\/Gutachtal.jpg\",\"datePublished\":\"2018-01-04T07:55:20+00:00\",\"dateModified\":\"2018-01-04T08:34:40+00:00\",\"breadcrumb\":{\"@id\":\"https:\/\/www.schwarzwaldverein-st-georgen.de\/index.php\/event\/gutachtal\/#breadcrumb\"},\"inLanguage\":\"de\",\"potentialAction\":[{\"@type\":\"ReadAction\",\"target\":[\"https:\/\/www.schwarzwaldverein-st-georgen.de\/index.php\/event\/gutachtal\/\"]}]},{\"@type\":\"ImageObject\",\"inLanguage\":\"de\",\"@id\":\"https:\/\/www.schwarzwaldverein-st-georgen.de\/index.php\/event\/gutachtal\/#primaryimage\",\"url\":\"https:\/\/www.schwarzwaldverein-st-georgen.de\/wp-content\/uploads\/Gutachtal.jpg\",\"contentUrl\":\"https:\/\/www.schwarzwaldverein-st-georgen.de\/wp-content\/uploads\/Gutachtal.jpg\",\"width\":800,\"height\":600},{\"@type\":\"BreadcrumbList\",\"@id\":\"https:\/\/www.schwarzwaldverein-st-georgen.de\/index.php\/event\/gutachtal\/#breadcrumb\",\"itemListElement\":[{\"@type\":\"ListItem\",\"position\":1,\"name\":\"Start\",\"item\":\"https:\/\/www.schwarzwaldverein-st-georgen.de\/\"},{\"@type\":\"ListItem\",\"position\":2,\"name\":\"Veranstaltungen\",\"item\":\"https:\/\/www.schwarzwaldverein-st-georgen.de\/index.php\/events\/\"},{\"@type\":\"ListItem\",\"position\":3,\"name\":\"Gutachtal\"}]},{\"@type\":\"WebSite\",\"@id\":\"https:\/\/www.schwarzwaldverein-st-georgen.de\/#website\",\"url\":\"https:\/\/www.schwarzwaldverein-st-georgen.de\/\",\"name\":\"Schwarzwaldverein St. Georgen e.V.\",\"description\":\"Wandern, Wege, Naturschutz, Familien, Wanderheim Lindenb\u00fcble\",\"potentialAction\":[{\"@type\":\"SearchAction\",\"target\":{\"@type\":\"EntryPoint\",\"urlTemplate\":\"https:\/\/www.schwarzwaldverein-st-georgen.de\/?s={search_term_string}\"},\"query-input\":{\"@type\":\"PropertyValueSpecification\",\"valueRequired\":true,\"valueName\":\"search_term_string\"}}],\"inLanguage\":\"de\"}]}<\/script>\n<!-- \/ Yoast SEO plugin. -->","yoast_head_json":{"title":"Gutachtal - Schwarzwaldverein St. Georgen e.V.","robots":{"index":"index","follow":"follow","max-snippet":"max-snippet:-1","max-image-preview":"max-image-preview:large","max-video-preview":"max-video-preview:-1"},"canonical":"https:\/\/www.schwarzwaldverein-st-georgen.de\/index.php\/event\/gutachtal\/","og_locale":"de_DE","og_type":"article","og_title":"Gutachtal - Schwarzwaldverein St. Georgen e.V.","og_description":"Wir starten in Hornberg und wandern an der Gutach entlang \u00fcber Markgrafenwiese und Am B\u00fchl nach Gutach. Dort ist die Einkehr geplant und dann geht es wieder zur\u00fcck nach Hornberg. Wanderf\u00fchrer: Gabi Erchinger Gehzeit: 3 Std. 10 km, 100\/100 Hm Kategorie 2 Treffpunkt: 11:40 Uhr, Bahnhof St. Georgen Anmeldung: 07724\/6429 Bildquellen:www.wandersuechtig.de","og_url":"https:\/\/www.schwarzwaldverein-st-georgen.de\/index.php\/event\/gutachtal\/","og_site_name":"Schwarzwaldverein St. Georgen e.V.","article_modified_time":"2018-01-04T08:34:40+00:00","og_image":[{"width":800,"height":600,"url":"https:\/\/www.schwarzwaldverein-st-georgen.de\/wp-content\/uploads\/Gutachtal.jpg","type":"image\/jpeg"}],"twitter_card":"summary_large_image","schema":{"@context":"https:\/\/schema.org","@graph":[{"@type":"WebPage","@id":"https:\/\/www.schwarzwaldverein-st-georgen.de\/index.php\/event\/gutachtal\/","url":"https:\/\/www.schwarzwaldverein-st-georgen.de\/index.php\/event\/gutachtal\/","name":"Gutachtal - Schwarzwaldverein St. Georgen e.V.","isPartOf":{"@id":"https:\/\/www.schwarzwaldverein-st-georgen.de\/#website"},"primaryImageOfPage":{"@id":"https:\/\/www.schwarzwaldverein-st-georgen.de\/index.php\/event\/gutachtal\/#primaryimage"},"image":{"@id":"https:\/\/www.schwarzwaldverein-st-georgen.de\/index.php\/event\/gutachtal\/#primaryimage"},"thumbnailUrl":"https:\/\/www.schwarzwaldverein-st-georgen.de\/wp-content\/uploads\/Gutachtal.jpg","datePublished":"2018-01-04T07:55:20+00:00","dateModified":"2018-01-04T08:34:40+00:00","breadcrumb":{"@id":"https:\/\/www.schwarzwaldverein-st-georgen.de\/index.php\/event\/gutachtal\/#breadcrumb"},"inLanguage":"de","potentialAction":[{"@type":"ReadAction","target":["https:\/\/www.schwarzwaldverein-st-georgen.de\/index.php\/event\/gutachtal\/"]}]},{"@type":"ImageObject","inLanguage":"de","@id":"https:\/\/www.schwarzwaldverein-st-georgen.de\/index.php\/event\/gutachtal\/#primaryimage","url":"https:\/\/www.schwarzwaldverein-st-georgen.de\/wp-content\/uploads\/Gutachtal.jpg","contentUrl":"https:\/\/www.schwarzwaldverein-st-georgen.de\/wp-content\/uploads\/Gutachtal.jpg","width":800,"height":600},{"@type":"BreadcrumbList","@id":"https:\/\/www.schwarzwaldverein-st-georgen.de\/index.php\/event\/gutachtal\/#breadcrumb","itemListElement":[{"@type":"ListItem","position":1,"name":"Start","item":"https:\/\/www.schwarzwaldverein-st-georgen.de\/"},{"@type":"ListItem","position":2,"name":"Veranstaltungen","item":"https:\/\/www.schwarzwaldverein-st-georgen.de\/index.php\/events\/"},{"@type":"ListItem","position":3,"name":"Gutachtal"}]},{"@type":"WebSite","@id":"https:\/\/www.schwarzwaldverein-st-georgen.de\/#website","url":"https:\/\/www.schwarzwaldverein-st-georgen.de\/","name":"Schwarzwaldverein St. Georgen e.V.","description":"Wandern, Wege, Naturschutz, Familien, Wanderheim Lindenb\u00fcble","potentialAction":[{"@type":"SearchAction","target":{"@type":"EntryPoint","urlTemplate":"https:\/\/www.schwarzwaldverein-st-georgen.de\/?s={search_term_string}"},"query-input":{"@type":"PropertyValueSpecification","valueRequired":true,"valueName":"search_term_string"}}],"inLanguage":"de"}]}},"ticketed":false,"_links":{"self":[{"href":"https:\/\/www.schwarzwaldverein-st-georgen.de\/index.php\/wp-json\/wp\/v2\/tribe_events\/506","targetHints":{"allow":["GET"]}}],"collection":[{"href":"https:\/\/www.schwarzwaldverein-st-georgen.de\/index.php\/wp-json\/wp\/v2\/tribe_events"}],"about":[{"href":"https:\/\/www.schwarzwaldverein-st-georgen.de\/index.php\/wp-json\/wp\/v2\/types\/tribe_events"}],"author":[{"embeddable":true,"href":"https:\/\/www.schwarzwaldverein-st-georgen.de\/index.php\/wp-json\/wp\/v2\/users\/1"}],"replies":[{"embeddable":true,"href":"https:\/\/www.schwarzwaldverein-st-georgen.de\/index.php\/wp-json\/wp\/v2\/comments?post=506"}],"version-history":[{"count":1,"href":"https:\/\/www.schwarzwaldverein-st-georgen.de\/index.php\/wp-json\/wp\/v2\/tribe_events\/506\/revisions"}],"predecessor-version":[{"id":537,"href":"https:\/\/www.schwarzwaldverein-st-georgen.de\/index.php\/wp-json\/wp\/v2\/tribe_events\/506\/revisions\/537"}],"wp:featuredmedia":[{"embeddable":true,"href":"https:\/\/www.schwarzwaldverein-st-georgen.de\/index.php\/wp-json\/wp\/v2\/media\/536"}],"wp:attachment":[{"href":"https:\/\/www.schwarzwaldverein-st-georgen.de\/index.php\/wp-json\/wp\/v2\/media?parent=506"}],"wp:term":[{"taxonomy":"post_tag","embeddable":true,"href":"https:\/\/www.schwarzwaldverein-st-georgen.de\/index.php\/wp-json\/wp\/v2\/tags?post=506"},{"taxonomy":"tribe_events_cat","embeddable":true,"href":"https:\/\/www.schwarzwaldverein-st-georgen.de\/index.php\/wp-json\/wp\/v2\/tribe_events_cat?post=506"}],"curies":[{"name":"wp","href":"https:\/\/api.w.org\/{rel}","templated":true}]}}

<p>Wir starten in Hornberg und wandern an der Gutach entlang über Markgrafenwiese und Am Bühl nach Gutach. Dort ist die Einkehr geplant und dann geht es wieder zurück nach Hornberg.</p>
<table>
<tbody>
<tr>
<td class="tdh_wp">Wanderführer:</td>
<td class="tdh_wp">Gabi Erchinger</td>
</tr>
<tr>
<td class="td_wp">Gehzeit:</td>
<td class="td_wp">3 Std.<br />
10 km, 100/100 Hm</td>
</tr>
<tr>
<td class="td_wp">Kategorie 2</td>
<td class="td_wp"><img loading="lazy" decoding="async" class="alignnone" src="http://www.schwarzwaldverein-st-georgen.de/wp-content/uploads/gelbeRaute.png" alt="" width="30" height="16" /></td>
</tr>
<tr>
<td class="td_wp">Treffpunkt:</td>
<td class="td_wp">11:40 Uhr, Bahnhof St. Georgen</td>
</tr>
<tr>
<td class="td_wp">Anmeldung:</td>
<td class="td_wp">07724/6429</td>
</tr>
</tbody>
</table>
<p><small><small>Bildquellen:www.wandersuechtig.de</small></small></p>

<p>Wir starten in Hornberg und wandern an der Gutach entlang über Markgrafenwiese und Am Bühl nach Gutach. Dort ist die Einkehr geplant und dann geht es wieder zurück nach Hornberg. Wanderführer: Gabi Erchinger Gehzeit: 3 Std. 10 km, 100/100 Hm Kategorie 2 Treffpunkt: 11:40 Uhr, Bahnhof St. Georgen Anmeldung: 07724/6429 Bildquellen:www.wandersuechtig.de</p>

<!-- This site is optimized with the Yoast SEO plugin v26.8 - https://yoast.com/product/yoast-seo-wordpress/ -->
<title>Gutachtal - Schwarzwaldverein St. Georgen e.V.</title>
<meta name="robots" content="index, follow, max-snippet:-1, max-image-preview:large, max-video-preview:-1" />
<link rel="canonical" href="https://www.schwarzwaldverein-st-georgen.de/index.php/event/gutachtal/" />
<meta property="og:locale" content="de_DE" />
<meta property="og:type" content="article" />
<meta property="og:title" content="Gutachtal - Schwarzwaldverein St. Georgen e.V." />
<meta property="og:description" content="Wir starten in Hornberg und wandern an der Gutach entlang über Markgrafenwiese und Am Bühl nach Gutach. Dort ist die Einkehr geplant und dann geht es wieder zurück nach Hornberg. Wanderführer: Gabi Erchinger Gehzeit: 3 Std. 10 km, 100/100 Hm Kategorie 2 Treffpunkt: 11:40 Uhr, Bahnhof St. Georgen Anmeldung: 07724/6429 Bildquellen:www.wandersuechtig.de" />
<meta property="og:url" content="https://www.schwarzwaldverein-st-georgen.de/index.php/event/gutachtal/" />
<meta property="og:site_name" content="Schwarzwaldverein St. Georgen e.V." />
<meta property="article:modified_time" content="2018-01-04T08:34:40+00:00" />
<meta property="og:image" content="https://www.schwarzwaldverein-st-georgen.de/wp-content/uploads/Gutachtal.jpg" />
	<meta property="og:image:width" content="800" />
	<meta property="og:image:height" content="600" />
	<meta property="og:image:type" content="image/jpeg" />
<meta name="twitter:card" content="summary_large_image" />
<script type="application/ld+json" class="yoast-schema-graph">{"@context":"https://schema.org","@graph":[{"@type":"WebPage","@id":"https://www.schwarzwaldverein-st-georgen.de/index.php/event/gutachtal/","url":"https://www.schwarzwaldverein-st-georgen.de/index.php/event/gutachtal/","name":"Gutachtal - Schwarzwaldverein St. Georgen e.V.","isPartOf":{"@id":"https://www.schwarzwaldverein-st-georgen.de/#website"},"primaryImageOfPage":{"@id":"https://www.schwarzwaldverein-st-georgen.de/index.php/event/gutachtal/#primaryimage"},"image":{"@id":"https://www.schwarzwaldverein-st-georgen.de/index.php/event/gutachtal/#primaryimage"},"thumbnailUrl":"https://www.schwarzwaldverein-st-georgen.de/wp-content/uploads/Gutachtal.jpg","datePublished":"2018-01-04T07:55:20+00:00","dateModified":"2018-01-04T08:34:40+00:00","breadcrumb":{"@id":"https://www.schwarzwaldverein-st-georgen.de/index.php/event/gutachtal/#breadcrumb"},"inLanguage":"de","potentialAction":[{"@type":"ReadAction","target":["https://www.schwarzwaldverein-st-georgen.de/index.php/event/gutachtal/"]}]},{"@type":"ImageObject","inLanguage":"de","@id":"https://www.schwarzwaldverein-st-georgen.de/index.php/event/gutachtal/#primaryimage","url":"https://www.schwarzwaldverein-st-georgen.de/wp-content/uploads/Gutachtal.jpg","contentUrl":"https://www.schwarzwaldverein-st-georgen.de/wp-content/uploads/Gutachtal.jpg","width":800,"height":600},{"@type":"BreadcrumbList","@id":"https://www.schwarzwaldverein-st-georgen.de/index.php/event/gutachtal/#breadcrumb","itemListElement":[{"@type":"ListItem","position":1,"name":"Start","item":"https://www.schwarzwaldverein-st-georgen.de/"},{"@type":"ListItem","position":2,"name":"Veranstaltungen","item":"https://www.schwarzwaldverein-st-georgen.de/index.php/events/"},{"@type":"ListItem","position":3,"name":"Gutachtal"}]},{"@type":"WebSite","@id":"https://www.schwarzwaldverein-st-georgen.de/#website","url":"https://www.schwarzwaldverein-st-georgen.de/","name":"Schwarzwaldverein St. Georgen e.V.","description":"Wandern, Wege, Naturschutz, Familien, Wanderheim Lindenbüble","potentialAction":[{"@type":"SearchAction","target":{"@type":"EntryPoint","urlTemplate":"https://www.schwarzwaldverein-st-georgen.de/?s={search_term_string}"},"query-input":{"@type":"PropertyValueSpecification","valueRequired":true,"valueName":"search_term_string"}}],"inLanguage":"de"}]}</script>
<!-- / Yoast SEO plugin. -->

Wir starten in Hornberg und wandern an der Gutach entlang über Markgrafenwiese und Am Bühl nach Gutach. Dort ist die Einkehr geplant und dann geht es wieder zurück nach Hornberg. Wanderführer: Gabi Erchinger Gehzeit: 3 Std. 10 km, 100/100 Hm Kategorie 2 Treffpunkt: 11:40 Uhr, Bahnhof St. Georgen Anmeldung: 07724/6429 Bildquellen:www.wandersuechtig.de

Wandern, Wege, Naturschutz, Familien, Wanderheim Lindenbüble
