{"id":487,"date":"2018-01-04T08:55:11","date_gmt":"2018-01-04T07:55:11","guid":{"rendered":"http:\/\/www.schwarzwaldverein-st-georgen.de\/index.php\/event\/gemuetliche-feldberg-tour\/"},"modified":"2018-01-04T09:21:49","modified_gmt":"2018-01-04T08:21:49","slug":"gemuetliche-feldberg-tour","status":"publish","type":"tribe_events","link":"https:\/\/www.schwarzwaldverein-st-georgen.de\/index.php\/event\/gemuetliche-feldberg-tour\/","title":{"rendered":"Gem\u00fctliche Feldberg-Tour"},"content":{"rendered":"<p>Eine Wanderung auf den Feld- berg mit der Betonung auf Gem\u00fctlichkeit f\u00fchrt uns \u00fcber m\u00e4\u00dfige Steigungen einen Waldweg hinauf zum Emil-Thoma-Weg, auf den wir an der Abzweigung des Felsensteigs treffen. Durch ein mooriges Tal erreichen wir das Gr\u00fcble und schlie\u00dflich den Feldberggipfel. Beim Abstieg lockt die St. Wilhelmer H\u00fctte zur Einkehr. An der Zastler H\u00fctte vorbei kehren wir zur\u00fcck zum Rinken, nicht ohne die &#8222;Dromedarfichte&#8220; als Laune der Natur zu bel\u00e4cheln.<\/p>\n<table>\n<tbody>\n<tr>\n<td class=\"tdh_wp\">Wanderf\u00fchrer:<\/td>\n<td class=\"tdh_wp\">Peter Meixner<\/td>\n<\/tr>\n<tr>\n<td class=\"td_wp\">Gehzeit:<\/td>\n<td class=\"td_wp\">4 Std.<br \/>\n10 km, 400\/400<\/td>\n<\/tr>\n<tr>\n<td class=\"td_wp\">Kategorie 3<\/td>\n<td class=\"td_wp\"><img loading=\"lazy\" decoding=\"async\" class=\"alignnone\" src=\"http:\/\/www.schwarzwaldverein-st-georgen.de\/wp-content\/uploads\/blaueRaute.png\" alt=\"\" width=\"30\" height=\"16\" \/><\/td>\n<\/tr>\n<tr>\n<td class=\"td_wp\">Treffpunkt:<\/td>\n<td class=\"td_wp\">08:30 Uhr, St. Georgen, Parkplatz am Klosterweiher<\/td>\n<\/tr>\n<tr>\n<td class=\"td_wp\">Anmeldung:<\/td>\n<td class=\"td_wp\">07724\/916635<\/td>\n<\/tr>\n<\/tbody>\n<\/table>\n<p><small><small>Bildquellen:wikipedia<\/small><\/small><\/p>\n","protected":false},"excerpt":{"rendered":"<p>Eine Wanderung auf den Feld- berg mit der Betonung auf Gem\u00fctlichkeit f\u00fchrt uns \u00fcber m\u00e4\u00dfige Steigungen einen Waldweg hinauf zum Emil-Thoma-Weg, auf den wir an der Abzweigung des Felsensteigs treffen. Durch ein mooriges Tal erreichen wir das Gr\u00fcble und schlie\u00dflich den Feldberggipfel. Beim Abstieg lockt die St. Wilhelmer H\u00fctte zur Einkehr. An der Zastler H\u00fctte &hellip; <\/p>\n<p><a class=\"more-link btn\" href=\"https:\/\/www.schwarzwaldverein-st-georgen.de\/index.php\/event\/gemuetliche-feldberg-tour\/\">Weiterlesen<\/a><\/p>\n","protected":false},"author":1,"featured_media":388,"comment_status":"closed","ping_status":"closed","template":"","meta":{"_price":"","_stock":"","_tribe_ticket_header":"","_tribe_default_ticket_provider":"","_ticket_start_date":"","_ticket_end_date":"","_tribe_ticket_show_description":"","_tribe_ticket_show_not_going":false,"_tribe_ticket_use_global_stock":"","_tribe_ticket_global_stock_level":"","_global_stock_mode":"","_global_stock_cap":"","_tribe_rsvp_for_event":"","_tribe_ticket_going_count":"","_tribe_ticket_not_going_count":"","_tribe_tickets_list":"[]","_tribe_ticket_has_attendee_info_fields":false,"_tribe_events_status":"","_tribe_events_status_reason":"","footnotes":"","_tec_slr_enabled":"","_tec_slr_layout":""},"tags":[],"tribe_events_cat":[2,7],"class_list":["post-487","tribe_events","type-tribe_events","status-publish","has-post-thumbnail","hentry","tribe_events_cat-jahresprogramm","tribe_events_cat-wanderung","cat_jahresprogramm","cat_wanderung","nodate","item-wrap"],"yoast_head":"<!-- This site is optimized with the Yoast SEO plugin v26.8 - https:\/\/yoast.com\/product\/yoast-seo-wordpress\/ -->\n<title>Gem\u00fctliche Feldberg-Tour - Schwarzwaldverein St. Georgen e.V.<\/title>\n<meta name=\"robots\" content=\"index, follow, max-snippet:-1, max-image-preview:large, max-video-preview:-1\" \/>\n<link rel=\"canonical\" href=\"https:\/\/www.schwarzwaldverein-st-georgen.de\/index.php\/event\/gemuetliche-feldberg-tour\/\" \/>\n<meta property=\"og:locale\" content=\"de_DE\" \/>\n<meta property=\"og:type\" content=\"article\" \/>\n<meta property=\"og:title\" content=\"Gem\u00fctliche Feldberg-Tour - Schwarzwaldverein St. Georgen e.V.\" \/>\n<meta property=\"og:description\" content=\"Eine Wanderung auf den Feld- berg mit der Betonung auf Gem\u00fctlichkeit f\u00fchrt uns \u00fcber m\u00e4\u00dfige Steigungen einen Waldweg hinauf zum Emil-Thoma-Weg, auf den wir an der Abzweigung des Felsensteigs treffen. Durch ein mooriges Tal erreichen wir das Gr\u00fcble und schlie\u00dflich den Feldberggipfel. Beim Abstieg lockt die St. Wilhelmer H\u00fctte zur Einkehr. An der Zastler H\u00fctte &hellip; Weiterlesen\" \/>\n<meta property=\"og:url\" content=\"https:\/\/www.schwarzwaldverein-st-georgen.de\/index.php\/event\/gemuetliche-feldberg-tour\/\" \/>\n<meta property=\"og:site_name\" content=\"Schwarzwaldverein St. Georgen e.V.\" \/>\n<meta property=\"article:modified_time\" content=\"2018-01-04T08:21:49+00:00\" \/>\n<meta property=\"og:image\" content=\"https:\/\/www.schwarzwaldverein-st-georgen.de\/wp-content\/uploads\/Wilhelmer_H\u00fctte.jpg\" \/>\n\t<meta property=\"og:image:width\" content=\"1280\" \/>\n\t<meta property=\"og:image:height\" content=\"960\" \/>\n\t<meta property=\"og:image:type\" content=\"image\/jpeg\" \/>\n<meta name=\"twitter:card\" content=\"summary_large_image\" \/>\n<script type=\"application\/ld+json\" class=\"yoast-schema-graph\">{\"@context\":\"https:\/\/schema.org\",\"@graph\":[{\"@type\":\"WebPage\",\"@id\":\"https:\/\/www.schwarzwaldverein-st-georgen.de\/index.php\/event\/gemuetliche-feldberg-tour\/\",\"url\":\"https:\/\/www.schwarzwaldverein-st-georgen.de\/index.php\/event\/gemuetliche-feldberg-tour\/\",\"name\":\"Gem\u00fctliche Feldberg-Tour - Schwarzwaldverein St. Georgen e.V.\",\"isPartOf\":{\"@id\":\"https:\/\/www.schwarzwaldverein-st-georgen.de\/#website\"},\"primaryImageOfPage\":{\"@id\":\"https:\/\/www.schwarzwaldverein-st-georgen.de\/index.php\/event\/gemuetliche-feldberg-tour\/#primaryimage\"},\"image\":{\"@id\":\"https:\/\/www.schwarzwaldverein-st-georgen.de\/index.php\/event\/gemuetliche-feldberg-tour\/#primaryimage\"},\"thumbnailUrl\":\"https:\/\/www.schwarzwaldverein-st-georgen.de\/wp-content\/uploads\/Wilhelmer_H\u00fctte.jpg\",\"datePublished\":\"2018-01-04T07:55:11+00:00\",\"dateModified\":\"2018-01-04T08:21:49+00:00\",\"breadcrumb\":{\"@id\":\"https:\/\/www.schwarzwaldverein-st-georgen.de\/index.php\/event\/gemuetliche-feldberg-tour\/#breadcrumb\"},\"inLanguage\":\"de\",\"potentialAction\":[{\"@type\":\"ReadAction\",\"target\":[\"https:\/\/www.schwarzwaldverein-st-georgen.de\/index.php\/event\/gemuetliche-feldberg-tour\/\"]}]},{\"@type\":\"ImageObject\",\"inLanguage\":\"de\",\"@id\":\"https:\/\/www.schwarzwaldverein-st-georgen.de\/index.php\/event\/gemuetliche-feldberg-tour\/#primaryimage\",\"url\":\"https:\/\/www.schwarzwaldverein-st-georgen.de\/wp-content\/uploads\/Wilhelmer_H\u00fctte.jpg\",\"contentUrl\":\"https:\/\/www.schwarzwaldverein-st-georgen.de\/wp-content\/uploads\/Wilhelmer_H\u00fctte.jpg\",\"width\":1280,\"height\":960},{\"@type\":\"BreadcrumbList\",\"@id\":\"https:\/\/www.schwarzwaldverein-st-georgen.de\/index.php\/event\/gemuetliche-feldberg-tour\/#breadcrumb\",\"itemListElement\":[{\"@type\":\"ListItem\",\"position\":1,\"name\":\"Start\",\"item\":\"https:\/\/www.schwarzwaldverein-st-georgen.de\/\"},{\"@type\":\"ListItem\",\"position\":2,\"name\":\"Veranstaltungen\",\"item\":\"https:\/\/www.schwarzwaldverein-st-georgen.de\/index.php\/events\/\"},{\"@type\":\"ListItem\",\"position\":3,\"name\":\"Gem\u00fctliche Feldberg-Tour\"}]},{\"@type\":\"WebSite\",\"@id\":\"https:\/\/www.schwarzwaldverein-st-georgen.de\/#website\",\"url\":\"https:\/\/www.schwarzwaldverein-st-georgen.de\/\",\"name\":\"Schwarzwaldverein St. Georgen e.V.\",\"description\":\"Wandern, Wege, Naturschutz, Familien, Wanderheim Lindenb\u00fcble\",\"potentialAction\":[{\"@type\":\"SearchAction\",\"target\":{\"@type\":\"EntryPoint\",\"urlTemplate\":\"https:\/\/www.schwarzwaldverein-st-georgen.de\/?s={search_term_string}\"},\"query-input\":{\"@type\":\"PropertyValueSpecification\",\"valueRequired\":true,\"valueName\":\"search_term_string\"}}],\"inLanguage\":\"de\"}]}<\/script>\n<!-- \/ Yoast SEO plugin. -->","yoast_head_json":{"title":"Gem\u00fctliche Feldberg-Tour - Schwarzwaldverein St. Georgen e.V.","robots":{"index":"index","follow":"follow","max-snippet":"max-snippet:-1","max-image-preview":"max-image-preview:large","max-video-preview":"max-video-preview:-1"},"canonical":"https:\/\/www.schwarzwaldverein-st-georgen.de\/index.php\/event\/gemuetliche-feldberg-tour\/","og_locale":"de_DE","og_type":"article","og_title":"Gem\u00fctliche Feldberg-Tour - Schwarzwaldverein St. Georgen e.V.","og_description":"Eine Wanderung auf den Feld- berg mit der Betonung auf Gem\u00fctlichkeit f\u00fchrt uns \u00fcber m\u00e4\u00dfige Steigungen einen Waldweg hinauf zum Emil-Thoma-Weg, auf den wir an der Abzweigung des Felsensteigs treffen. Durch ein mooriges Tal erreichen wir das Gr\u00fcble und schlie\u00dflich den Feldberggipfel. Beim Abstieg lockt die St. Wilhelmer H\u00fctte zur Einkehr. An der Zastler H\u00fctte &hellip; Weiterlesen","og_url":"https:\/\/www.schwarzwaldverein-st-georgen.de\/index.php\/event\/gemuetliche-feldberg-tour\/","og_site_name":"Schwarzwaldverein St. Georgen e.V.","article_modified_time":"2018-01-04T08:21:49+00:00","og_image":[{"width":1280,"height":960,"url":"https:\/\/www.schwarzwaldverein-st-georgen.de\/wp-content\/uploads\/Wilhelmer_H\u00fctte.jpg","type":"image\/jpeg"}],"twitter_card":"summary_large_image","schema":{"@context":"https:\/\/schema.org","@graph":[{"@type":"WebPage","@id":"https:\/\/www.schwarzwaldverein-st-georgen.de\/index.php\/event\/gemuetliche-feldberg-tour\/","url":"https:\/\/www.schwarzwaldverein-st-georgen.de\/index.php\/event\/gemuetliche-feldberg-tour\/","name":"Gem\u00fctliche Feldberg-Tour - Schwarzwaldverein St. Georgen e.V.","isPartOf":{"@id":"https:\/\/www.schwarzwaldverein-st-georgen.de\/#website"},"primaryImageOfPage":{"@id":"https:\/\/www.schwarzwaldverein-st-georgen.de\/index.php\/event\/gemuetliche-feldberg-tour\/#primaryimage"},"image":{"@id":"https:\/\/www.schwarzwaldverein-st-georgen.de\/index.php\/event\/gemuetliche-feldberg-tour\/#primaryimage"},"thumbnailUrl":"https:\/\/www.schwarzwaldverein-st-georgen.de\/wp-content\/uploads\/Wilhelmer_H\u00fctte.jpg","datePublished":"2018-01-04T07:55:11+00:00","dateModified":"2018-01-04T08:21:49+00:00","breadcrumb":{"@id":"https:\/\/www.schwarzwaldverein-st-georgen.de\/index.php\/event\/gemuetliche-feldberg-tour\/#breadcrumb"},"inLanguage":"de","potentialAction":[{"@type":"ReadAction","target":["https:\/\/www.schwarzwaldverein-st-georgen.de\/index.php\/event\/gemuetliche-feldberg-tour\/"]}]},{"@type":"ImageObject","inLanguage":"de","@id":"https:\/\/www.schwarzwaldverein-st-georgen.de\/index.php\/event\/gemuetliche-feldberg-tour\/#primaryimage","url":"https:\/\/www.schwarzwaldverein-st-georgen.de\/wp-content\/uploads\/Wilhelmer_H\u00fctte.jpg","contentUrl":"https:\/\/www.schwarzwaldverein-st-georgen.de\/wp-content\/uploads\/Wilhelmer_H\u00fctte.jpg","width":1280,"height":960},{"@type":"BreadcrumbList","@id":"https:\/\/www.schwarzwaldverein-st-georgen.de\/index.php\/event\/gemuetliche-feldberg-tour\/#breadcrumb","itemListElement":[{"@type":"ListItem","position":1,"name":"Start","item":"https:\/\/www.schwarzwaldverein-st-georgen.de\/"},{"@type":"ListItem","position":2,"name":"Veranstaltungen","item":"https:\/\/www.schwarzwaldverein-st-georgen.de\/index.php\/events\/"},{"@type":"ListItem","position":3,"name":"Gem\u00fctliche Feldberg-Tour"}]},{"@type":"WebSite","@id":"https:\/\/www.schwarzwaldverein-st-georgen.de\/#website","url":"https:\/\/www.schwarzwaldverein-st-georgen.de\/","name":"Schwarzwaldverein St. Georgen e.V.","description":"Wandern, Wege, Naturschutz, Familien, Wanderheim Lindenb\u00fcble","potentialAction":[{"@type":"SearchAction","target":{"@type":"EntryPoint","urlTemplate":"https:\/\/www.schwarzwaldverein-st-georgen.de\/?s={search_term_string}"},"query-input":{"@type":"PropertyValueSpecification","valueRequired":true,"valueName":"search_term_string"}}],"inLanguage":"de"}]}},"ticketed":false,"_links":{"self":[{"href":"https:\/\/www.schwarzwaldverein-st-georgen.de\/index.php\/wp-json\/wp\/v2\/tribe_events\/487","targetHints":{"allow":["GET"]}}],"collection":[{"href":"https:\/\/www.schwarzwaldverein-st-georgen.de\/index.php\/wp-json\/wp\/v2\/tribe_events"}],"about":[{"href":"https:\/\/www.schwarzwaldverein-st-georgen.de\/index.php\/wp-json\/wp\/v2\/types\/tribe_events"}],"author":[{"embeddable":true,"href":"https:\/\/www.schwarzwaldverein-st-georgen.de\/index.php\/wp-json\/wp\/v2\/users\/1"}],"replies":[{"embeddable":true,"href":"https:\/\/www.schwarzwaldverein-st-georgen.de\/index.php\/wp-json\/wp\/v2\/comments?post=487"}],"version-history":[{"count":1,"href":"https:\/\/www.schwarzwaldverein-st-georgen.de\/index.php\/wp-json\/wp\/v2\/tribe_events\/487\/revisions"}],"predecessor-version":[{"id":526,"href":"https:\/\/www.schwarzwaldverein-st-georgen.de\/index.php\/wp-json\/wp\/v2\/tribe_events\/487\/revisions\/526"}],"wp:featuredmedia":[{"embeddable":true,"href":"https:\/\/www.schwarzwaldverein-st-georgen.de\/index.php\/wp-json\/wp\/v2\/media\/388"}],"wp:attachment":[{"href":"https:\/\/www.schwarzwaldverein-st-georgen.de\/index.php\/wp-json\/wp\/v2\/media?parent=487"}],"wp:term":[{"taxonomy":"post_tag","embeddable":true,"href":"https:\/\/www.schwarzwaldverein-st-georgen.de\/index.php\/wp-json\/wp\/v2\/tags?post=487"},{"taxonomy":"tribe_events_cat","embeddable":true,"href":"https:\/\/www.schwarzwaldverein-st-georgen.de\/index.php\/wp-json\/wp\/v2\/tribe_events_cat?post=487"}],"curies":[{"name":"wp","href":"https:\/\/api.w.org\/{rel}","templated":true}]}}

Gemütliche Feldberg-Tour

<p>Eine Wanderung auf den Feld- berg mit der Betonung auf Gemütlichkeit führt uns über mäßige Steigungen einen Waldweg hinauf zum Emil-Thoma-Weg, auf den wir an der Abzweigung des Felsensteigs treffen. Durch ein mooriges Tal erreichen wir das Grüble und schließlich den Feldberggipfel. Beim Abstieg lockt die St. Wilhelmer Hütte zur Einkehr. An der Zastler Hütte vorbei kehren wir zurück zum Rinken, nicht ohne die &#8222;Dromedarfichte&#8220; als Laune der Natur zu belächeln.</p>
<table>
<tbody>
<tr>
<td class="tdh_wp">Wanderführer:</td>
<td class="tdh_wp">Peter Meixner</td>
</tr>
<tr>
<td class="td_wp">Gehzeit:</td>
<td class="td_wp">4 Std.<br />
10 km, 400/400</td>
</tr>
<tr>
<td class="td_wp">Kategorie 3</td>
<td class="td_wp"><img loading="lazy" decoding="async" class="alignnone" src="http://www.schwarzwaldverein-st-georgen.de/wp-content/uploads/blaueRaute.png" alt="" width="30" height="16" /></td>
</tr>
<tr>
<td class="td_wp">Treffpunkt:</td>
<td class="td_wp">08:30 Uhr, St. Georgen, Parkplatz am Klosterweiher</td>
</tr>
<tr>
<td class="td_wp">Anmeldung:</td>
<td class="td_wp">07724/916635</td>
</tr>
</tbody>
</table>
<p><small><small>Bildquellen:wikipedia</small></small></p>

<p>Eine Wanderung auf den Feld- berg mit der Betonung auf Gemütlichkeit führt uns über mäßige Steigungen einen Waldweg hinauf zum Emil-Thoma-Weg, auf den wir an der Abzweigung des Felsensteigs treffen. Durch ein mooriges Tal erreichen wir das Grüble und schließlich den Feldberggipfel. Beim Abstieg lockt die St. Wilhelmer Hütte zur Einkehr. An der Zastler Hütte &hellip; </p>
<p><a class="more-link btn" href="https://www.schwarzwaldverein-st-georgen.de/index.php/event/gemuetliche-feldberg-tour/">Weiterlesen</a></p>

<!-- This site is optimized with the Yoast SEO plugin v26.8 - https://yoast.com/product/yoast-seo-wordpress/ -->
<title>Gemütliche Feldberg-Tour - Schwarzwaldverein St. Georgen e.V.</title>
<meta name="robots" content="index, follow, max-snippet:-1, max-image-preview:large, max-video-preview:-1" />
<link rel="canonical" href="https://www.schwarzwaldverein-st-georgen.de/index.php/event/gemuetliche-feldberg-tour/" />
<meta property="og:locale" content="de_DE" />
<meta property="og:type" content="article" />
<meta property="og:title" content="Gemütliche Feldberg-Tour - Schwarzwaldverein St. Georgen e.V." />
<meta property="og:description" content="Eine Wanderung auf den Feld- berg mit der Betonung auf Gemütlichkeit führt uns über mäßige Steigungen einen Waldweg hinauf zum Emil-Thoma-Weg, auf den wir an der Abzweigung des Felsensteigs treffen. Durch ein mooriges Tal erreichen wir das Grüble und schließlich den Feldberggipfel. Beim Abstieg lockt die St. Wilhelmer Hütte zur Einkehr. An der Zastler Hütte &hellip; Weiterlesen" />
<meta property="og:url" content="https://www.schwarzwaldverein-st-georgen.de/index.php/event/gemuetliche-feldberg-tour/" />
<meta property="og:site_name" content="Schwarzwaldverein St. Georgen e.V." />
<meta property="article:modified_time" content="2018-01-04T08:21:49+00:00" />
<meta property="og:image" content="https://www.schwarzwaldverein-st-georgen.de/wp-content/uploads/Wilhelmer_Hütte.jpg" />
	<meta property="og:image:width" content="1280" />
	<meta property="og:image:height" content="960" />
	<meta property="og:image:type" content="image/jpeg" />
<meta name="twitter:card" content="summary_large_image" />
<script type="application/ld+json" class="yoast-schema-graph">{"@context":"https://schema.org","@graph":[{"@type":"WebPage","@id":"https://www.schwarzwaldverein-st-georgen.de/index.php/event/gemuetliche-feldberg-tour/","url":"https://www.schwarzwaldverein-st-georgen.de/index.php/event/gemuetliche-feldberg-tour/","name":"Gemütliche Feldberg-Tour - Schwarzwaldverein St. Georgen e.V.","isPartOf":{"@id":"https://www.schwarzwaldverein-st-georgen.de/#website"},"primaryImageOfPage":{"@id":"https://www.schwarzwaldverein-st-georgen.de/index.php/event/gemuetliche-feldberg-tour/#primaryimage"},"image":{"@id":"https://www.schwarzwaldverein-st-georgen.de/index.php/event/gemuetliche-feldberg-tour/#primaryimage"},"thumbnailUrl":"https://www.schwarzwaldverein-st-georgen.de/wp-content/uploads/Wilhelmer_Hütte.jpg","datePublished":"2018-01-04T07:55:11+00:00","dateModified":"2018-01-04T08:21:49+00:00","breadcrumb":{"@id":"https://www.schwarzwaldverein-st-georgen.de/index.php/event/gemuetliche-feldberg-tour/#breadcrumb"},"inLanguage":"de","potentialAction":[{"@type":"ReadAction","target":["https://www.schwarzwaldverein-st-georgen.de/index.php/event/gemuetliche-feldberg-tour/"]}]},{"@type":"ImageObject","inLanguage":"de","@id":"https://www.schwarzwaldverein-st-georgen.de/index.php/event/gemuetliche-feldberg-tour/#primaryimage","url":"https://www.schwarzwaldverein-st-georgen.de/wp-content/uploads/Wilhelmer_Hütte.jpg","contentUrl":"https://www.schwarzwaldverein-st-georgen.de/wp-content/uploads/Wilhelmer_Hütte.jpg","width":1280,"height":960},{"@type":"BreadcrumbList","@id":"https://www.schwarzwaldverein-st-georgen.de/index.php/event/gemuetliche-feldberg-tour/#breadcrumb","itemListElement":[{"@type":"ListItem","position":1,"name":"Start","item":"https://www.schwarzwaldverein-st-georgen.de/"},{"@type":"ListItem","position":2,"name":"Veranstaltungen","item":"https://www.schwarzwaldverein-st-georgen.de/index.php/events/"},{"@type":"ListItem","position":3,"name":"Gemütliche Feldberg-Tour"}]},{"@type":"WebSite","@id":"https://www.schwarzwaldverein-st-georgen.de/#website","url":"https://www.schwarzwaldverein-st-georgen.de/","name":"Schwarzwaldverein St. Georgen e.V.","description":"Wandern, Wege, Naturschutz, Familien, Wanderheim Lindenbüble","potentialAction":[{"@type":"SearchAction","target":{"@type":"EntryPoint","urlTemplate":"https://www.schwarzwaldverein-st-georgen.de/?s={search_term_string}"},"query-input":{"@type":"PropertyValueSpecification","valueRequired":true,"valueName":"search_term_string"}}],"inLanguage":"de"}]}</script>
<!-- / Yoast SEO plugin. -->

Gemütliche Feldberg-Tour - Schwarzwaldverein St. Georgen e.V.

Eine Wanderung auf den Feld- berg mit der Betonung auf Gemütlichkeit führt uns über mäßige Steigungen einen Waldweg hinauf zum Emil-Thoma-Weg, auf den wir an der Abzweigung des Felsensteigs treffen. Durch ein mooriges Tal erreichen wir das Grüble und schließlich den Feldberggipfel. Beim Abstieg lockt die St. Wilhelmer Hütte zur Einkehr. An der Zastler Hütte &hellip; Weiterlesen

https://www.schwarzwaldverein-st-georgen.de/wp-content/uploads/Wilhelmer_Hütte.jpg

Wandern, Wege, Naturschutz, Familien, Wanderheim Lindenbüble
