{"id":2930,"date":"2026-01-25T17:24:08","date_gmt":"2026-01-25T16:24:08","guid":{"rendered":"https:\/\/www.schwarzwaldverein-st-georgen.de\/index.php\/event\/schlichemklammrunde-2\/"},"modified":"2026-01-25T18:06:01","modified_gmt":"2026-01-25T17:06:01","slug":"schlichemklammrunde-2","status":"publish","type":"tribe_events","link":"https:\/\/www.schwarzwaldverein-st-georgen.de\/index.php\/event\/schlichemklammrunde-2\/","title":{"rendered":"Schlichemklammrunde"},"content":{"rendered":"<p>Von Epfendorf-Harthausen geht es hinab in die Schlichemklamm, wo sich das Fl\u00fc\u00dfchen Schlichem wildromantisch durch ein enges Tal windet. Zuweilen erheben sich m\u00e4chtige Muschelkalkw\u00e4nde zu beiden Seiten. Naturpfade f\u00fchren hinauf zum Kapfkreuz und zum Tischfelsen, mit tollen Aussichten ins Neckartal. Vorbei an der Schneckenburg geht es hinab ins Schneckenbachtal und wieder zum Ausgangspunkt zur\u00fcck.  <br \/>Wanderf\u00fchrung: Doris Krause <br \/>Gehzeit: 4,5 Std. , 14 km, 300 hm <br \/>Treffpunkt: 09:30 Uhr, Parkplatz Klosterweiher <br \/>Anmeldung: 0170 1621912 <\/p>\n<table>\n<tbody>\n<tr>\n<td class=\"tdh_wp\">Wanderf\u00fchrung: <\/td>\n<td class=\"tdh_wp\">Doris Krause<\/td>\n<\/tr>\n<tr>\n<td class=\"td_wp\">Gehzeit:<\/td>\n<td class=\"td_wp\">4,5 Std.<br \/>14 km, 300 hm<\/td>\n<\/tr>\n<tr>\n<td class=\"td_wp\">Kategorie 3<\/td>\n<td class=\"td_wp\"><img loading=\"lazy\" decoding=\"async\" class=\"alignnone\" src=\"https:\/\/www.schwarzwaldverein-st-georgen.de\/wp-content\/uploads\/blaueRaute.png\" alt=\"\" width=\"30\" height=\"16\" \/><\/td>\n<\/tr>\n<tr>\n<td class=\"td_wp\">Treffpunkt:<\/td>\n<td class=\"td_wp\">09:30 Uhr, Parkplatz Klosterweiher<\/td>\n<\/tr>\n<tr>\n<td class=\"td_wp\">Anmeldung:<\/td>\n<td class=\"td_wp\">0170 1621912<\/td>\n<\/tr>\n<\/tbody>\n<\/table>\n<p><small>Bildquelle: Katja Seemann<a>CC BY-ND<\/a><\/small><\/p>\n","protected":false},"excerpt":{"rendered":"<p>Von Epfendorf-Harthausen geht es hinab in die Schlichemklamm, wo sich das Fl\u00fc\u00dfchen Schlichem wildromantisch durch ein enges Tal windet. Zuweilen erheben sich m\u00e4chtige Muschelkalkw\u00e4nde zu beiden Seiten. Naturpfade f\u00fchren hinauf zum Kapfkreuz und zum Tischfelsen, mit tollen Aussichten ins Neckartal. Vorbei an der Schneckenburg geht es hinab ins Schneckenbachtal und wieder zum Ausgangspunkt zur\u00fcck. Wanderf\u00fchrung: &hellip; <\/p>\n<p><a class=\"more-link btn\" href=\"https:\/\/www.schwarzwaldverein-st-georgen.de\/index.php\/event\/schlichemklammrunde-2\/\">Weiterlesen<\/a><\/p>\n","protected":false},"author":1,"featured_media":2802,"comment_status":"closed","ping_status":"closed","template":"","meta":{"_price":"","_stock":"","_tribe_ticket_header":"","_tribe_default_ticket_provider":"","_ticket_start_date":"","_ticket_end_date":"","_tribe_ticket_show_description":"","_tribe_ticket_show_not_going":false,"_tribe_ticket_use_global_stock":"","_tribe_ticket_global_stock_level":"","_global_stock_mode":"","_global_stock_cap":"","_tribe_rsvp_for_event":"","_tribe_ticket_going_count":"","_tribe_ticket_not_going_count":"","_tribe_tickets_list":"[]","_tribe_ticket_has_attendee_info_fields":false,"_tribe_events_status":"","_tribe_events_status_reason":"","footnotes":"","_tec_slr_enabled":"","_tec_slr_layout":""},"tags":[],"tribe_events_cat":[2,7],"class_list":["post-2930","tribe_events","type-tribe_events","status-publish","has-post-thumbnail","hentry","tribe_events_cat-jahresprogramm","tribe_events_cat-wanderung","cat_jahresprogramm","cat_wanderung","nodate","item-wrap"],"yoast_head":"<!-- This site is optimized with the Yoast SEO plugin v26.8 - https:\/\/yoast.com\/product\/yoast-seo-wordpress\/ -->\n<title>Schlichemklammrunde - Schwarzwaldverein St. Georgen e.V.<\/title>\n<meta name=\"robots\" content=\"index, follow, max-snippet:-1, max-image-preview:large, max-video-preview:-1\" \/>\n<link rel=\"canonical\" href=\"https:\/\/www.schwarzwaldverein-st-georgen.de\/index.php\/event\/schlichemklammrunde-2\/\" \/>\n<meta property=\"og:locale\" content=\"de_DE\" \/>\n<meta property=\"og:type\" content=\"article\" \/>\n<meta property=\"og:title\" content=\"Schlichemklammrunde - Schwarzwaldverein St. Georgen e.V.\" \/>\n<meta property=\"og:description\" content=\"Von Epfendorf-Harthausen geht es hinab in die Schlichemklamm, wo sich das Fl\u00fc\u00dfchen Schlichem wildromantisch durch ein enges Tal windet. Zuweilen erheben sich m\u00e4chtige Muschelkalkw\u00e4nde zu beiden Seiten. Naturpfade f\u00fchren hinauf zum Kapfkreuz und zum Tischfelsen, mit tollen Aussichten ins Neckartal. Vorbei an der Schneckenburg geht es hinab ins Schneckenbachtal und wieder zum Ausgangspunkt zur\u00fcck. Wanderf\u00fchrung: &hellip; Weiterlesen\" \/>\n<meta property=\"og:url\" content=\"https:\/\/www.schwarzwaldverein-st-georgen.de\/index.php\/event\/schlichemklammrunde-2\/\" \/>\n<meta property=\"og:site_name\" content=\"Schwarzwaldverein St. Georgen e.V.\" \/>\n<meta property=\"article:modified_time\" content=\"2026-01-25T17:06:01+00:00\" \/>\n<meta property=\"og:image\" content=\"https:\/\/www.schwarzwaldverein-st-georgen.de\/wp-content\/uploads\/2026\/Schlichemklamm-768x1024.jpeg\" \/>\n\t<meta property=\"og:image:width\" content=\"768\" \/>\n\t<meta property=\"og:image:height\" content=\"1024\" \/>\n\t<meta property=\"og:image:type\" content=\"image\/jpeg\" \/>\n<meta name=\"twitter:card\" content=\"summary_large_image\" \/>\n<script type=\"application\/ld+json\" class=\"yoast-schema-graph\">{\"@context\":\"https:\/\/schema.org\",\"@graph\":[{\"@type\":\"WebPage\",\"@id\":\"https:\/\/www.schwarzwaldverein-st-georgen.de\/index.php\/event\/schlichemklammrunde-2\/\",\"url\":\"https:\/\/www.schwarzwaldverein-st-georgen.de\/index.php\/event\/schlichemklammrunde-2\/\",\"name\":\"Schlichemklammrunde - Schwarzwaldverein St. Georgen e.V.\",\"isPartOf\":{\"@id\":\"https:\/\/www.schwarzwaldverein-st-georgen.de\/#website\"},\"primaryImageOfPage\":{\"@id\":\"https:\/\/www.schwarzwaldverein-st-georgen.de\/index.php\/event\/schlichemklammrunde-2\/#primaryimage\"},\"image\":{\"@id\":\"https:\/\/www.schwarzwaldverein-st-georgen.de\/index.php\/event\/schlichemklammrunde-2\/#primaryimage\"},\"thumbnailUrl\":\"https:\/\/www.schwarzwaldverein-st-georgen.de\/wp-content\/uploads\/2026\/Schlichemklamm.jpeg\",\"datePublished\":\"2026-01-25T16:24:08+00:00\",\"dateModified\":\"2026-01-25T17:06:01+00:00\",\"breadcrumb\":{\"@id\":\"https:\/\/www.schwarzwaldverein-st-georgen.de\/index.php\/event\/schlichemklammrunde-2\/#breadcrumb\"},\"inLanguage\":\"de\",\"potentialAction\":[{\"@type\":\"ReadAction\",\"target\":[\"https:\/\/www.schwarzwaldverein-st-georgen.de\/index.php\/event\/schlichemklammrunde-2\/\"]}]},{\"@type\":\"ImageObject\",\"inLanguage\":\"de\",\"@id\":\"https:\/\/www.schwarzwaldverein-st-georgen.de\/index.php\/event\/schlichemklammrunde-2\/#primaryimage\",\"url\":\"https:\/\/www.schwarzwaldverein-st-georgen.de\/wp-content\/uploads\/2026\/Schlichemklamm.jpeg\",\"contentUrl\":\"https:\/\/www.schwarzwaldverein-st-georgen.de\/wp-content\/uploads\/2026\/Schlichemklamm.jpeg\",\"width\":1500,\"height\":2000},{\"@type\":\"BreadcrumbList\",\"@id\":\"https:\/\/www.schwarzwaldverein-st-georgen.de\/index.php\/event\/schlichemklammrunde-2\/#breadcrumb\",\"itemListElement\":[{\"@type\":\"ListItem\",\"position\":1,\"name\":\"Start\",\"item\":\"https:\/\/www.schwarzwaldverein-st-georgen.de\/\"},{\"@type\":\"ListItem\",\"position\":2,\"name\":\"Veranstaltungen\",\"item\":\"https:\/\/www.schwarzwaldverein-st-georgen.de\/index.php\/events\/\"},{\"@type\":\"ListItem\",\"position\":3,\"name\":\"Schlichemklammrunde\"}]},{\"@type\":\"WebSite\",\"@id\":\"https:\/\/www.schwarzwaldverein-st-georgen.de\/#website\",\"url\":\"https:\/\/www.schwarzwaldverein-st-georgen.de\/\",\"name\":\"Schwarzwaldverein St. Georgen e.V.\",\"description\":\"Wandern, Wege, Naturschutz, Familien, Wanderheim Lindenb\u00fcble\",\"potentialAction\":[{\"@type\":\"SearchAction\",\"target\":{\"@type\":\"EntryPoint\",\"urlTemplate\":\"https:\/\/www.schwarzwaldverein-st-georgen.de\/?s={search_term_string}\"},\"query-input\":{\"@type\":\"PropertyValueSpecification\",\"valueRequired\":true,\"valueName\":\"search_term_string\"}}],\"inLanguage\":\"de\"}]}<\/script>\n<!-- \/ Yoast SEO plugin. -->","yoast_head_json":{"title":"Schlichemklammrunde - Schwarzwaldverein St. Georgen e.V.","robots":{"index":"index","follow":"follow","max-snippet":"max-snippet:-1","max-image-preview":"max-image-preview:large","max-video-preview":"max-video-preview:-1"},"canonical":"https:\/\/www.schwarzwaldverein-st-georgen.de\/index.php\/event\/schlichemklammrunde-2\/","og_locale":"de_DE","og_type":"article","og_title":"Schlichemklammrunde - Schwarzwaldverein St. Georgen e.V.","og_description":"Von Epfendorf-Harthausen geht es hinab in die Schlichemklamm, wo sich das Fl\u00fc\u00dfchen Schlichem wildromantisch durch ein enges Tal windet. Zuweilen erheben sich m\u00e4chtige Muschelkalkw\u00e4nde zu beiden Seiten. Naturpfade f\u00fchren hinauf zum Kapfkreuz und zum Tischfelsen, mit tollen Aussichten ins Neckartal. Vorbei an der Schneckenburg geht es hinab ins Schneckenbachtal und wieder zum Ausgangspunkt zur\u00fcck. Wanderf\u00fchrung: &hellip; Weiterlesen","og_url":"https:\/\/www.schwarzwaldverein-st-georgen.de\/index.php\/event\/schlichemklammrunde-2\/","og_site_name":"Schwarzwaldverein St. Georgen e.V.","article_modified_time":"2026-01-25T17:06:01+00:00","og_image":[{"width":768,"height":1024,"url":"https:\/\/www.schwarzwaldverein-st-georgen.de\/wp-content\/uploads\/2026\/Schlichemklamm-768x1024.jpeg","type":"image\/jpeg"}],"twitter_card":"summary_large_image","schema":{"@context":"https:\/\/schema.org","@graph":[{"@type":"WebPage","@id":"https:\/\/www.schwarzwaldverein-st-georgen.de\/index.php\/event\/schlichemklammrunde-2\/","url":"https:\/\/www.schwarzwaldverein-st-georgen.de\/index.php\/event\/schlichemklammrunde-2\/","name":"Schlichemklammrunde - Schwarzwaldverein St. Georgen e.V.","isPartOf":{"@id":"https:\/\/www.schwarzwaldverein-st-georgen.de\/#website"},"primaryImageOfPage":{"@id":"https:\/\/www.schwarzwaldverein-st-georgen.de\/index.php\/event\/schlichemklammrunde-2\/#primaryimage"},"image":{"@id":"https:\/\/www.schwarzwaldverein-st-georgen.de\/index.php\/event\/schlichemklammrunde-2\/#primaryimage"},"thumbnailUrl":"https:\/\/www.schwarzwaldverein-st-georgen.de\/wp-content\/uploads\/2026\/Schlichemklamm.jpeg","datePublished":"2026-01-25T16:24:08+00:00","dateModified":"2026-01-25T17:06:01+00:00","breadcrumb":{"@id":"https:\/\/www.schwarzwaldverein-st-georgen.de\/index.php\/event\/schlichemklammrunde-2\/#breadcrumb"},"inLanguage":"de","potentialAction":[{"@type":"ReadAction","target":["https:\/\/www.schwarzwaldverein-st-georgen.de\/index.php\/event\/schlichemklammrunde-2\/"]}]},{"@type":"ImageObject","inLanguage":"de","@id":"https:\/\/www.schwarzwaldverein-st-georgen.de\/index.php\/event\/schlichemklammrunde-2\/#primaryimage","url":"https:\/\/www.schwarzwaldverein-st-georgen.de\/wp-content\/uploads\/2026\/Schlichemklamm.jpeg","contentUrl":"https:\/\/www.schwarzwaldverein-st-georgen.de\/wp-content\/uploads\/2026\/Schlichemklamm.jpeg","width":1500,"height":2000},{"@type":"BreadcrumbList","@id":"https:\/\/www.schwarzwaldverein-st-georgen.de\/index.php\/event\/schlichemklammrunde-2\/#breadcrumb","itemListElement":[{"@type":"ListItem","position":1,"name":"Start","item":"https:\/\/www.schwarzwaldverein-st-georgen.de\/"},{"@type":"ListItem","position":2,"name":"Veranstaltungen","item":"https:\/\/www.schwarzwaldverein-st-georgen.de\/index.php\/events\/"},{"@type":"ListItem","position":3,"name":"Schlichemklammrunde"}]},{"@type":"WebSite","@id":"https:\/\/www.schwarzwaldverein-st-georgen.de\/#website","url":"https:\/\/www.schwarzwaldverein-st-georgen.de\/","name":"Schwarzwaldverein St. Georgen e.V.","description":"Wandern, Wege, Naturschutz, Familien, Wanderheim Lindenb\u00fcble","potentialAction":[{"@type":"SearchAction","target":{"@type":"EntryPoint","urlTemplate":"https:\/\/www.schwarzwaldverein-st-georgen.de\/?s={search_term_string}"},"query-input":{"@type":"PropertyValueSpecification","valueRequired":true,"valueName":"search_term_string"}}],"inLanguage":"de"}]}},"ticketed":false,"_links":{"self":[{"href":"https:\/\/www.schwarzwaldverein-st-georgen.de\/index.php\/wp-json\/wp\/v2\/tribe_events\/2930","targetHints":{"allow":["GET"]}}],"collection":[{"href":"https:\/\/www.schwarzwaldverein-st-georgen.de\/index.php\/wp-json\/wp\/v2\/tribe_events"}],"about":[{"href":"https:\/\/www.schwarzwaldverein-st-georgen.de\/index.php\/wp-json\/wp\/v2\/types\/tribe_events"}],"author":[{"embeddable":true,"href":"https:\/\/www.schwarzwaldverein-st-georgen.de\/index.php\/wp-json\/wp\/v2\/users\/1"}],"replies":[{"embeddable":true,"href":"https:\/\/www.schwarzwaldverein-st-georgen.de\/index.php\/wp-json\/wp\/v2\/comments?post=2930"}],"version-history":[{"count":1,"href":"https:\/\/www.schwarzwaldverein-st-georgen.de\/index.php\/wp-json\/wp\/v2\/tribe_events\/2930\/revisions"}],"predecessor-version":[{"id":2980,"href":"https:\/\/www.schwarzwaldverein-st-georgen.de\/index.php\/wp-json\/wp\/v2\/tribe_events\/2930\/revisions\/2980"}],"wp:featuredmedia":[{"embeddable":true,"href":"https:\/\/www.schwarzwaldverein-st-georgen.de\/index.php\/wp-json\/wp\/v2\/media\/2802"}],"wp:attachment":[{"href":"https:\/\/www.schwarzwaldverein-st-georgen.de\/index.php\/wp-json\/wp\/v2\/media?parent=2930"}],"wp:term":[{"taxonomy":"post_tag","embeddable":true,"href":"https:\/\/www.schwarzwaldverein-st-georgen.de\/index.php\/wp-json\/wp\/v2\/tags?post=2930"},{"taxonomy":"tribe_events_cat","embeddable":true,"href":"https:\/\/www.schwarzwaldverein-st-georgen.de\/index.php\/wp-json\/wp\/v2\/tribe_events_cat?post=2930"}],"curies":[{"name":"wp","href":"https:\/\/api.w.org\/{rel}","templated":true}]}}

<p>Von Epfendorf-Harthausen geht es hinab in die Schlichemklamm, wo sich das Flüßchen Schlichem wildromantisch durch ein enges Tal windet. Zuweilen erheben sich mächtige Muschelkalkwände zu beiden Seiten. Naturpfade führen hinauf zum Kapfkreuz und zum Tischfelsen, mit tollen Aussichten ins Neckartal. Vorbei an der Schneckenburg geht es hinab ins Schneckenbachtal und wieder zum Ausgangspunkt zurück.  <br />Wanderführung: Doris Krause <br />Gehzeit: 4,5 Std. , 14 km, 300 hm <br />Treffpunkt: 09:30 Uhr, Parkplatz Klosterweiher <br />Anmeldung: 0170 1621912 </p>
<table>
<tbody>
<tr>
<td class="tdh_wp">Wanderführung: </td>
<td class="tdh_wp">Doris Krause</td>
</tr>
<tr>
<td class="td_wp">Gehzeit:</td>
<td class="td_wp">4,5 Std.<br />14 km, 300 hm</td>
</tr>
<tr>
<td class="td_wp">Kategorie 3</td>
<td class="td_wp"><img loading="lazy" decoding="async" class="alignnone" src="https://www.schwarzwaldverein-st-georgen.de/wp-content/uploads/blaueRaute.png" alt="" width="30" height="16" /></td>
</tr>
<tr>
<td class="td_wp">Treffpunkt:</td>
<td class="td_wp">09:30 Uhr, Parkplatz Klosterweiher</td>
</tr>
<tr>
<td class="td_wp">Anmeldung:</td>
<td class="td_wp">0170 1621912</td>
</tr>
</tbody>
</table>
<p><small>Bildquelle: Katja Seemann<a>CC BY-ND</a></small></p>

<p>Von Epfendorf-Harthausen geht es hinab in die Schlichemklamm, wo sich das Flüßchen Schlichem wildromantisch durch ein enges Tal windet. Zuweilen erheben sich mächtige Muschelkalkwände zu beiden Seiten. Naturpfade führen hinauf zum Kapfkreuz und zum Tischfelsen, mit tollen Aussichten ins Neckartal. Vorbei an der Schneckenburg geht es hinab ins Schneckenbachtal und wieder zum Ausgangspunkt zurück. Wanderführung: &hellip; </p>
<p><a class="more-link btn" href="https://www.schwarzwaldverein-st-georgen.de/index.php/event/schlichemklammrunde-2/">Weiterlesen</a></p>

<!-- This site is optimized with the Yoast SEO plugin v26.8 - https://yoast.com/product/yoast-seo-wordpress/ -->
<title>Schlichemklammrunde - Schwarzwaldverein St. Georgen e.V.</title>
<meta name="robots" content="index, follow, max-snippet:-1, max-image-preview:large, max-video-preview:-1" />
<link rel="canonical" href="https://www.schwarzwaldverein-st-georgen.de/index.php/event/schlichemklammrunde-2/" />
<meta property="og:locale" content="de_DE" />
<meta property="og:type" content="article" />
<meta property="og:title" content="Schlichemklammrunde - Schwarzwaldverein St. Georgen e.V." />
<meta property="og:description" content="Von Epfendorf-Harthausen geht es hinab in die Schlichemklamm, wo sich das Flüßchen Schlichem wildromantisch durch ein enges Tal windet. Zuweilen erheben sich mächtige Muschelkalkwände zu beiden Seiten. Naturpfade führen hinauf zum Kapfkreuz und zum Tischfelsen, mit tollen Aussichten ins Neckartal. Vorbei an der Schneckenburg geht es hinab ins Schneckenbachtal und wieder zum Ausgangspunkt zurück. Wanderführung: &hellip; Weiterlesen" />
<meta property="og:url" content="https://www.schwarzwaldverein-st-georgen.de/index.php/event/schlichemklammrunde-2/" />
<meta property="og:site_name" content="Schwarzwaldverein St. Georgen e.V." />
<meta property="article:modified_time" content="2026-01-25T17:06:01+00:00" />
<meta property="og:image" content="https://www.schwarzwaldverein-st-georgen.de/wp-content/uploads/2026/Schlichemklamm-768x1024.jpeg" />
	<meta property="og:image:width" content="768" />
	<meta property="og:image:height" content="1024" />
	<meta property="og:image:type" content="image/jpeg" />
<meta name="twitter:card" content="summary_large_image" />
<script type="application/ld+json" class="yoast-schema-graph">{"@context":"https://schema.org","@graph":[{"@type":"WebPage","@id":"https://www.schwarzwaldverein-st-georgen.de/index.php/event/schlichemklammrunde-2/","url":"https://www.schwarzwaldverein-st-georgen.de/index.php/event/schlichemklammrunde-2/","name":"Schlichemklammrunde - Schwarzwaldverein St. Georgen e.V.","isPartOf":{"@id":"https://www.schwarzwaldverein-st-georgen.de/#website"},"primaryImageOfPage":{"@id":"https://www.schwarzwaldverein-st-georgen.de/index.php/event/schlichemklammrunde-2/#primaryimage"},"image":{"@id":"https://www.schwarzwaldverein-st-georgen.de/index.php/event/schlichemklammrunde-2/#primaryimage"},"thumbnailUrl":"https://www.schwarzwaldverein-st-georgen.de/wp-content/uploads/2026/Schlichemklamm.jpeg","datePublished":"2026-01-25T16:24:08+00:00","dateModified":"2026-01-25T17:06:01+00:00","breadcrumb":{"@id":"https://www.schwarzwaldverein-st-georgen.de/index.php/event/schlichemklammrunde-2/#breadcrumb"},"inLanguage":"de","potentialAction":[{"@type":"ReadAction","target":["https://www.schwarzwaldverein-st-georgen.de/index.php/event/schlichemklammrunde-2/"]}]},{"@type":"ImageObject","inLanguage":"de","@id":"https://www.schwarzwaldverein-st-georgen.de/index.php/event/schlichemklammrunde-2/#primaryimage","url":"https://www.schwarzwaldverein-st-georgen.de/wp-content/uploads/2026/Schlichemklamm.jpeg","contentUrl":"https://www.schwarzwaldverein-st-georgen.de/wp-content/uploads/2026/Schlichemklamm.jpeg","width":1500,"height":2000},{"@type":"BreadcrumbList","@id":"https://www.schwarzwaldverein-st-georgen.de/index.php/event/schlichemklammrunde-2/#breadcrumb","itemListElement":[{"@type":"ListItem","position":1,"name":"Start","item":"https://www.schwarzwaldverein-st-georgen.de/"},{"@type":"ListItem","position":2,"name":"Veranstaltungen","item":"https://www.schwarzwaldverein-st-georgen.de/index.php/events/"},{"@type":"ListItem","position":3,"name":"Schlichemklammrunde"}]},{"@type":"WebSite","@id":"https://www.schwarzwaldverein-st-georgen.de/#website","url":"https://www.schwarzwaldverein-st-georgen.de/","name":"Schwarzwaldverein St. Georgen e.V.","description":"Wandern, Wege, Naturschutz, Familien, Wanderheim Lindenbüble","potentialAction":[{"@type":"SearchAction","target":{"@type":"EntryPoint","urlTemplate":"https://www.schwarzwaldverein-st-georgen.de/?s={search_term_string}"},"query-input":{"@type":"PropertyValueSpecification","valueRequired":true,"valueName":"search_term_string"}}],"inLanguage":"de"}]}</script>
<!-- / Yoast SEO plugin. -->

Von Epfendorf-Harthausen geht es hinab in die Schlichemklamm, wo sich das Flüßchen Schlichem wildromantisch durch ein enges Tal windet. Zuweilen erheben sich mächtige Muschelkalkwände zu beiden Seiten. Naturpfade führen hinauf zum Kapfkreuz und zum Tischfelsen, mit tollen Aussichten ins Neckartal. Vorbei an der Schneckenburg geht es hinab ins Schneckenbachtal und wieder zum Ausgangspunkt zurück. Wanderführung: &hellip; Weiterlesen

Wandern, Wege, Naturschutz, Familien, Wanderheim Lindenbüble
