{"id":2917,"date":"2026-01-25T17:23:22","date_gmt":"2026-01-25T16:23:22","guid":{"rendered":"https:\/\/www.schwarzwaldverein-st-georgen.de\/index.php\/event\/bluetenweg-sipplingen-2\/"},"modified":"2026-01-25T18:06:03","modified_gmt":"2026-01-25T17:06:03","slug":"bluetenweg-sipplingen-2","status":"publish","type":"tribe_events","link":"https:\/\/www.schwarzwaldverein-st-georgen.de\/index.php\/event\/bluetenweg-sipplingen-2\/","title":{"rendered":"Bl\u00fctenweg Sipplingen"},"content":{"rendered":"<p>Wir starten unsere Tour am Haldenhof, oberhalb von Sipplingen auf dem Panorama-h\u00f6henweg, der uns herrliche Ausblicke \u00fcber den Bodensee und auf die Alpen bietet. \u00dcber die Zimmerwiese geht es hinab nach Sipplingen. Auf dem Bl\u00fctenweg wandern wir nach Ludwigshafen und wieder hinauf zum Haldenhof.  <\/p>\n<table>\n<tbody>\n<tr>\n<td class=\"tdh_wp\">Wanderf\u00fchrung: <\/td>\n<td class=\"tdh_wp\">Doris Krause<\/td>\n<\/tr>\n<tr>\n<td class=\"td_wp\">Gehzeit:<\/td>\n<td class=\"td_wp\">ca. 4 Std.<br \/>13 km, 283 hm<\/td>\n<\/tr>\n<tr>\n<td class=\"td_wp\">Kategorie 3<\/td>\n<td class=\"td_wp\"><img loading=\"lazy\" decoding=\"async\" class=\"alignnone\" src=\"https:\/\/www.schwarzwaldverein-st-georgen.de\/wp-content\/uploads\/blaueRaute.png\" alt=\"\" width=\"30\" height=\"16\" \/><\/td>\n<\/tr>\n<tr>\n<td class=\"td_wp\">Treffpunkt:<\/td>\n<td class=\"td_wp\">10:00 Uhr, Parkplatz Klosterweiher<\/td>\n<\/tr>\n<tr>\n<td class=\"td_wp\">Anmeldung:<\/td>\n<td class=\"td_wp\">0170 1621912<\/td>\n<\/tr>\n<\/tbody>\n<\/table>\n<p><small>Bildquelle: Doris Krause, <a>CC BY-ND<\/a><\/small><\/p>\n","protected":false},"excerpt":{"rendered":"<p>Wir starten unsere Tour am Haldenhof, oberhalb von Sipplingen auf dem Panorama-h\u00f6henweg, der uns herrliche Ausblicke \u00fcber den Bodensee und auf die Alpen bietet. \u00dcber die Zimmerwiese geht es hinab nach Sipplingen. Auf dem Bl\u00fctenweg wandern wir nach Ludwigshafen und wieder hinauf zum Haldenhof. Wanderf\u00fchrung: Doris Krause Gehzeit: ca. 4 Std.13 km, 283 hm Kategorie &hellip; <\/p>\n<p><a class=\"more-link btn\" href=\"https:\/\/www.schwarzwaldverein-st-georgen.de\/index.php\/event\/bluetenweg-sipplingen-2\/\">Weiterlesen<\/a><\/p>\n","protected":false},"author":1,"featured_media":2807,"comment_status":"closed","ping_status":"closed","template":"","meta":{"_price":"","_stock":"","_tribe_ticket_header":"","_tribe_default_ticket_provider":"","_ticket_start_date":"","_ticket_end_date":"","_tribe_ticket_show_description":"","_tribe_ticket_show_not_going":false,"_tribe_ticket_use_global_stock":"","_tribe_ticket_global_stock_level":"","_global_stock_mode":"","_global_stock_cap":"","_tribe_rsvp_for_event":"","_tribe_ticket_going_count":"","_tribe_ticket_not_going_count":"","_tribe_tickets_list":"[]","_tribe_ticket_has_attendee_info_fields":false,"_tribe_events_status":"","_tribe_events_status_reason":"","footnotes":"","_tec_slr_enabled":"","_tec_slr_layout":""},"tags":[],"tribe_events_cat":[2,7],"class_list":["post-2917","tribe_events","type-tribe_events","status-publish","has-post-thumbnail","hentry","tribe_events_cat-jahresprogramm","tribe_events_cat-wanderung","cat_jahresprogramm","cat_wanderung","nodate","item-wrap"],"yoast_head":"<!-- This site is optimized with the Yoast SEO plugin v26.8 - https:\/\/yoast.com\/product\/yoast-seo-wordpress\/ -->\n<title>Bl\u00fctenweg Sipplingen - Schwarzwaldverein St. Georgen e.V.<\/title>\n<meta name=\"robots\" content=\"index, follow, max-snippet:-1, max-image-preview:large, max-video-preview:-1\" \/>\n<link rel=\"canonical\" href=\"https:\/\/www.schwarzwaldverein-st-georgen.de\/index.php\/event\/bluetenweg-sipplingen-2\/\" \/>\n<meta property=\"og:locale\" content=\"de_DE\" \/>\n<meta property=\"og:type\" content=\"article\" \/>\n<meta property=\"og:title\" content=\"Bl\u00fctenweg Sipplingen - Schwarzwaldverein St. Georgen e.V.\" \/>\n<meta property=\"og:description\" content=\"Wir starten unsere Tour am Haldenhof, oberhalb von Sipplingen auf dem Panorama-h\u00f6henweg, der uns herrliche Ausblicke \u00fcber den Bodensee und auf die Alpen bietet. \u00dcber die Zimmerwiese geht es hinab nach Sipplingen. Auf dem Bl\u00fctenweg wandern wir nach Ludwigshafen und wieder hinauf zum Haldenhof. Wanderf\u00fchrung: Doris Krause Gehzeit: ca. 4 Std.13 km, 283 hm Kategorie &hellip; Weiterlesen\" \/>\n<meta property=\"og:url\" content=\"https:\/\/www.schwarzwaldverein-st-georgen.de\/index.php\/event\/bluetenweg-sipplingen-2\/\" \/>\n<meta property=\"og:site_name\" content=\"Schwarzwaldverein St. Georgen e.V.\" \/>\n<meta property=\"article:modified_time\" content=\"2026-01-25T17:06:03+00:00\" \/>\n<meta property=\"og:image\" content=\"https:\/\/www.schwarzwaldverein-st-georgen.de\/wp-content\/uploads\/2026\/Sipplingen.jpeg\" \/>\n\t<meta property=\"og:image:width\" content=\"2048\" \/>\n\t<meta property=\"og:image:height\" content=\"1536\" \/>\n\t<meta property=\"og:image:type\" content=\"image\/jpeg\" \/>\n<meta name=\"twitter:card\" content=\"summary_large_image\" \/>\n<script type=\"application\/ld+json\" class=\"yoast-schema-graph\">{\"@context\":\"https:\/\/schema.org\",\"@graph\":[{\"@type\":\"WebPage\",\"@id\":\"https:\/\/www.schwarzwaldverein-st-georgen.de\/index.php\/event\/bluetenweg-sipplingen-2\/\",\"url\":\"https:\/\/www.schwarzwaldverein-st-georgen.de\/index.php\/event\/bluetenweg-sipplingen-2\/\",\"name\":\"Bl\u00fctenweg Sipplingen - Schwarzwaldverein St. Georgen e.V.\",\"isPartOf\":{\"@id\":\"https:\/\/www.schwarzwaldverein-st-georgen.de\/#website\"},\"primaryImageOfPage\":{\"@id\":\"https:\/\/www.schwarzwaldverein-st-georgen.de\/index.php\/event\/bluetenweg-sipplingen-2\/#primaryimage\"},\"image\":{\"@id\":\"https:\/\/www.schwarzwaldverein-st-georgen.de\/index.php\/event\/bluetenweg-sipplingen-2\/#primaryimage\"},\"thumbnailUrl\":\"https:\/\/www.schwarzwaldverein-st-georgen.de\/wp-content\/uploads\/2026\/Sipplingen.jpeg\",\"datePublished\":\"2026-01-25T16:23:22+00:00\",\"dateModified\":\"2026-01-25T17:06:03+00:00\",\"breadcrumb\":{\"@id\":\"https:\/\/www.schwarzwaldverein-st-georgen.de\/index.php\/event\/bluetenweg-sipplingen-2\/#breadcrumb\"},\"inLanguage\":\"de\",\"potentialAction\":[{\"@type\":\"ReadAction\",\"target\":[\"https:\/\/www.schwarzwaldverein-st-georgen.de\/index.php\/event\/bluetenweg-sipplingen-2\/\"]}]},{\"@type\":\"ImageObject\",\"inLanguage\":\"de\",\"@id\":\"https:\/\/www.schwarzwaldverein-st-georgen.de\/index.php\/event\/bluetenweg-sipplingen-2\/#primaryimage\",\"url\":\"https:\/\/www.schwarzwaldverein-st-georgen.de\/wp-content\/uploads\/2026\/Sipplingen.jpeg\",\"contentUrl\":\"https:\/\/www.schwarzwaldverein-st-georgen.de\/wp-content\/uploads\/2026\/Sipplingen.jpeg\",\"width\":2048,\"height\":1536},{\"@type\":\"BreadcrumbList\",\"@id\":\"https:\/\/www.schwarzwaldverein-st-georgen.de\/index.php\/event\/bluetenweg-sipplingen-2\/#breadcrumb\",\"itemListElement\":[{\"@type\":\"ListItem\",\"position\":1,\"name\":\"Start\",\"item\":\"https:\/\/www.schwarzwaldverein-st-georgen.de\/\"},{\"@type\":\"ListItem\",\"position\":2,\"name\":\"Veranstaltungen\",\"item\":\"https:\/\/www.schwarzwaldverein-st-georgen.de\/index.php\/events\/\"},{\"@type\":\"ListItem\",\"position\":3,\"name\":\"Bl\u00fctenweg Sipplingen\"}]},{\"@type\":\"WebSite\",\"@id\":\"https:\/\/www.schwarzwaldverein-st-georgen.de\/#website\",\"url\":\"https:\/\/www.schwarzwaldverein-st-georgen.de\/\",\"name\":\"Schwarzwaldverein St. Georgen e.V.\",\"description\":\"Wandern, Wege, Naturschutz, Familien, Wanderheim Lindenb\u00fcble\",\"potentialAction\":[{\"@type\":\"SearchAction\",\"target\":{\"@type\":\"EntryPoint\",\"urlTemplate\":\"https:\/\/www.schwarzwaldverein-st-georgen.de\/?s={search_term_string}\"},\"query-input\":{\"@type\":\"PropertyValueSpecification\",\"valueRequired\":true,\"valueName\":\"search_term_string\"}}],\"inLanguage\":\"de\"}]}<\/script>\n<!-- \/ Yoast SEO plugin. -->","yoast_head_json":{"title":"Bl\u00fctenweg Sipplingen - Schwarzwaldverein St. Georgen e.V.","robots":{"index":"index","follow":"follow","max-snippet":"max-snippet:-1","max-image-preview":"max-image-preview:large","max-video-preview":"max-video-preview:-1"},"canonical":"https:\/\/www.schwarzwaldverein-st-georgen.de\/index.php\/event\/bluetenweg-sipplingen-2\/","og_locale":"de_DE","og_type":"article","og_title":"Bl\u00fctenweg Sipplingen - Schwarzwaldverein St. Georgen e.V.","og_description":"Wir starten unsere Tour am Haldenhof, oberhalb von Sipplingen auf dem Panorama-h\u00f6henweg, der uns herrliche Ausblicke \u00fcber den Bodensee und auf die Alpen bietet. \u00dcber die Zimmerwiese geht es hinab nach Sipplingen. Auf dem Bl\u00fctenweg wandern wir nach Ludwigshafen und wieder hinauf zum Haldenhof. Wanderf\u00fchrung: Doris Krause Gehzeit: ca. 4 Std.13 km, 283 hm Kategorie &hellip; Weiterlesen","og_url":"https:\/\/www.schwarzwaldverein-st-georgen.de\/index.php\/event\/bluetenweg-sipplingen-2\/","og_site_name":"Schwarzwaldverein St. Georgen e.V.","article_modified_time":"2026-01-25T17:06:03+00:00","og_image":[{"width":2048,"height":1536,"url":"https:\/\/www.schwarzwaldverein-st-georgen.de\/wp-content\/uploads\/2026\/Sipplingen.jpeg","type":"image\/jpeg"}],"twitter_card":"summary_large_image","schema":{"@context":"https:\/\/schema.org","@graph":[{"@type":"WebPage","@id":"https:\/\/www.schwarzwaldverein-st-georgen.de\/index.php\/event\/bluetenweg-sipplingen-2\/","url":"https:\/\/www.schwarzwaldverein-st-georgen.de\/index.php\/event\/bluetenweg-sipplingen-2\/","name":"Bl\u00fctenweg Sipplingen - Schwarzwaldverein St. Georgen e.V.","isPartOf":{"@id":"https:\/\/www.schwarzwaldverein-st-georgen.de\/#website"},"primaryImageOfPage":{"@id":"https:\/\/www.schwarzwaldverein-st-georgen.de\/index.php\/event\/bluetenweg-sipplingen-2\/#primaryimage"},"image":{"@id":"https:\/\/www.schwarzwaldverein-st-georgen.de\/index.php\/event\/bluetenweg-sipplingen-2\/#primaryimage"},"thumbnailUrl":"https:\/\/www.schwarzwaldverein-st-georgen.de\/wp-content\/uploads\/2026\/Sipplingen.jpeg","datePublished":"2026-01-25T16:23:22+00:00","dateModified":"2026-01-25T17:06:03+00:00","breadcrumb":{"@id":"https:\/\/www.schwarzwaldverein-st-georgen.de\/index.php\/event\/bluetenweg-sipplingen-2\/#breadcrumb"},"inLanguage":"de","potentialAction":[{"@type":"ReadAction","target":["https:\/\/www.schwarzwaldverein-st-georgen.de\/index.php\/event\/bluetenweg-sipplingen-2\/"]}]},{"@type":"ImageObject","inLanguage":"de","@id":"https:\/\/www.schwarzwaldverein-st-georgen.de\/index.php\/event\/bluetenweg-sipplingen-2\/#primaryimage","url":"https:\/\/www.schwarzwaldverein-st-georgen.de\/wp-content\/uploads\/2026\/Sipplingen.jpeg","contentUrl":"https:\/\/www.schwarzwaldverein-st-georgen.de\/wp-content\/uploads\/2026\/Sipplingen.jpeg","width":2048,"height":1536},{"@type":"BreadcrumbList","@id":"https:\/\/www.schwarzwaldverein-st-georgen.de\/index.php\/event\/bluetenweg-sipplingen-2\/#breadcrumb","itemListElement":[{"@type":"ListItem","position":1,"name":"Start","item":"https:\/\/www.schwarzwaldverein-st-georgen.de\/"},{"@type":"ListItem","position":2,"name":"Veranstaltungen","item":"https:\/\/www.schwarzwaldverein-st-georgen.de\/index.php\/events\/"},{"@type":"ListItem","position":3,"name":"Bl\u00fctenweg Sipplingen"}]},{"@type":"WebSite","@id":"https:\/\/www.schwarzwaldverein-st-georgen.de\/#website","url":"https:\/\/www.schwarzwaldverein-st-georgen.de\/","name":"Schwarzwaldverein St. Georgen e.V.","description":"Wandern, Wege, Naturschutz, Familien, Wanderheim Lindenb\u00fcble","potentialAction":[{"@type":"SearchAction","target":{"@type":"EntryPoint","urlTemplate":"https:\/\/www.schwarzwaldverein-st-georgen.de\/?s={search_term_string}"},"query-input":{"@type":"PropertyValueSpecification","valueRequired":true,"valueName":"search_term_string"}}],"inLanguage":"de"}]}},"ticketed":false,"_links":{"self":[{"href":"https:\/\/www.schwarzwaldverein-st-georgen.de\/index.php\/wp-json\/wp\/v2\/tribe_events\/2917","targetHints":{"allow":["GET"]}}],"collection":[{"href":"https:\/\/www.schwarzwaldverein-st-georgen.de\/index.php\/wp-json\/wp\/v2\/tribe_events"}],"about":[{"href":"https:\/\/www.schwarzwaldverein-st-georgen.de\/index.php\/wp-json\/wp\/v2\/types\/tribe_events"}],"author":[{"embeddable":true,"href":"https:\/\/www.schwarzwaldverein-st-georgen.de\/index.php\/wp-json\/wp\/v2\/users\/1"}],"replies":[{"embeddable":true,"href":"https:\/\/www.schwarzwaldverein-st-georgen.de\/index.php\/wp-json\/wp\/v2\/comments?post=2917"}],"version-history":[{"count":1,"href":"https:\/\/www.schwarzwaldverein-st-georgen.de\/index.php\/wp-json\/wp\/v2\/tribe_events\/2917\/revisions"}],"predecessor-version":[{"id":2987,"href":"https:\/\/www.schwarzwaldverein-st-georgen.de\/index.php\/wp-json\/wp\/v2\/tribe_events\/2917\/revisions\/2987"}],"wp:featuredmedia":[{"embeddable":true,"href":"https:\/\/www.schwarzwaldverein-st-georgen.de\/index.php\/wp-json\/wp\/v2\/media\/2807"}],"wp:attachment":[{"href":"https:\/\/www.schwarzwaldverein-st-georgen.de\/index.php\/wp-json\/wp\/v2\/media?parent=2917"}],"wp:term":[{"taxonomy":"post_tag","embeddable":true,"href":"https:\/\/www.schwarzwaldverein-st-georgen.de\/index.php\/wp-json\/wp\/v2\/tags?post=2917"},{"taxonomy":"tribe_events_cat","embeddable":true,"href":"https:\/\/www.schwarzwaldverein-st-georgen.de\/index.php\/wp-json\/wp\/v2\/tribe_events_cat?post=2917"}],"curies":[{"name":"wp","href":"https:\/\/api.w.org\/{rel}","templated":true}]}}

Blütenweg Sipplingen

<p>Wir starten unsere Tour am Haldenhof, oberhalb von Sipplingen auf dem Panorama-höhenweg, der uns herrliche Ausblicke über den Bodensee und auf die Alpen bietet. Über die Zimmerwiese geht es hinab nach Sipplingen. Auf dem Blütenweg wandern wir nach Ludwigshafen und wieder hinauf zum Haldenhof.  </p>
<table>
<tbody>
<tr>
<td class="tdh_wp">Wanderführung: </td>
<td class="tdh_wp">Doris Krause</td>
</tr>
<tr>
<td class="td_wp">Gehzeit:</td>
<td class="td_wp">ca. 4 Std.<br />13 km, 283 hm</td>
</tr>
<tr>
<td class="td_wp">Kategorie 3</td>
<td class="td_wp"><img loading="lazy" decoding="async" class="alignnone" src="https://www.schwarzwaldverein-st-georgen.de/wp-content/uploads/blaueRaute.png" alt="" width="30" height="16" /></td>
</tr>
<tr>
<td class="td_wp">Treffpunkt:</td>
<td class="td_wp">10:00 Uhr, Parkplatz Klosterweiher</td>
</tr>
<tr>
<td class="td_wp">Anmeldung:</td>
<td class="td_wp">0170 1621912</td>
</tr>
</tbody>
</table>
<p><small>Bildquelle: Doris Krause, <a>CC BY-ND</a></small></p>

<p>Wir starten unsere Tour am Haldenhof, oberhalb von Sipplingen auf dem Panorama-höhenweg, der uns herrliche Ausblicke über den Bodensee und auf die Alpen bietet. Über die Zimmerwiese geht es hinab nach Sipplingen. Auf dem Blütenweg wandern wir nach Ludwigshafen und wieder hinauf zum Haldenhof. Wanderführung: Doris Krause Gehzeit: ca. 4 Std.13 km, 283 hm Kategorie &hellip; </p>
<p><a class="more-link btn" href="https://www.schwarzwaldverein-st-georgen.de/index.php/event/bluetenweg-sipplingen-2/">Weiterlesen</a></p>

<!-- This site is optimized with the Yoast SEO plugin v26.8 - https://yoast.com/product/yoast-seo-wordpress/ -->
<title>Blütenweg Sipplingen - Schwarzwaldverein St. Georgen e.V.</title>
<meta name="robots" content="index, follow, max-snippet:-1, max-image-preview:large, max-video-preview:-1" />
<link rel="canonical" href="https://www.schwarzwaldverein-st-georgen.de/index.php/event/bluetenweg-sipplingen-2/" />
<meta property="og:locale" content="de_DE" />
<meta property="og:type" content="article" />
<meta property="og:title" content="Blütenweg Sipplingen - Schwarzwaldverein St. Georgen e.V." />
<meta property="og:description" content="Wir starten unsere Tour am Haldenhof, oberhalb von Sipplingen auf dem Panorama-höhenweg, der uns herrliche Ausblicke über den Bodensee und auf die Alpen bietet. Über die Zimmerwiese geht es hinab nach Sipplingen. Auf dem Blütenweg wandern wir nach Ludwigshafen und wieder hinauf zum Haldenhof. Wanderführung: Doris Krause Gehzeit: ca. 4 Std.13 km, 283 hm Kategorie &hellip; Weiterlesen" />
<meta property="og:url" content="https://www.schwarzwaldverein-st-georgen.de/index.php/event/bluetenweg-sipplingen-2/" />
<meta property="og:site_name" content="Schwarzwaldverein St. Georgen e.V." />
<meta property="article:modified_time" content="2026-01-25T17:06:03+00:00" />
<meta property="og:image" content="https://www.schwarzwaldverein-st-georgen.de/wp-content/uploads/2026/Sipplingen.jpeg" />
	<meta property="og:image:width" content="2048" />
	<meta property="og:image:height" content="1536" />
	<meta property="og:image:type" content="image/jpeg" />
<meta name="twitter:card" content="summary_large_image" />
<script type="application/ld+json" class="yoast-schema-graph">{"@context":"https://schema.org","@graph":[{"@type":"WebPage","@id":"https://www.schwarzwaldverein-st-georgen.de/index.php/event/bluetenweg-sipplingen-2/","url":"https://www.schwarzwaldverein-st-georgen.de/index.php/event/bluetenweg-sipplingen-2/","name":"Blütenweg Sipplingen - Schwarzwaldverein St. Georgen e.V.","isPartOf":{"@id":"https://www.schwarzwaldverein-st-georgen.de/#website"},"primaryImageOfPage":{"@id":"https://www.schwarzwaldverein-st-georgen.de/index.php/event/bluetenweg-sipplingen-2/#primaryimage"},"image":{"@id":"https://www.schwarzwaldverein-st-georgen.de/index.php/event/bluetenweg-sipplingen-2/#primaryimage"},"thumbnailUrl":"https://www.schwarzwaldverein-st-georgen.de/wp-content/uploads/2026/Sipplingen.jpeg","datePublished":"2026-01-25T16:23:22+00:00","dateModified":"2026-01-25T17:06:03+00:00","breadcrumb":{"@id":"https://www.schwarzwaldverein-st-georgen.de/index.php/event/bluetenweg-sipplingen-2/#breadcrumb"},"inLanguage":"de","potentialAction":[{"@type":"ReadAction","target":["https://www.schwarzwaldverein-st-georgen.de/index.php/event/bluetenweg-sipplingen-2/"]}]},{"@type":"ImageObject","inLanguage":"de","@id":"https://www.schwarzwaldverein-st-georgen.de/index.php/event/bluetenweg-sipplingen-2/#primaryimage","url":"https://www.schwarzwaldverein-st-georgen.de/wp-content/uploads/2026/Sipplingen.jpeg","contentUrl":"https://www.schwarzwaldverein-st-georgen.de/wp-content/uploads/2026/Sipplingen.jpeg","width":2048,"height":1536},{"@type":"BreadcrumbList","@id":"https://www.schwarzwaldverein-st-georgen.de/index.php/event/bluetenweg-sipplingen-2/#breadcrumb","itemListElement":[{"@type":"ListItem","position":1,"name":"Start","item":"https://www.schwarzwaldverein-st-georgen.de/"},{"@type":"ListItem","position":2,"name":"Veranstaltungen","item":"https://www.schwarzwaldverein-st-georgen.de/index.php/events/"},{"@type":"ListItem","position":3,"name":"Blütenweg Sipplingen"}]},{"@type":"WebSite","@id":"https://www.schwarzwaldverein-st-georgen.de/#website","url":"https://www.schwarzwaldverein-st-georgen.de/","name":"Schwarzwaldverein St. Georgen e.V.","description":"Wandern, Wege, Naturschutz, Familien, Wanderheim Lindenbüble","potentialAction":[{"@type":"SearchAction","target":{"@type":"EntryPoint","urlTemplate":"https://www.schwarzwaldverein-st-georgen.de/?s={search_term_string}"},"query-input":{"@type":"PropertyValueSpecification","valueRequired":true,"valueName":"search_term_string"}}],"inLanguage":"de"}]}</script>
<!-- / Yoast SEO plugin. -->

Blütenweg Sipplingen - Schwarzwaldverein St. Georgen e.V.

Wir starten unsere Tour am Haldenhof, oberhalb von Sipplingen auf dem Panorama-höhenweg, der uns herrliche Ausblicke über den Bodensee und auf die Alpen bietet. Über die Zimmerwiese geht es hinab nach Sipplingen. Auf dem Blütenweg wandern wir nach Ludwigshafen und wieder hinauf zum Haldenhof. Wanderführung: Doris Krause Gehzeit: ca. 4 Std.13 km, 283 hm Kategorie &hellip; Weiterlesen

Wandern, Wege, Naturschutz, Familien, Wanderheim Lindenbüble
