{"id":2677,"date":"2025-02-10T11:14:47","date_gmt":"2025-02-10T10:14:47","guid":{"rendered":"https:\/\/www.schwarzwaldverein-st-georgen.de\/index.php\/event\/wurstsalatwanderung-8\/"},"modified":"2025-02-25T15:45:04","modified_gmt":"2025-02-25T14:45:04","slug":"wurstsalatwanderung-8","status":"publish","type":"tribe_events","link":"https:\/\/www.schwarzwaldverein-st-georgen.de\/index.php\/event\/wurstsalatwanderung-8\/","title":{"rendered":"Wurstsalatwanderung"},"content":{"rendered":"<p>Zum Ausklang der Wandersaison ein gem\u00fctlicher Spaziergang zu einem Lokal in der Region. N\u00e4heres im Schaukasten und in der Zeitung. <\/p>\n<table>\n<tbody>\n<tr>\n<td class=\"tdh_wp\">Wanderf\u00fchrung: <\/td>\n<td class=\"tdh_wp\">Heidi und Siegfried K\u00f6nig<\/td>\n<\/tr>\n<tr>\n<td class=\"td_wp\">Gehzeit:<\/td>\n<td class=\"td_wp\"><\/td>\n<\/tr>\n<tr>\n<td class=\"td_wp\">Kategorie 2<\/td>\n<td class=\"td_wp\"><img loading=\"lazy\" decoding=\"async\" class=\"alignnone\" src=\"https:\/\/www.schwarzwaldverein-st-georgen.de\/wp-content\/uploads\/gelbeRaute.png\" alt=\"\" width=\"30\" height=\"16\" \/><\/td>\n<\/tr>\n<tr>\n<td class=\"td_wp\">Treffpunkt:<\/td>\n<td class=\"td_wp\">, St. Georgen<\/td>\n<\/tr>\n<tr>\n<td class=\"td_wp\">Anmeldung:<\/td>\n<td class=\"td_wp\">07724\/2802<\/td>\n<\/tr>\n<\/tbody>\n<\/table>\n<p><small>Bildquelle: Sabine Dannecker, <a>CC BY-ND<\/a><\/small><\/p>\n","protected":false},"excerpt":{"rendered":"<p>Zum Ausklang der Wandersaison ein gem\u00fctlicher Spaziergang zu einem Lokal in der Region. N\u00e4heres im Schaukasten und in der Zeitung. Wanderf\u00fchrung: Heidi und Siegfried K\u00f6nig Gehzeit: Kategorie 2 Treffpunkt: , St. Georgen Anmeldung: 07724\/2802 Bildquelle: Sabine Dannecker, CC BY-ND<\/p>\n","protected":false},"author":1,"featured_media":1874,"comment_status":"closed","ping_status":"closed","template":"","meta":{"_price":"","_stock":"","_tribe_ticket_header":"","_tribe_default_ticket_provider":"","_ticket_start_date":"","_ticket_end_date":"","_tribe_ticket_show_description":"","_tribe_ticket_show_not_going":false,"_tribe_ticket_use_global_stock":"","_tribe_ticket_global_stock_level":"","_global_stock_mode":"","_global_stock_cap":"","_tribe_rsvp_for_event":"","_tribe_ticket_going_count":"","_tribe_ticket_not_going_count":"","_tribe_tickets_list":"[]","_tribe_ticket_has_attendee_info_fields":false,"_tribe_events_status":"","_tribe_events_status_reason":"","footnotes":"","_tec_slr_enabled":"","_tec_slr_layout":""},"tags":[],"tribe_events_cat":[2,7],"class_list":["post-2677","tribe_events","type-tribe_events","status-publish","has-post-thumbnail","hentry","tribe_events_cat-jahresprogramm","tribe_events_cat-wanderung","cat_jahresprogramm","cat_wanderung","nodate","item-wrap"],"yoast_head":"<!-- This site is optimized with the Yoast SEO plugin v26.8 - https:\/\/yoast.com\/product\/yoast-seo-wordpress\/ -->\n<title>Wurstsalatwanderung - Schwarzwaldverein St. Georgen e.V.<\/title>\n<meta name=\"robots\" content=\"index, follow, max-snippet:-1, max-image-preview:large, max-video-preview:-1\" \/>\n<link rel=\"canonical\" href=\"https:\/\/www.schwarzwaldverein-st-georgen.de\/index.php\/event\/wurstsalatwanderung-8\/\" \/>\n<meta property=\"og:locale\" content=\"de_DE\" \/>\n<meta property=\"og:type\" content=\"article\" \/>\n<meta property=\"og:title\" content=\"Wurstsalatwanderung - Schwarzwaldverein St. Georgen e.V.\" \/>\n<meta property=\"og:description\" content=\"Zum Ausklang der Wandersaison ein gem\u00fctlicher Spaziergang zu einem Lokal in der Region. N\u00e4heres im Schaukasten und in der Zeitung. Wanderf\u00fchrung: Heidi und Siegfried K\u00f6nig Gehzeit: Kategorie 2 Treffpunkt: , St. Georgen Anmeldung: 07724\/2802 Bildquelle: Sabine Dannecker, CC BY-ND\" \/>\n<meta property=\"og:url\" content=\"https:\/\/www.schwarzwaldverein-st-georgen.de\/index.php\/event\/wurstsalatwanderung-8\/\" \/>\n<meta property=\"og:site_name\" content=\"Schwarzwaldverein St. Georgen e.V.\" \/>\n<meta property=\"article:modified_time\" content=\"2025-02-25T14:45:04+00:00\" \/>\n<meta property=\"og:image\" content=\"https:\/\/www.schwarzwaldverein-st-georgen.de\/wp-content\/uploads\/20211030-182810_20211030_182811-scaled-tmkLFn.tmp_.jpg\" \/>\n\t<meta property=\"og:image:width\" content=\"2560\" \/>\n\t<meta property=\"og:image:height\" content=\"967\" \/>\n\t<meta property=\"og:image:type\" content=\"image\/jpeg\" \/>\n<meta name=\"twitter:card\" content=\"summary_large_image\" \/>\n<script type=\"application\/ld+json\" class=\"yoast-schema-graph\">{\"@context\":\"https:\/\/schema.org\",\"@graph\":[{\"@type\":\"WebPage\",\"@id\":\"https:\/\/www.schwarzwaldverein-st-georgen.de\/index.php\/event\/wurstsalatwanderung-8\/\",\"url\":\"https:\/\/www.schwarzwaldverein-st-georgen.de\/index.php\/event\/wurstsalatwanderung-8\/\",\"name\":\"Wurstsalatwanderung - Schwarzwaldverein St. Georgen e.V.\",\"isPartOf\":{\"@id\":\"https:\/\/www.schwarzwaldverein-st-georgen.de\/#website\"},\"primaryImageOfPage\":{\"@id\":\"https:\/\/www.schwarzwaldverein-st-georgen.de\/index.php\/event\/wurstsalatwanderung-8\/#primaryimage\"},\"image\":{\"@id\":\"https:\/\/www.schwarzwaldverein-st-georgen.de\/index.php\/event\/wurstsalatwanderung-8\/#primaryimage\"},\"thumbnailUrl\":\"https:\/\/www.schwarzwaldverein-st-georgen.de\/wp-content\/uploads\/20211030-182810_20211030_182811-scaled-tmkLFn.tmp_.jpg\",\"datePublished\":\"2025-02-10T10:14:47+00:00\",\"dateModified\":\"2025-02-25T14:45:04+00:00\",\"breadcrumb\":{\"@id\":\"https:\/\/www.schwarzwaldverein-st-georgen.de\/index.php\/event\/wurstsalatwanderung-8\/#breadcrumb\"},\"inLanguage\":\"de\",\"potentialAction\":[{\"@type\":\"ReadAction\",\"target\":[\"https:\/\/www.schwarzwaldverein-st-georgen.de\/index.php\/event\/wurstsalatwanderung-8\/\"]}]},{\"@type\":\"ImageObject\",\"inLanguage\":\"de\",\"@id\":\"https:\/\/www.schwarzwaldverein-st-georgen.de\/index.php\/event\/wurstsalatwanderung-8\/#primaryimage\",\"url\":\"https:\/\/www.schwarzwaldverein-st-georgen.de\/wp-content\/uploads\/20211030-182810_20211030_182811-scaled-tmkLFn.tmp_.jpg\",\"contentUrl\":\"https:\/\/www.schwarzwaldverein-st-georgen.de\/wp-content\/uploads\/20211030-182810_20211030_182811-scaled-tmkLFn.tmp_.jpg\",\"width\":2560,\"height\":967},{\"@type\":\"BreadcrumbList\",\"@id\":\"https:\/\/www.schwarzwaldverein-st-georgen.de\/index.php\/event\/wurstsalatwanderung-8\/#breadcrumb\",\"itemListElement\":[{\"@type\":\"ListItem\",\"position\":1,\"name\":\"Start\",\"item\":\"https:\/\/www.schwarzwaldverein-st-georgen.de\/\"},{\"@type\":\"ListItem\",\"position\":2,\"name\":\"Veranstaltungen\",\"item\":\"https:\/\/www.schwarzwaldverein-st-georgen.de\/index.php\/events\/\"},{\"@type\":\"ListItem\",\"position\":3,\"name\":\"Wurstsalatwanderung\"}]},{\"@type\":\"WebSite\",\"@id\":\"https:\/\/www.schwarzwaldverein-st-georgen.de\/#website\",\"url\":\"https:\/\/www.schwarzwaldverein-st-georgen.de\/\",\"name\":\"Schwarzwaldverein St. Georgen e.V.\",\"description\":\"Wandern, Wege, Naturschutz, Familien, Wanderheim Lindenb\u00fcble\",\"potentialAction\":[{\"@type\":\"SearchAction\",\"target\":{\"@type\":\"EntryPoint\",\"urlTemplate\":\"https:\/\/www.schwarzwaldverein-st-georgen.de\/?s={search_term_string}\"},\"query-input\":{\"@type\":\"PropertyValueSpecification\",\"valueRequired\":true,\"valueName\":\"search_term_string\"}}],\"inLanguage\":\"de\"}]}<\/script>\n<!-- \/ Yoast SEO plugin. -->","yoast_head_json":{"title":"Wurstsalatwanderung - Schwarzwaldverein St. Georgen e.V.","robots":{"index":"index","follow":"follow","max-snippet":"max-snippet:-1","max-image-preview":"max-image-preview:large","max-video-preview":"max-video-preview:-1"},"canonical":"https:\/\/www.schwarzwaldverein-st-georgen.de\/index.php\/event\/wurstsalatwanderung-8\/","og_locale":"de_DE","og_type":"article","og_title":"Wurstsalatwanderung - Schwarzwaldverein St. Georgen e.V.","og_description":"Zum Ausklang der Wandersaison ein gem\u00fctlicher Spaziergang zu einem Lokal in der Region. N\u00e4heres im Schaukasten und in der Zeitung. Wanderf\u00fchrung: Heidi und Siegfried K\u00f6nig Gehzeit: Kategorie 2 Treffpunkt: , St. Georgen Anmeldung: 07724\/2802 Bildquelle: Sabine Dannecker, CC BY-ND","og_url":"https:\/\/www.schwarzwaldverein-st-georgen.de\/index.php\/event\/wurstsalatwanderung-8\/","og_site_name":"Schwarzwaldverein St. Georgen e.V.","article_modified_time":"2025-02-25T14:45:04+00:00","og_image":[{"width":2560,"height":967,"url":"https:\/\/www.schwarzwaldverein-st-georgen.de\/wp-content\/uploads\/20211030-182810_20211030_182811-scaled-tmkLFn.tmp_.jpg","type":"image\/jpeg"}],"twitter_card":"summary_large_image","schema":{"@context":"https:\/\/schema.org","@graph":[{"@type":"WebPage","@id":"https:\/\/www.schwarzwaldverein-st-georgen.de\/index.php\/event\/wurstsalatwanderung-8\/","url":"https:\/\/www.schwarzwaldverein-st-georgen.de\/index.php\/event\/wurstsalatwanderung-8\/","name":"Wurstsalatwanderung - Schwarzwaldverein St. Georgen e.V.","isPartOf":{"@id":"https:\/\/www.schwarzwaldverein-st-georgen.de\/#website"},"primaryImageOfPage":{"@id":"https:\/\/www.schwarzwaldverein-st-georgen.de\/index.php\/event\/wurstsalatwanderung-8\/#primaryimage"},"image":{"@id":"https:\/\/www.schwarzwaldverein-st-georgen.de\/index.php\/event\/wurstsalatwanderung-8\/#primaryimage"},"thumbnailUrl":"https:\/\/www.schwarzwaldverein-st-georgen.de\/wp-content\/uploads\/20211030-182810_20211030_182811-scaled-tmkLFn.tmp_.jpg","datePublished":"2025-02-10T10:14:47+00:00","dateModified":"2025-02-25T14:45:04+00:00","breadcrumb":{"@id":"https:\/\/www.schwarzwaldverein-st-georgen.de\/index.php\/event\/wurstsalatwanderung-8\/#breadcrumb"},"inLanguage":"de","potentialAction":[{"@type":"ReadAction","target":["https:\/\/www.schwarzwaldverein-st-georgen.de\/index.php\/event\/wurstsalatwanderung-8\/"]}]},{"@type":"ImageObject","inLanguage":"de","@id":"https:\/\/www.schwarzwaldverein-st-georgen.de\/index.php\/event\/wurstsalatwanderung-8\/#primaryimage","url":"https:\/\/www.schwarzwaldverein-st-georgen.de\/wp-content\/uploads\/20211030-182810_20211030_182811-scaled-tmkLFn.tmp_.jpg","contentUrl":"https:\/\/www.schwarzwaldverein-st-georgen.de\/wp-content\/uploads\/20211030-182810_20211030_182811-scaled-tmkLFn.tmp_.jpg","width":2560,"height":967},{"@type":"BreadcrumbList","@id":"https:\/\/www.schwarzwaldverein-st-georgen.de\/index.php\/event\/wurstsalatwanderung-8\/#breadcrumb","itemListElement":[{"@type":"ListItem","position":1,"name":"Start","item":"https:\/\/www.schwarzwaldverein-st-georgen.de\/"},{"@type":"ListItem","position":2,"name":"Veranstaltungen","item":"https:\/\/www.schwarzwaldverein-st-georgen.de\/index.php\/events\/"},{"@type":"ListItem","position":3,"name":"Wurstsalatwanderung"}]},{"@type":"WebSite","@id":"https:\/\/www.schwarzwaldverein-st-georgen.de\/#website","url":"https:\/\/www.schwarzwaldverein-st-georgen.de\/","name":"Schwarzwaldverein St. Georgen e.V.","description":"Wandern, Wege, Naturschutz, Familien, Wanderheim Lindenb\u00fcble","potentialAction":[{"@type":"SearchAction","target":{"@type":"EntryPoint","urlTemplate":"https:\/\/www.schwarzwaldverein-st-georgen.de\/?s={search_term_string}"},"query-input":{"@type":"PropertyValueSpecification","valueRequired":true,"valueName":"search_term_string"}}],"inLanguage":"de"}]}},"ticketed":false,"_links":{"self":[{"href":"https:\/\/www.schwarzwaldverein-st-georgen.de\/index.php\/wp-json\/wp\/v2\/tribe_events\/2677","targetHints":{"allow":["GET"]}}],"collection":[{"href":"https:\/\/www.schwarzwaldverein-st-georgen.de\/index.php\/wp-json\/wp\/v2\/tribe_events"}],"about":[{"href":"https:\/\/www.schwarzwaldverein-st-georgen.de\/index.php\/wp-json\/wp\/v2\/types\/tribe_events"}],"author":[{"embeddable":true,"href":"https:\/\/www.schwarzwaldverein-st-georgen.de\/index.php\/wp-json\/wp\/v2\/users\/1"}],"replies":[{"embeddable":true,"href":"https:\/\/www.schwarzwaldverein-st-georgen.de\/index.php\/wp-json\/wp\/v2\/comments?post=2677"}],"version-history":[{"count":1,"href":"https:\/\/www.schwarzwaldverein-st-georgen.de\/index.php\/wp-json\/wp\/v2\/tribe_events\/2677\/revisions"}],"predecessor-version":[{"id":2695,"href":"https:\/\/www.schwarzwaldverein-st-georgen.de\/index.php\/wp-json\/wp\/v2\/tribe_events\/2677\/revisions\/2695"}],"wp:featuredmedia":[{"embeddable":true,"href":"https:\/\/www.schwarzwaldverein-st-georgen.de\/index.php\/wp-json\/wp\/v2\/media\/1874"}],"wp:attachment":[{"href":"https:\/\/www.schwarzwaldverein-st-georgen.de\/index.php\/wp-json\/wp\/v2\/media?parent=2677"}],"wp:term":[{"taxonomy":"post_tag","embeddable":true,"href":"https:\/\/www.schwarzwaldverein-st-georgen.de\/index.php\/wp-json\/wp\/v2\/tags?post=2677"},{"taxonomy":"tribe_events_cat","embeddable":true,"href":"https:\/\/www.schwarzwaldverein-st-georgen.de\/index.php\/wp-json\/wp\/v2\/tribe_events_cat?post=2677"}],"curies":[{"name":"wp","href":"https:\/\/api.w.org\/{rel}","templated":true}]}}

<p>Zum Ausklang der Wandersaison ein gemütlicher Spaziergang zu einem Lokal in der Region. Näheres im Schaukasten und in der Zeitung. </p>
<table>
<tbody>
<tr>
<td class="tdh_wp">Wanderführung: </td>
<td class="tdh_wp">Heidi und Siegfried König</td>
</tr>
<tr>
<td class="td_wp">Gehzeit:</td>
<td class="td_wp"></td>
</tr>
<tr>
<td class="td_wp">Kategorie 2</td>
<td class="td_wp"><img loading="lazy" decoding="async" class="alignnone" src="https://www.schwarzwaldverein-st-georgen.de/wp-content/uploads/gelbeRaute.png" alt="" width="30" height="16" /></td>
</tr>
<tr>
<td class="td_wp">Treffpunkt:</td>
<td class="td_wp">, St. Georgen</td>
</tr>
<tr>
<td class="td_wp">Anmeldung:</td>
<td class="td_wp">07724/2802</td>
</tr>
</tbody>
</table>
<p><small>Bildquelle: Sabine Dannecker, <a>CC BY-ND</a></small></p>

<p>Zum Ausklang der Wandersaison ein gemütlicher Spaziergang zu einem Lokal in der Region. Näheres im Schaukasten und in der Zeitung. Wanderführung: Heidi und Siegfried König Gehzeit: Kategorie 2 Treffpunkt: , St. Georgen Anmeldung: 07724/2802 Bildquelle: Sabine Dannecker, CC BY-ND</p>

<!-- This site is optimized with the Yoast SEO plugin v26.8 - https://yoast.com/product/yoast-seo-wordpress/ -->
<title>Wurstsalatwanderung - Schwarzwaldverein St. Georgen e.V.</title>
<meta name="robots" content="index, follow, max-snippet:-1, max-image-preview:large, max-video-preview:-1" />
<link rel="canonical" href="https://www.schwarzwaldverein-st-georgen.de/index.php/event/wurstsalatwanderung-8/" />
<meta property="og:locale" content="de_DE" />
<meta property="og:type" content="article" />
<meta property="og:title" content="Wurstsalatwanderung - Schwarzwaldverein St. Georgen e.V." />
<meta property="og:description" content="Zum Ausklang der Wandersaison ein gemütlicher Spaziergang zu einem Lokal in der Region. Näheres im Schaukasten und in der Zeitung. Wanderführung: Heidi und Siegfried König Gehzeit: Kategorie 2 Treffpunkt: , St. Georgen Anmeldung: 07724/2802 Bildquelle: Sabine Dannecker, CC BY-ND" />
<meta property="og:url" content="https://www.schwarzwaldverein-st-georgen.de/index.php/event/wurstsalatwanderung-8/" />
<meta property="og:site_name" content="Schwarzwaldverein St. Georgen e.V." />
<meta property="article:modified_time" content="2025-02-25T14:45:04+00:00" />
<meta property="og:image" content="https://www.schwarzwaldverein-st-georgen.de/wp-content/uploads/20211030-182810_20211030_182811-scaled-tmkLFn.tmp_.jpg" />
	<meta property="og:image:width" content="2560" />
	<meta property="og:image:height" content="967" />
	<meta property="og:image:type" content="image/jpeg" />
<meta name="twitter:card" content="summary_large_image" />
<script type="application/ld+json" class="yoast-schema-graph">{"@context":"https://schema.org","@graph":[{"@type":"WebPage","@id":"https://www.schwarzwaldverein-st-georgen.de/index.php/event/wurstsalatwanderung-8/","url":"https://www.schwarzwaldverein-st-georgen.de/index.php/event/wurstsalatwanderung-8/","name":"Wurstsalatwanderung - Schwarzwaldverein St. Georgen e.V.","isPartOf":{"@id":"https://www.schwarzwaldverein-st-georgen.de/#website"},"primaryImageOfPage":{"@id":"https://www.schwarzwaldverein-st-georgen.de/index.php/event/wurstsalatwanderung-8/#primaryimage"},"image":{"@id":"https://www.schwarzwaldverein-st-georgen.de/index.php/event/wurstsalatwanderung-8/#primaryimage"},"thumbnailUrl":"https://www.schwarzwaldverein-st-georgen.de/wp-content/uploads/20211030-182810_20211030_182811-scaled-tmkLFn.tmp_.jpg","datePublished":"2025-02-10T10:14:47+00:00","dateModified":"2025-02-25T14:45:04+00:00","breadcrumb":{"@id":"https://www.schwarzwaldverein-st-georgen.de/index.php/event/wurstsalatwanderung-8/#breadcrumb"},"inLanguage":"de","potentialAction":[{"@type":"ReadAction","target":["https://www.schwarzwaldverein-st-georgen.de/index.php/event/wurstsalatwanderung-8/"]}]},{"@type":"ImageObject","inLanguage":"de","@id":"https://www.schwarzwaldverein-st-georgen.de/index.php/event/wurstsalatwanderung-8/#primaryimage","url":"https://www.schwarzwaldverein-st-georgen.de/wp-content/uploads/20211030-182810_20211030_182811-scaled-tmkLFn.tmp_.jpg","contentUrl":"https://www.schwarzwaldverein-st-georgen.de/wp-content/uploads/20211030-182810_20211030_182811-scaled-tmkLFn.tmp_.jpg","width":2560,"height":967},{"@type":"BreadcrumbList","@id":"https://www.schwarzwaldverein-st-georgen.de/index.php/event/wurstsalatwanderung-8/#breadcrumb","itemListElement":[{"@type":"ListItem","position":1,"name":"Start","item":"https://www.schwarzwaldverein-st-georgen.de/"},{"@type":"ListItem","position":2,"name":"Veranstaltungen","item":"https://www.schwarzwaldverein-st-georgen.de/index.php/events/"},{"@type":"ListItem","position":3,"name":"Wurstsalatwanderung"}]},{"@type":"WebSite","@id":"https://www.schwarzwaldverein-st-georgen.de/#website","url":"https://www.schwarzwaldverein-st-georgen.de/","name":"Schwarzwaldverein St. Georgen e.V.","description":"Wandern, Wege, Naturschutz, Familien, Wanderheim Lindenbüble","potentialAction":[{"@type":"SearchAction","target":{"@type":"EntryPoint","urlTemplate":"https://www.schwarzwaldverein-st-georgen.de/?s={search_term_string}"},"query-input":{"@type":"PropertyValueSpecification","valueRequired":true,"valueName":"search_term_string"}}],"inLanguage":"de"}]}</script>
<!-- / Yoast SEO plugin. -->

Zum Ausklang der Wandersaison ein gemütlicher Spaziergang zu einem Lokal in der Region. Näheres im Schaukasten und in der Zeitung. Wanderführung: Heidi und Siegfried König Gehzeit: Kategorie 2 Treffpunkt: , St. Georgen Anmeldung: 07724/2802 Bildquelle: Sabine Dannecker, CC BY-ND

Wandern, Wege, Naturschutz, Familien, Wanderheim Lindenbüble
