{"id":2672,"date":"2025-02-10T11:14:32","date_gmt":"2025-02-10T10:14:32","guid":{"rendered":"https:\/\/www.schwarzwaldverein-st-georgen.de\/index.php\/event\/herbstfest-im-lindenbueble\/"},"modified":"2025-02-25T16:03:07","modified_gmt":"2025-02-25T15:03:07","slug":"herbstfest-im-lindenbueble","status":"publish","type":"tribe_events","link":"https:\/\/www.schwarzwaldverein-st-georgen.de\/index.php\/event\/herbstfest-im-lindenbueble\/","title":{"rendered":"Herbstfest im Lindenb\u00fcble"},"content":{"rendered":"<p>Wie jedes Jahr werden im Wanderheim frische Flammkuchen im Holzofen zubereitet. Hierzu gibt es frischen Apfelsaft und Most.<br \/>\nSonntag von 10.00 Uhr bis 18.00 Uhr<\/p>\n<table>\n<tbody>\n<tr>\n<td class=\"tdh_wp\">Wanderf\u00fchrung:<\/td>\n<td class=\"tdh_wp\">J\u00f6rg Linhard<\/td>\n<\/tr>\n<tr>\n<td class=\"td_wp\">Gehzeit:<\/td>\n<td class=\"td_wp\"><\/td>\n<\/tr>\n<tr>\n<td class=\"td_wp\">Treffpunkt:<\/td>\n<td class=\"td_wp\">10:00 Uhr, Wanderheim Lindenb\u00fcble<\/td>\n<\/tr>\n<tr>\n<td class=\"td_wp\">Anmeldung:<\/td>\n<td class=\"td_wp\"><\/td>\n<\/tr>\n<\/tbody>\n<\/table>\n<p><small>Bildquelle: Schwarzwaldverein St. Georgen e.V. <a>CC BY-ND<\/a><\/small><\/p>\n","protected":false},"excerpt":{"rendered":"<p>Wie jedes Jahr werden im Wanderheim frische Flammkuchen im Holzofen zubereitet. Hierzu gibt es frischen Apfelsaft und Most. Sonntag von 10.00 Uhr bis 18.00 Uhr Wanderf\u00fchrung: J\u00f6rg Linhard Gehzeit: Treffpunkt: 10:00 Uhr, Wanderheim Lindenb\u00fcble Anmeldung: Bildquelle: Schwarzwaldverein St. Georgen e.V. CC BY-ND<\/p>\n","protected":false},"author":1,"featured_media":2732,"comment_status":"closed","ping_status":"closed","template":"","meta":{"_price":"","_stock":"","_tribe_ticket_header":"","_tribe_default_ticket_provider":"","_ticket_start_date":"","_ticket_end_date":"","_tribe_ticket_show_description":"","_tribe_ticket_show_not_going":false,"_tribe_ticket_use_global_stock":"","_tribe_ticket_global_stock_level":"","_global_stock_mode":"","_global_stock_cap":"","_tribe_rsvp_for_event":"","_tribe_ticket_going_count":"","_tribe_ticket_not_going_count":"","_tribe_tickets_list":"[]","_tribe_ticket_has_attendee_info_fields":false,"_tribe_events_status":"","_tribe_events_status_reason":"","footnotes":"","_tec_slr_enabled":"","_tec_slr_layout":""},"tags":[],"tribe_events_cat":[2,10],"class_list":["post-2672","tribe_events","type-tribe_events","status-publish","has-post-thumbnail","hentry","tribe_events_cat-jahresprogramm","tribe_events_cat-veranstaltungen-fest","cat_jahresprogramm","cat_veranstaltungen-fest","nodate","item-wrap"],"yoast_head":"<!-- This site is optimized with the Yoast SEO plugin v26.8 - https:\/\/yoast.com\/product\/yoast-seo-wordpress\/ -->\n<title>Herbstfest im Lindenb\u00fcble - Schwarzwaldverein St. Georgen e.V.<\/title>\n<meta name=\"robots\" content=\"index, follow, max-snippet:-1, max-image-preview:large, max-video-preview:-1\" \/>\n<link rel=\"canonical\" href=\"https:\/\/www.schwarzwaldverein-st-georgen.de\/index.php\/event\/herbstfest-im-lindenbueble\/\" \/>\n<meta property=\"og:locale\" content=\"de_DE\" \/>\n<meta property=\"og:type\" content=\"article\" \/>\n<meta property=\"og:title\" content=\"Herbstfest im Lindenb\u00fcble - Schwarzwaldverein St. Georgen e.V.\" \/>\n<meta property=\"og:description\" content=\"Wie jedes Jahr werden im Wanderheim frische Flammkuchen im Holzofen zubereitet. Hierzu gibt es frischen Apfelsaft und Most. Sonntag von 10.00 Uhr bis 18.00 Uhr Wanderf\u00fchrung: J\u00f6rg Linhard Gehzeit: Treffpunkt: 10:00 Uhr, Wanderheim Lindenb\u00fcble Anmeldung: Bildquelle: Schwarzwaldverein St. Georgen e.V. CC BY-ND\" \/>\n<meta property=\"og:url\" content=\"https:\/\/www.schwarzwaldverein-st-georgen.de\/index.php\/event\/herbstfest-im-lindenbueble\/\" \/>\n<meta property=\"og:site_name\" content=\"Schwarzwaldverein St. Georgen e.V.\" \/>\n<meta property=\"article:modified_time\" content=\"2025-02-25T15:03:07+00:00\" \/>\n<meta property=\"og:image\" content=\"https:\/\/www.schwarzwaldverein-st-georgen.de\/wp-content\/uploads\/2025\/Herbstfest2025.png\" \/>\n\t<meta property=\"og:image:width\" content=\"697\" \/>\n\t<meta property=\"og:image:height\" content=\"914\" \/>\n\t<meta property=\"og:image:type\" content=\"image\/png\" \/>\n<meta name=\"twitter:card\" content=\"summary_large_image\" \/>\n<meta name=\"twitter:label1\" content=\"Gesch\u00e4tzte Lesezeit\" \/>\n\t<meta name=\"twitter:data1\" content=\"1\u00a0Minute\" \/>\n<script type=\"application\/ld+json\" class=\"yoast-schema-graph\">{\"@context\":\"https:\/\/schema.org\",\"@graph\":[{\"@type\":\"WebPage\",\"@id\":\"https:\/\/www.schwarzwaldverein-st-georgen.de\/index.php\/event\/herbstfest-im-lindenbueble\/\",\"url\":\"https:\/\/www.schwarzwaldverein-st-georgen.de\/index.php\/event\/herbstfest-im-lindenbueble\/\",\"name\":\"Herbstfest im Lindenb\u00fcble - Schwarzwaldverein St. Georgen e.V.\",\"isPartOf\":{\"@id\":\"https:\/\/www.schwarzwaldverein-st-georgen.de\/#website\"},\"primaryImageOfPage\":{\"@id\":\"https:\/\/www.schwarzwaldverein-st-georgen.de\/index.php\/event\/herbstfest-im-lindenbueble\/#primaryimage\"},\"image\":{\"@id\":\"https:\/\/www.schwarzwaldverein-st-georgen.de\/index.php\/event\/herbstfest-im-lindenbueble\/#primaryimage\"},\"thumbnailUrl\":\"https:\/\/www.schwarzwaldverein-st-georgen.de\/wp-content\/uploads\/2025\/Herbstfest2025.png\",\"datePublished\":\"2025-02-10T10:14:32+00:00\",\"dateModified\":\"2025-02-25T15:03:07+00:00\",\"breadcrumb\":{\"@id\":\"https:\/\/www.schwarzwaldverein-st-georgen.de\/index.php\/event\/herbstfest-im-lindenbueble\/#breadcrumb\"},\"inLanguage\":\"de\",\"potentialAction\":[{\"@type\":\"ReadAction\",\"target\":[\"https:\/\/www.schwarzwaldverein-st-georgen.de\/index.php\/event\/herbstfest-im-lindenbueble\/\"]}]},{\"@type\":\"ImageObject\",\"inLanguage\":\"de\",\"@id\":\"https:\/\/www.schwarzwaldverein-st-georgen.de\/index.php\/event\/herbstfest-im-lindenbueble\/#primaryimage\",\"url\":\"https:\/\/www.schwarzwaldverein-st-georgen.de\/wp-content\/uploads\/2025\/Herbstfest2025.png\",\"contentUrl\":\"https:\/\/www.schwarzwaldverein-st-georgen.de\/wp-content\/uploads\/2025\/Herbstfest2025.png\",\"width\":697,\"height\":914},{\"@type\":\"BreadcrumbList\",\"@id\":\"https:\/\/www.schwarzwaldverein-st-georgen.de\/index.php\/event\/herbstfest-im-lindenbueble\/#breadcrumb\",\"itemListElement\":[{\"@type\":\"ListItem\",\"position\":1,\"name\":\"Start\",\"item\":\"https:\/\/www.schwarzwaldverein-st-georgen.de\/\"},{\"@type\":\"ListItem\",\"position\":2,\"name\":\"Veranstaltungen\",\"item\":\"https:\/\/www.schwarzwaldverein-st-georgen.de\/index.php\/events\/\"},{\"@type\":\"ListItem\",\"position\":3,\"name\":\"Herbstfest im Lindenb\u00fcble\"}]},{\"@type\":\"WebSite\",\"@id\":\"https:\/\/www.schwarzwaldverein-st-georgen.de\/#website\",\"url\":\"https:\/\/www.schwarzwaldverein-st-georgen.de\/\",\"name\":\"Schwarzwaldverein St. Georgen e.V.\",\"description\":\"Wandern, Wege, Naturschutz, Familien, Wanderheim Lindenb\u00fcble\",\"potentialAction\":[{\"@type\":\"SearchAction\",\"target\":{\"@type\":\"EntryPoint\",\"urlTemplate\":\"https:\/\/www.schwarzwaldverein-st-georgen.de\/?s={search_term_string}\"},\"query-input\":{\"@type\":\"PropertyValueSpecification\",\"valueRequired\":true,\"valueName\":\"search_term_string\"}}],\"inLanguage\":\"de\"}]}<\/script>\n<!-- \/ Yoast SEO plugin. -->","yoast_head_json":{"title":"Herbstfest im Lindenb\u00fcble - Schwarzwaldverein St. Georgen e.V.","robots":{"index":"index","follow":"follow","max-snippet":"max-snippet:-1","max-image-preview":"max-image-preview:large","max-video-preview":"max-video-preview:-1"},"canonical":"https:\/\/www.schwarzwaldverein-st-georgen.de\/index.php\/event\/herbstfest-im-lindenbueble\/","og_locale":"de_DE","og_type":"article","og_title":"Herbstfest im Lindenb\u00fcble - Schwarzwaldverein St. Georgen e.V.","og_description":"Wie jedes Jahr werden im Wanderheim frische Flammkuchen im Holzofen zubereitet. Hierzu gibt es frischen Apfelsaft und Most. Sonntag von 10.00 Uhr bis 18.00 Uhr Wanderf\u00fchrung: J\u00f6rg Linhard Gehzeit: Treffpunkt: 10:00 Uhr, Wanderheim Lindenb\u00fcble Anmeldung: Bildquelle: Schwarzwaldverein St. Georgen e.V. CC BY-ND","og_url":"https:\/\/www.schwarzwaldverein-st-georgen.de\/index.php\/event\/herbstfest-im-lindenbueble\/","og_site_name":"Schwarzwaldverein St. Georgen e.V.","article_modified_time":"2025-02-25T15:03:07+00:00","og_image":[{"width":697,"height":914,"url":"https:\/\/www.schwarzwaldverein-st-georgen.de\/wp-content\/uploads\/2025\/Herbstfest2025.png","type":"image\/png"}],"twitter_card":"summary_large_image","twitter_misc":{"Gesch\u00e4tzte Lesezeit":"1\u00a0Minute"},"schema":{"@context":"https:\/\/schema.org","@graph":[{"@type":"WebPage","@id":"https:\/\/www.schwarzwaldverein-st-georgen.de\/index.php\/event\/herbstfest-im-lindenbueble\/","url":"https:\/\/www.schwarzwaldverein-st-georgen.de\/index.php\/event\/herbstfest-im-lindenbueble\/","name":"Herbstfest im Lindenb\u00fcble - Schwarzwaldverein St. Georgen e.V.","isPartOf":{"@id":"https:\/\/www.schwarzwaldverein-st-georgen.de\/#website"},"primaryImageOfPage":{"@id":"https:\/\/www.schwarzwaldverein-st-georgen.de\/index.php\/event\/herbstfest-im-lindenbueble\/#primaryimage"},"image":{"@id":"https:\/\/www.schwarzwaldverein-st-georgen.de\/index.php\/event\/herbstfest-im-lindenbueble\/#primaryimage"},"thumbnailUrl":"https:\/\/www.schwarzwaldverein-st-georgen.de\/wp-content\/uploads\/2025\/Herbstfest2025.png","datePublished":"2025-02-10T10:14:32+00:00","dateModified":"2025-02-25T15:03:07+00:00","breadcrumb":{"@id":"https:\/\/www.schwarzwaldverein-st-georgen.de\/index.php\/event\/herbstfest-im-lindenbueble\/#breadcrumb"},"inLanguage":"de","potentialAction":[{"@type":"ReadAction","target":["https:\/\/www.schwarzwaldverein-st-georgen.de\/index.php\/event\/herbstfest-im-lindenbueble\/"]}]},{"@type":"ImageObject","inLanguage":"de","@id":"https:\/\/www.schwarzwaldverein-st-georgen.de\/index.php\/event\/herbstfest-im-lindenbueble\/#primaryimage","url":"https:\/\/www.schwarzwaldverein-st-georgen.de\/wp-content\/uploads\/2025\/Herbstfest2025.png","contentUrl":"https:\/\/www.schwarzwaldverein-st-georgen.de\/wp-content\/uploads\/2025\/Herbstfest2025.png","width":697,"height":914},{"@type":"BreadcrumbList","@id":"https:\/\/www.schwarzwaldverein-st-georgen.de\/index.php\/event\/herbstfest-im-lindenbueble\/#breadcrumb","itemListElement":[{"@type":"ListItem","position":1,"name":"Start","item":"https:\/\/www.schwarzwaldverein-st-georgen.de\/"},{"@type":"ListItem","position":2,"name":"Veranstaltungen","item":"https:\/\/www.schwarzwaldverein-st-georgen.de\/index.php\/events\/"},{"@type":"ListItem","position":3,"name":"Herbstfest im Lindenb\u00fcble"}]},{"@type":"WebSite","@id":"https:\/\/www.schwarzwaldverein-st-georgen.de\/#website","url":"https:\/\/www.schwarzwaldverein-st-georgen.de\/","name":"Schwarzwaldverein St. Georgen e.V.","description":"Wandern, Wege, Naturschutz, Familien, Wanderheim Lindenb\u00fcble","potentialAction":[{"@type":"SearchAction","target":{"@type":"EntryPoint","urlTemplate":"https:\/\/www.schwarzwaldverein-st-georgen.de\/?s={search_term_string}"},"query-input":{"@type":"PropertyValueSpecification","valueRequired":true,"valueName":"search_term_string"}}],"inLanguage":"de"}]}},"ticketed":false,"_links":{"self":[{"href":"https:\/\/www.schwarzwaldverein-st-georgen.de\/index.php\/wp-json\/wp\/v2\/tribe_events\/2672","targetHints":{"allow":["GET"]}}],"collection":[{"href":"https:\/\/www.schwarzwaldverein-st-georgen.de\/index.php\/wp-json\/wp\/v2\/tribe_events"}],"about":[{"href":"https:\/\/www.schwarzwaldverein-st-georgen.de\/index.php\/wp-json\/wp\/v2\/types\/tribe_events"}],"author":[{"embeddable":true,"href":"https:\/\/www.schwarzwaldverein-st-georgen.de\/index.php\/wp-json\/wp\/v2\/users\/1"}],"replies":[{"embeddable":true,"href":"https:\/\/www.schwarzwaldverein-st-georgen.de\/index.php\/wp-json\/wp\/v2\/comments?post=2672"}],"version-history":[{"count":2,"href":"https:\/\/www.schwarzwaldverein-st-georgen.de\/index.php\/wp-json\/wp\/v2\/tribe_events\/2672\/revisions"}],"predecessor-version":[{"id":2734,"href":"https:\/\/www.schwarzwaldverein-st-georgen.de\/index.php\/wp-json\/wp\/v2\/tribe_events\/2672\/revisions\/2734"}],"wp:featuredmedia":[{"embeddable":true,"href":"https:\/\/www.schwarzwaldverein-st-georgen.de\/index.php\/wp-json\/wp\/v2\/media\/2732"}],"wp:attachment":[{"href":"https:\/\/www.schwarzwaldverein-st-georgen.de\/index.php\/wp-json\/wp\/v2\/media?parent=2672"}],"wp:term":[{"taxonomy":"post_tag","embeddable":true,"href":"https:\/\/www.schwarzwaldverein-st-georgen.de\/index.php\/wp-json\/wp\/v2\/tags?post=2672"},{"taxonomy":"tribe_events_cat","embeddable":true,"href":"https:\/\/www.schwarzwaldverein-st-georgen.de\/index.php\/wp-json\/wp\/v2\/tribe_events_cat?post=2672"}],"curies":[{"name":"wp","href":"https:\/\/api.w.org\/{rel}","templated":true}]}}

Herbstfest im Lindenbüble

<p>Wie jedes Jahr werden im Wanderheim frische Flammkuchen im Holzofen zubereitet. Hierzu gibt es frischen Apfelsaft und Most.<br />
Sonntag von 10.00 Uhr bis 18.00 Uhr</p>
<table>
<tbody>
<tr>
<td class="tdh_wp">Wanderführung:</td>
<td class="tdh_wp">Jörg Linhard</td>
</tr>
<tr>
<td class="td_wp">Gehzeit:</td>
<td class="td_wp"></td>
</tr>
<tr>
<td class="td_wp">Treffpunkt:</td>
<td class="td_wp">10:00 Uhr, Wanderheim Lindenbüble</td>
</tr>
<tr>
<td class="td_wp">Anmeldung:</td>
<td class="td_wp"></td>
</tr>
</tbody>
</table>
<p><small>Bildquelle: Schwarzwaldverein St. Georgen e.V. <a>CC BY-ND</a></small></p>

<p>Wie jedes Jahr werden im Wanderheim frische Flammkuchen im Holzofen zubereitet. Hierzu gibt es frischen Apfelsaft und Most. Sonntag von 10.00 Uhr bis 18.00 Uhr Wanderführung: Jörg Linhard Gehzeit: Treffpunkt: 10:00 Uhr, Wanderheim Lindenbüble Anmeldung: Bildquelle: Schwarzwaldverein St. Georgen e.V. CC BY-ND</p>

<!-- This site is optimized with the Yoast SEO plugin v26.8 - https://yoast.com/product/yoast-seo-wordpress/ -->
<title>Herbstfest im Lindenbüble - Schwarzwaldverein St. Georgen e.V.</title>
<meta name="robots" content="index, follow, max-snippet:-1, max-image-preview:large, max-video-preview:-1" />
<link rel="canonical" href="https://www.schwarzwaldverein-st-georgen.de/index.php/event/herbstfest-im-lindenbueble/" />
<meta property="og:locale" content="de_DE" />
<meta property="og:type" content="article" />
<meta property="og:title" content="Herbstfest im Lindenbüble - Schwarzwaldverein St. Georgen e.V." />
<meta property="og:description" content="Wie jedes Jahr werden im Wanderheim frische Flammkuchen im Holzofen zubereitet. Hierzu gibt es frischen Apfelsaft und Most. Sonntag von 10.00 Uhr bis 18.00 Uhr Wanderführung: Jörg Linhard Gehzeit: Treffpunkt: 10:00 Uhr, Wanderheim Lindenbüble Anmeldung: Bildquelle: Schwarzwaldverein St. Georgen e.V. CC BY-ND" />
<meta property="og:url" content="https://www.schwarzwaldverein-st-georgen.de/index.php/event/herbstfest-im-lindenbueble/" />
<meta property="og:site_name" content="Schwarzwaldverein St. Georgen e.V." />
<meta property="article:modified_time" content="2025-02-25T15:03:07+00:00" />
<meta property="og:image" content="https://www.schwarzwaldverein-st-georgen.de/wp-content/uploads/2025/Herbstfest2025.png" />
	<meta property="og:image:width" content="697" />
	<meta property="og:image:height" content="914" />
	<meta property="og:image:type" content="image/png" />
<meta name="twitter:card" content="summary_large_image" />
<meta name="twitter:label1" content="Geschätzte Lesezeit" />
	<meta name="twitter:data1" content="1 Minute" />
<script type="application/ld+json" class="yoast-schema-graph">{"@context":"https://schema.org","@graph":[{"@type":"WebPage","@id":"https://www.schwarzwaldverein-st-georgen.de/index.php/event/herbstfest-im-lindenbueble/","url":"https://www.schwarzwaldverein-st-georgen.de/index.php/event/herbstfest-im-lindenbueble/","name":"Herbstfest im Lindenbüble - Schwarzwaldverein St. Georgen e.V.","isPartOf":{"@id":"https://www.schwarzwaldverein-st-georgen.de/#website"},"primaryImageOfPage":{"@id":"https://www.schwarzwaldverein-st-georgen.de/index.php/event/herbstfest-im-lindenbueble/#primaryimage"},"image":{"@id":"https://www.schwarzwaldverein-st-georgen.de/index.php/event/herbstfest-im-lindenbueble/#primaryimage"},"thumbnailUrl":"https://www.schwarzwaldverein-st-georgen.de/wp-content/uploads/2025/Herbstfest2025.png","datePublished":"2025-02-10T10:14:32+00:00","dateModified":"2025-02-25T15:03:07+00:00","breadcrumb":{"@id":"https://www.schwarzwaldverein-st-georgen.de/index.php/event/herbstfest-im-lindenbueble/#breadcrumb"},"inLanguage":"de","potentialAction":[{"@type":"ReadAction","target":["https://www.schwarzwaldverein-st-georgen.de/index.php/event/herbstfest-im-lindenbueble/"]}]},{"@type":"ImageObject","inLanguage":"de","@id":"https://www.schwarzwaldverein-st-georgen.de/index.php/event/herbstfest-im-lindenbueble/#primaryimage","url":"https://www.schwarzwaldverein-st-georgen.de/wp-content/uploads/2025/Herbstfest2025.png","contentUrl":"https://www.schwarzwaldverein-st-georgen.de/wp-content/uploads/2025/Herbstfest2025.png","width":697,"height":914},{"@type":"BreadcrumbList","@id":"https://www.schwarzwaldverein-st-georgen.de/index.php/event/herbstfest-im-lindenbueble/#breadcrumb","itemListElement":[{"@type":"ListItem","position":1,"name":"Start","item":"https://www.schwarzwaldverein-st-georgen.de/"},{"@type":"ListItem","position":2,"name":"Veranstaltungen","item":"https://www.schwarzwaldverein-st-georgen.de/index.php/events/"},{"@type":"ListItem","position":3,"name":"Herbstfest im Lindenbüble"}]},{"@type":"WebSite","@id":"https://www.schwarzwaldverein-st-georgen.de/#website","url":"https://www.schwarzwaldverein-st-georgen.de/","name":"Schwarzwaldverein St. Georgen e.V.","description":"Wandern, Wege, Naturschutz, Familien, Wanderheim Lindenbüble","potentialAction":[{"@type":"SearchAction","target":{"@type":"EntryPoint","urlTemplate":"https://www.schwarzwaldverein-st-georgen.de/?s={search_term_string}"},"query-input":{"@type":"PropertyValueSpecification","valueRequired":true,"valueName":"search_term_string"}}],"inLanguage":"de"}]}</script>
<!-- / Yoast SEO plugin. -->

Herbstfest im Lindenbüble - Schwarzwaldverein St. Georgen e.V.

Wie jedes Jahr werden im Wanderheim frische Flammkuchen im Holzofen zubereitet. Hierzu gibt es frischen Apfelsaft und Most. Sonntag von 10.00 Uhr bis 18.00 Uhr Wanderführung: Jörg Linhard Gehzeit: Treffpunkt: 10:00 Uhr, Wanderheim Lindenbüble Anmeldung: Bildquelle: Schwarzwaldverein St. Georgen e.V. CC BY-ND

Wandern, Wege, Naturschutz, Familien, Wanderheim Lindenbüble
