{"id":2395,"date":"2024-01-30T15:36:21","date_gmt":"2024-01-30T14:36:21","guid":{"rendered":"https:\/\/www.schwarzwaldverein-st-georgen.de\/index.php\/event\/zollernburg-panoramaweg\/"},"modified":"2024-02-03T11:01:44","modified_gmt":"2024-02-03T10:01:44","slug":"zollernburg-panoramaweg","status":"publish","type":"tribe_events","link":"https:\/\/www.schwarzwaldverein-st-georgen.de\/index.php\/event\/zollernburg-panoramaweg\/","title":{"rendered":"Zollernburg Panoramaweg"},"content":{"rendered":"<p>on Albstadt-Onstmettingen auf die Albhochfl\u00e4che geht es \u00fcber den Heiligenkopf zum Zeller Horn. Immer wieder bieten sich \u00fcberw\u00e4ltigende Ausblicke auf die Burg Hohenzollern. Vorbei am Hangenden Stein geht es durch Wachholderheiden zum Raichbergturm. An klaren Tagen reicht der Blick bis zum Feldberg und zu den Alpen. \u00dcber den Dagersbrunnen geht es wieder zur\u00fcck zum Ausgangspunkt.  <\/p>\n<table>\n<tbody>\n<tr>\n<td class=\"tdh_wp\">Wanderf\u00fchrung: <\/td>\n<td class=\"tdh_wp\">Doris Krause<\/td>\n<\/tr>\n<tr>\n<td class=\"td_wp\">Gehzeit:<\/td>\n<td class=\"td_wp\">ca. 6 Std.<br \/>15,6 km, 412 m<\/td>\n<\/tr>\n<tr>\n<td class=\"td_wp\">Kategorie 3<\/td>\n<td class=\"td_wp\"><img loading=\"lazy\" decoding=\"async\" class=\"alignnone\" src=\"https:\/\/www.schwarzwaldverein-st-georgen.de\/wp-content\/uploads\/blaueRaute.png\" alt=\"\" width=\"30\" height=\"16\" \/><\/td>\n<\/tr>\n<tr>\n<td class=\"td_wp\">Treffpunkt:<\/td>\n<td class=\"td_wp\">08:30 Uhr, Parkplatz Klosterweiher<\/td>\n<\/tr>\n<tr>\n<td class=\"td_wp\">Anmeldung:<\/td>\n<td class=\"td_wp\">07724 \/ 4798<\/td>\n<\/tr>\n<\/tbody>\n<\/table>\n<p><small>Bildquelle: Albstadt Tourismus., <a>CC BY-ND<\/a><\/small><\/p>\n","protected":false},"excerpt":{"rendered":"<p>on Albstadt-Onstmettingen auf die Albhochfl\u00e4che geht es \u00fcber den Heiligenkopf zum Zeller Horn. Immer wieder bieten sich \u00fcberw\u00e4ltigende Ausblicke auf die Burg Hohenzollern. Vorbei am Hangenden Stein geht es durch Wachholderheiden zum Raichbergturm. An klaren Tagen reicht der Blick bis zum Feldberg und zu den Alpen. \u00dcber den Dagersbrunnen geht es wieder zur\u00fcck zum Ausgangspunkt. &hellip; <\/p>\n<p><a class=\"more-link btn\" href=\"https:\/\/www.schwarzwaldverein-st-georgen.de\/index.php\/event\/zollernburg-panoramaweg\/\">Weiterlesen<\/a><\/p>\n","protected":false},"author":1,"featured_media":2338,"comment_status":"closed","ping_status":"closed","template":"","meta":{"_price":"","_stock":"","_tribe_ticket_header":"","_tribe_default_ticket_provider":"","_ticket_start_date":"","_ticket_end_date":"","_tribe_ticket_show_description":"","_tribe_ticket_show_not_going":false,"_tribe_ticket_use_global_stock":"","_tribe_ticket_global_stock_level":"","_global_stock_mode":"","_global_stock_cap":"","_tribe_rsvp_for_event":"","_tribe_ticket_going_count":"","_tribe_ticket_not_going_count":"","_tribe_tickets_list":"[]","_tribe_ticket_has_attendee_info_fields":false,"_tribe_events_status":"","_tribe_events_status_reason":"","footnotes":"","_tec_slr_enabled":"","_tec_slr_layout":""},"tags":[],"tribe_events_cat":[2,7],"class_list":["post-2395","tribe_events","type-tribe_events","status-publish","has-post-thumbnail","hentry","tribe_events_cat-jahresprogramm","tribe_events_cat-wanderung","cat_jahresprogramm","cat_wanderung","nodate","item-wrap"],"yoast_head":"<!-- This site is optimized with the Yoast SEO plugin v26.8 - https:\/\/yoast.com\/product\/yoast-seo-wordpress\/ -->\n<title>Zollernburg Panoramaweg - Schwarzwaldverein St. Georgen e.V.<\/title>\n<meta name=\"robots\" content=\"index, follow, max-snippet:-1, max-image-preview:large, max-video-preview:-1\" \/>\n<link rel=\"canonical\" href=\"https:\/\/www.schwarzwaldverein-st-georgen.de\/index.php\/event\/zollernburg-panoramaweg\/\" \/>\n<meta property=\"og:locale\" content=\"de_DE\" \/>\n<meta property=\"og:type\" content=\"article\" \/>\n<meta property=\"og:title\" content=\"Zollernburg Panoramaweg - Schwarzwaldverein St. Georgen e.V.\" \/>\n<meta property=\"og:description\" content=\"on Albstadt-Onstmettingen auf die Albhochfl\u00e4che geht es \u00fcber den Heiligenkopf zum Zeller Horn. Immer wieder bieten sich \u00fcberw\u00e4ltigende Ausblicke auf die Burg Hohenzollern. Vorbei am Hangenden Stein geht es durch Wachholderheiden zum Raichbergturm. An klaren Tagen reicht der Blick bis zum Feldberg und zu den Alpen. \u00dcber den Dagersbrunnen geht es wieder zur\u00fcck zum Ausgangspunkt. &hellip; Weiterlesen\" \/>\n<meta property=\"og:url\" content=\"https:\/\/www.schwarzwaldverein-st-georgen.de\/index.php\/event\/zollernburg-panoramaweg\/\" \/>\n<meta property=\"og:site_name\" content=\"Schwarzwaldverein St. Georgen e.V.\" \/>\n<meta property=\"article:modified_time\" content=\"2024-02-03T10:01:44+00:00\" \/>\n<meta property=\"og:image\" content=\"https:\/\/www.schwarzwaldverein-st-georgen.de\/wp-content\/uploads\/2024\/Zollernburg.jpg\" \/>\n\t<meta property=\"og:image:width\" content=\"1900\" \/>\n\t<meta property=\"og:image:height\" content=\"1267\" \/>\n\t<meta property=\"og:image:type\" content=\"image\/jpeg\" \/>\n<meta name=\"twitter:card\" content=\"summary_large_image\" \/>\n<script type=\"application\/ld+json\" class=\"yoast-schema-graph\">{\"@context\":\"https:\/\/schema.org\",\"@graph\":[{\"@type\":\"WebPage\",\"@id\":\"https:\/\/www.schwarzwaldverein-st-georgen.de\/index.php\/event\/zollernburg-panoramaweg\/\",\"url\":\"https:\/\/www.schwarzwaldverein-st-georgen.de\/index.php\/event\/zollernburg-panoramaweg\/\",\"name\":\"Zollernburg Panoramaweg - Schwarzwaldverein St. Georgen e.V.\",\"isPartOf\":{\"@id\":\"https:\/\/www.schwarzwaldverein-st-georgen.de\/#website\"},\"primaryImageOfPage\":{\"@id\":\"https:\/\/www.schwarzwaldverein-st-georgen.de\/index.php\/event\/zollernburg-panoramaweg\/#primaryimage\"},\"image\":{\"@id\":\"https:\/\/www.schwarzwaldverein-st-georgen.de\/index.php\/event\/zollernburg-panoramaweg\/#primaryimage\"},\"thumbnailUrl\":\"https:\/\/www.schwarzwaldverein-st-georgen.de\/wp-content\/uploads\/2024\/Zollernburg.jpg\",\"datePublished\":\"2024-01-30T14:36:21+00:00\",\"dateModified\":\"2024-02-03T10:01:44+00:00\",\"breadcrumb\":{\"@id\":\"https:\/\/www.schwarzwaldverein-st-georgen.de\/index.php\/event\/zollernburg-panoramaweg\/#breadcrumb\"},\"inLanguage\":\"de\",\"potentialAction\":[{\"@type\":\"ReadAction\",\"target\":[\"https:\/\/www.schwarzwaldverein-st-georgen.de\/index.php\/event\/zollernburg-panoramaweg\/\"]}]},{\"@type\":\"ImageObject\",\"inLanguage\":\"de\",\"@id\":\"https:\/\/www.schwarzwaldverein-st-georgen.de\/index.php\/event\/zollernburg-panoramaweg\/#primaryimage\",\"url\":\"https:\/\/www.schwarzwaldverein-st-georgen.de\/wp-content\/uploads\/2024\/Zollernburg.jpg\",\"contentUrl\":\"https:\/\/www.schwarzwaldverein-st-georgen.de\/wp-content\/uploads\/2024\/Zollernburg.jpg\",\"width\":1900,\"height\":1267},{\"@type\":\"BreadcrumbList\",\"@id\":\"https:\/\/www.schwarzwaldverein-st-georgen.de\/index.php\/event\/zollernburg-panoramaweg\/#breadcrumb\",\"itemListElement\":[{\"@type\":\"ListItem\",\"position\":1,\"name\":\"Start\",\"item\":\"https:\/\/www.schwarzwaldverein-st-georgen.de\/\"},{\"@type\":\"ListItem\",\"position\":2,\"name\":\"Veranstaltungen\",\"item\":\"https:\/\/www.schwarzwaldverein-st-georgen.de\/index.php\/events\/\"},{\"@type\":\"ListItem\",\"position\":3,\"name\":\"Zollernburg Panoramaweg\"}]},{\"@type\":\"WebSite\",\"@id\":\"https:\/\/www.schwarzwaldverein-st-georgen.de\/#website\",\"url\":\"https:\/\/www.schwarzwaldverein-st-georgen.de\/\",\"name\":\"Schwarzwaldverein St. Georgen e.V.\",\"description\":\"Wandern, Wege, Naturschutz, Familien, Wanderheim Lindenb\u00fcble\",\"potentialAction\":[{\"@type\":\"SearchAction\",\"target\":{\"@type\":\"EntryPoint\",\"urlTemplate\":\"https:\/\/www.schwarzwaldverein-st-georgen.de\/?s={search_term_string}\"},\"query-input\":{\"@type\":\"PropertyValueSpecification\",\"valueRequired\":true,\"valueName\":\"search_term_string\"}}],\"inLanguage\":\"de\"}]}<\/script>\n<!-- \/ Yoast SEO plugin. -->","yoast_head_json":{"title":"Zollernburg Panoramaweg - Schwarzwaldverein St. Georgen e.V.","robots":{"index":"index","follow":"follow","max-snippet":"max-snippet:-1","max-image-preview":"max-image-preview:large","max-video-preview":"max-video-preview:-1"},"canonical":"https:\/\/www.schwarzwaldverein-st-georgen.de\/index.php\/event\/zollernburg-panoramaweg\/","og_locale":"de_DE","og_type":"article","og_title":"Zollernburg Panoramaweg - Schwarzwaldverein St. Georgen e.V.","og_description":"on Albstadt-Onstmettingen auf die Albhochfl\u00e4che geht es \u00fcber den Heiligenkopf zum Zeller Horn. Immer wieder bieten sich \u00fcberw\u00e4ltigende Ausblicke auf die Burg Hohenzollern. Vorbei am Hangenden Stein geht es durch Wachholderheiden zum Raichbergturm. An klaren Tagen reicht der Blick bis zum Feldberg und zu den Alpen. \u00dcber den Dagersbrunnen geht es wieder zur\u00fcck zum Ausgangspunkt. &hellip; Weiterlesen","og_url":"https:\/\/www.schwarzwaldverein-st-georgen.de\/index.php\/event\/zollernburg-panoramaweg\/","og_site_name":"Schwarzwaldverein St. Georgen e.V.","article_modified_time":"2024-02-03T10:01:44+00:00","og_image":[{"width":1900,"height":1267,"url":"https:\/\/www.schwarzwaldverein-st-georgen.de\/wp-content\/uploads\/2024\/Zollernburg.jpg","type":"image\/jpeg"}],"twitter_card":"summary_large_image","schema":{"@context":"https:\/\/schema.org","@graph":[{"@type":"WebPage","@id":"https:\/\/www.schwarzwaldverein-st-georgen.de\/index.php\/event\/zollernburg-panoramaweg\/","url":"https:\/\/www.schwarzwaldverein-st-georgen.de\/index.php\/event\/zollernburg-panoramaweg\/","name":"Zollernburg Panoramaweg - Schwarzwaldverein St. Georgen e.V.","isPartOf":{"@id":"https:\/\/www.schwarzwaldverein-st-georgen.de\/#website"},"primaryImageOfPage":{"@id":"https:\/\/www.schwarzwaldverein-st-georgen.de\/index.php\/event\/zollernburg-panoramaweg\/#primaryimage"},"image":{"@id":"https:\/\/www.schwarzwaldverein-st-georgen.de\/index.php\/event\/zollernburg-panoramaweg\/#primaryimage"},"thumbnailUrl":"https:\/\/www.schwarzwaldverein-st-georgen.de\/wp-content\/uploads\/2024\/Zollernburg.jpg","datePublished":"2024-01-30T14:36:21+00:00","dateModified":"2024-02-03T10:01:44+00:00","breadcrumb":{"@id":"https:\/\/www.schwarzwaldverein-st-georgen.de\/index.php\/event\/zollernburg-panoramaweg\/#breadcrumb"},"inLanguage":"de","potentialAction":[{"@type":"ReadAction","target":["https:\/\/www.schwarzwaldverein-st-georgen.de\/index.php\/event\/zollernburg-panoramaweg\/"]}]},{"@type":"ImageObject","inLanguage":"de","@id":"https:\/\/www.schwarzwaldverein-st-georgen.de\/index.php\/event\/zollernburg-panoramaweg\/#primaryimage","url":"https:\/\/www.schwarzwaldverein-st-georgen.de\/wp-content\/uploads\/2024\/Zollernburg.jpg","contentUrl":"https:\/\/www.schwarzwaldverein-st-georgen.de\/wp-content\/uploads\/2024\/Zollernburg.jpg","width":1900,"height":1267},{"@type":"BreadcrumbList","@id":"https:\/\/www.schwarzwaldverein-st-georgen.de\/index.php\/event\/zollernburg-panoramaweg\/#breadcrumb","itemListElement":[{"@type":"ListItem","position":1,"name":"Start","item":"https:\/\/www.schwarzwaldverein-st-georgen.de\/"},{"@type":"ListItem","position":2,"name":"Veranstaltungen","item":"https:\/\/www.schwarzwaldverein-st-georgen.de\/index.php\/events\/"},{"@type":"ListItem","position":3,"name":"Zollernburg Panoramaweg"}]},{"@type":"WebSite","@id":"https:\/\/www.schwarzwaldverein-st-georgen.de\/#website","url":"https:\/\/www.schwarzwaldverein-st-georgen.de\/","name":"Schwarzwaldverein St. Georgen e.V.","description":"Wandern, Wege, Naturschutz, Familien, Wanderheim Lindenb\u00fcble","potentialAction":[{"@type":"SearchAction","target":{"@type":"EntryPoint","urlTemplate":"https:\/\/www.schwarzwaldverein-st-georgen.de\/?s={search_term_string}"},"query-input":{"@type":"PropertyValueSpecification","valueRequired":true,"valueName":"search_term_string"}}],"inLanguage":"de"}]}},"ticketed":false,"_links":{"self":[{"href":"https:\/\/www.schwarzwaldverein-st-georgen.de\/index.php\/wp-json\/wp\/v2\/tribe_events\/2395","targetHints":{"allow":["GET"]}}],"collection":[{"href":"https:\/\/www.schwarzwaldverein-st-georgen.de\/index.php\/wp-json\/wp\/v2\/tribe_events"}],"about":[{"href":"https:\/\/www.schwarzwaldverein-st-georgen.de\/index.php\/wp-json\/wp\/v2\/types\/tribe_events"}],"author":[{"embeddable":true,"href":"https:\/\/www.schwarzwaldverein-st-georgen.de\/index.php\/wp-json\/wp\/v2\/users\/1"}],"replies":[{"embeddable":true,"href":"https:\/\/www.schwarzwaldverein-st-georgen.de\/index.php\/wp-json\/wp\/v2\/comments?post=2395"}],"version-history":[{"count":1,"href":"https:\/\/www.schwarzwaldverein-st-georgen.de\/index.php\/wp-json\/wp\/v2\/tribe_events\/2395\/revisions"}],"predecessor-version":[{"id":2431,"href":"https:\/\/www.schwarzwaldverein-st-georgen.de\/index.php\/wp-json\/wp\/v2\/tribe_events\/2395\/revisions\/2431"}],"wp:featuredmedia":[{"embeddable":true,"href":"https:\/\/www.schwarzwaldverein-st-georgen.de\/index.php\/wp-json\/wp\/v2\/media\/2338"}],"wp:attachment":[{"href":"https:\/\/www.schwarzwaldverein-st-georgen.de\/index.php\/wp-json\/wp\/v2\/media?parent=2395"}],"wp:term":[{"taxonomy":"post_tag","embeddable":true,"href":"https:\/\/www.schwarzwaldverein-st-georgen.de\/index.php\/wp-json\/wp\/v2\/tags?post=2395"},{"taxonomy":"tribe_events_cat","embeddable":true,"href":"https:\/\/www.schwarzwaldverein-st-georgen.de\/index.php\/wp-json\/wp\/v2\/tribe_events_cat?post=2395"}],"curies":[{"name":"wp","href":"https:\/\/api.w.org\/{rel}","templated":true}]}}

<p>on Albstadt-Onstmettingen auf die Albhochfläche geht es über den Heiligenkopf zum Zeller Horn. Immer wieder bieten sich überwältigende Ausblicke auf die Burg Hohenzollern. Vorbei am Hangenden Stein geht es durch Wachholderheiden zum Raichbergturm. An klaren Tagen reicht der Blick bis zum Feldberg und zu den Alpen. Über den Dagersbrunnen geht es wieder zurück zum Ausgangspunkt.  </p>
<table>
<tbody>
<tr>
<td class="tdh_wp">Wanderführung: </td>
<td class="tdh_wp">Doris Krause</td>
</tr>
<tr>
<td class="td_wp">Gehzeit:</td>
<td class="td_wp">ca. 6 Std.<br />15,6 km, 412 m</td>
</tr>
<tr>
<td class="td_wp">Kategorie 3</td>
<td class="td_wp"><img loading="lazy" decoding="async" class="alignnone" src="https://www.schwarzwaldverein-st-georgen.de/wp-content/uploads/blaueRaute.png" alt="" width="30" height="16" /></td>
</tr>
<tr>
<td class="td_wp">Treffpunkt:</td>
<td class="td_wp">08:30 Uhr, Parkplatz Klosterweiher</td>
</tr>
<tr>
<td class="td_wp">Anmeldung:</td>
<td class="td_wp">07724 / 4798</td>
</tr>
</tbody>
</table>
<p><small>Bildquelle: Albstadt Tourismus., <a>CC BY-ND</a></small></p>

<p>on Albstadt-Onstmettingen auf die Albhochfläche geht es über den Heiligenkopf zum Zeller Horn. Immer wieder bieten sich überwältigende Ausblicke auf die Burg Hohenzollern. Vorbei am Hangenden Stein geht es durch Wachholderheiden zum Raichbergturm. An klaren Tagen reicht der Blick bis zum Feldberg und zu den Alpen. Über den Dagersbrunnen geht es wieder zurück zum Ausgangspunkt. &hellip; </p>
<p><a class="more-link btn" href="https://www.schwarzwaldverein-st-georgen.de/index.php/event/zollernburg-panoramaweg/">Weiterlesen</a></p>

<!-- This site is optimized with the Yoast SEO plugin v26.8 - https://yoast.com/product/yoast-seo-wordpress/ -->
<title>Zollernburg Panoramaweg - Schwarzwaldverein St. Georgen e.V.</title>
<meta name="robots" content="index, follow, max-snippet:-1, max-image-preview:large, max-video-preview:-1" />
<link rel="canonical" href="https://www.schwarzwaldverein-st-georgen.de/index.php/event/zollernburg-panoramaweg/" />
<meta property="og:locale" content="de_DE" />
<meta property="og:type" content="article" />
<meta property="og:title" content="Zollernburg Panoramaweg - Schwarzwaldverein St. Georgen e.V." />
<meta property="og:description" content="on Albstadt-Onstmettingen auf die Albhochfläche geht es über den Heiligenkopf zum Zeller Horn. Immer wieder bieten sich überwältigende Ausblicke auf die Burg Hohenzollern. Vorbei am Hangenden Stein geht es durch Wachholderheiden zum Raichbergturm. An klaren Tagen reicht der Blick bis zum Feldberg und zu den Alpen. Über den Dagersbrunnen geht es wieder zurück zum Ausgangspunkt. &hellip; Weiterlesen" />
<meta property="og:url" content="https://www.schwarzwaldverein-st-georgen.de/index.php/event/zollernburg-panoramaweg/" />
<meta property="og:site_name" content="Schwarzwaldverein St. Georgen e.V." />
<meta property="article:modified_time" content="2024-02-03T10:01:44+00:00" />
<meta property="og:image" content="https://www.schwarzwaldverein-st-georgen.de/wp-content/uploads/2024/Zollernburg.jpg" />
	<meta property="og:image:width" content="1900" />
	<meta property="og:image:height" content="1267" />
	<meta property="og:image:type" content="image/jpeg" />
<meta name="twitter:card" content="summary_large_image" />
<script type="application/ld+json" class="yoast-schema-graph">{"@context":"https://schema.org","@graph":[{"@type":"WebPage","@id":"https://www.schwarzwaldverein-st-georgen.de/index.php/event/zollernburg-panoramaweg/","url":"https://www.schwarzwaldverein-st-georgen.de/index.php/event/zollernburg-panoramaweg/","name":"Zollernburg Panoramaweg - Schwarzwaldverein St. Georgen e.V.","isPartOf":{"@id":"https://www.schwarzwaldverein-st-georgen.de/#website"},"primaryImageOfPage":{"@id":"https://www.schwarzwaldverein-st-georgen.de/index.php/event/zollernburg-panoramaweg/#primaryimage"},"image":{"@id":"https://www.schwarzwaldverein-st-georgen.de/index.php/event/zollernburg-panoramaweg/#primaryimage"},"thumbnailUrl":"https://www.schwarzwaldverein-st-georgen.de/wp-content/uploads/2024/Zollernburg.jpg","datePublished":"2024-01-30T14:36:21+00:00","dateModified":"2024-02-03T10:01:44+00:00","breadcrumb":{"@id":"https://www.schwarzwaldverein-st-georgen.de/index.php/event/zollernburg-panoramaweg/#breadcrumb"},"inLanguage":"de","potentialAction":[{"@type":"ReadAction","target":["https://www.schwarzwaldverein-st-georgen.de/index.php/event/zollernburg-panoramaweg/"]}]},{"@type":"ImageObject","inLanguage":"de","@id":"https://www.schwarzwaldverein-st-georgen.de/index.php/event/zollernburg-panoramaweg/#primaryimage","url":"https://www.schwarzwaldverein-st-georgen.de/wp-content/uploads/2024/Zollernburg.jpg","contentUrl":"https://www.schwarzwaldverein-st-georgen.de/wp-content/uploads/2024/Zollernburg.jpg","width":1900,"height":1267},{"@type":"BreadcrumbList","@id":"https://www.schwarzwaldverein-st-georgen.de/index.php/event/zollernburg-panoramaweg/#breadcrumb","itemListElement":[{"@type":"ListItem","position":1,"name":"Start","item":"https://www.schwarzwaldverein-st-georgen.de/"},{"@type":"ListItem","position":2,"name":"Veranstaltungen","item":"https://www.schwarzwaldverein-st-georgen.de/index.php/events/"},{"@type":"ListItem","position":3,"name":"Zollernburg Panoramaweg"}]},{"@type":"WebSite","@id":"https://www.schwarzwaldverein-st-georgen.de/#website","url":"https://www.schwarzwaldverein-st-georgen.de/","name":"Schwarzwaldverein St. Georgen e.V.","description":"Wandern, Wege, Naturschutz, Familien, Wanderheim Lindenbüble","potentialAction":[{"@type":"SearchAction","target":{"@type":"EntryPoint","urlTemplate":"https://www.schwarzwaldverein-st-georgen.de/?s={search_term_string}"},"query-input":{"@type":"PropertyValueSpecification","valueRequired":true,"valueName":"search_term_string"}}],"inLanguage":"de"}]}</script>
<!-- / Yoast SEO plugin. -->

on Albstadt-Onstmettingen auf die Albhochfläche geht es über den Heiligenkopf zum Zeller Horn. Immer wieder bieten sich überwältigende Ausblicke auf die Burg Hohenzollern. Vorbei am Hangenden Stein geht es durch Wachholderheiden zum Raichbergturm. An klaren Tagen reicht der Blick bis zum Feldberg und zu den Alpen. Über den Dagersbrunnen geht es wieder zurück zum Ausgangspunkt. &hellip; Weiterlesen

Wandern, Wege, Naturschutz, Familien, Wanderheim Lindenbüble
