{"id":1073,"date":"2020-02-16T11:35:51","date_gmt":"2020-02-16T10:35:51","guid":{"rendered":"https:\/\/www.schwarzwaldverein-st-georgen.de\/?post_type=tribe_events&#038;p=1073"},"modified":"2020-09-01T12:12:43","modified_gmt":"2020-09-01T10:12:43","slug":"kniebiser-heimatpfad","status":"publish","type":"tribe_events","link":"https:\/\/www.schwarzwaldverein-st-georgen.de\/index.php\/event\/kniebiser-heimatpfad\/","title":{"rendered":"** ABGESAGT ** Kniebiser Heimatpfad"},"content":{"rendered":"<p>Leider wegen Krankheit abgesagt.<\/p>\n<p>Der Kniebiser Heimatpfad f\u00fchrt durch Wald, Heide, Moor und besiedeltes Gebiet rund um das Dorf. Am Ende des liebevoll gestalteten Wegs geht es zur Aussichtsplattform Elbbachseeblick. An die Wanderung schlie\u00dft sich ein Rundgang \u00fcber den gr\u00f6\u00dften Marktplatz Deutschland in Freudenstadt und eine Schlu\u00dfeinkehr an.<\/p>\n<table>\n<tbody>\n<tr>\n<td class=\"tdh_wp\">Wanderf\u00fchrer:<\/td>\n<td class=\"tdh_wp\">Sabine Dannecker; Organisation: Peter Meixner<\/td>\n<\/tr>\n<tr>\n<td class=\"td_wp\">Gehzeit:<\/td>\n<td class=\"td_wp\">3 Std.<br \/>\n10 km,<\/td>\n<\/tr>\n<tr>\n<td class=\"td_wp\">Kategorie 2<\/td>\n<td class=\"td_wp\"><img loading=\"lazy\" decoding=\"async\" class=\"alignnone\" src=\"https:\/\/www.schwarzwaldverein-st-georgen.de\/wp-content\/uploads\/gelbeRaute.png\" alt=\"\" width=\"30\" height=\"16\" \/><\/td>\n<\/tr>\n<tr>\n<td class=\"td_wp\">Treffpunkt:<\/td>\n<td class=\"td_wp\">09:30 Uhr, Klosterweiher<\/td>\n<\/tr>\n<tr>\n<td class=\"td_wp\">Anmeldung:<\/td>\n<td class=\"td_wp\">07724\/916635<\/td>\n<\/tr>\n<\/tbody>\n<\/table>\n<p><small>Bildquelle: Outdooractive Redaktion, <a>CC BY-ND<\/a> <\/small><\/p>\n","protected":false},"excerpt":{"rendered":"<p>Leider wegen Krankheit abgesagt. Der Kniebiser Heimatpfad f\u00fchrt durch Wald, Heide, Moor und besiedeltes Gebiet rund um das Dorf. Am Ende des liebevoll gestalteten Wegs geht es zur Aussichtsplattform Elbbachseeblick. An die Wanderung schlie\u00dft sich ein Rundgang \u00fcber den gr\u00f6\u00dften Marktplatz Deutschland in Freudenstadt und eine Schlu\u00dfeinkehr an. Wanderf\u00fchrer: Sabine Dannecker; Organisation: Peter Meixner Gehzeit: &hellip; <\/p>\n<p><a class=\"more-link btn\" href=\"https:\/\/www.schwarzwaldverein-st-georgen.de\/index.php\/event\/kniebiser-heimatpfad\/\">Weiterlesen<\/a><\/p>\n","protected":false},"author":1,"featured_media":1016,"comment_status":"closed","ping_status":"closed","template":"","meta":{"_price":"","_stock":"","_tribe_ticket_header":"","_tribe_default_ticket_provider":"","_ticket_start_date":"","_ticket_end_date":"","_tribe_ticket_show_description":"","_tribe_ticket_show_not_going":false,"_tribe_ticket_use_global_stock":"","_tribe_ticket_global_stock_level":"","_global_stock_mode":"","_global_stock_cap":"","_tribe_rsvp_for_event":"","_tribe_ticket_going_count":"","_tribe_ticket_not_going_count":"","_tribe_tickets_list":"[]","_tribe_ticket_has_attendee_info_fields":false,"_tribe_events_status":"","_tribe_events_status_reason":"","footnotes":"","_tec_slr_enabled":"","_tec_slr_layout":""},"tags":[],"tribe_events_cat":[2,7],"class_list":["post-1073","tribe_events","type-tribe_events","status-publish","has-post-thumbnail","hentry","tribe_events_cat-jahresprogramm","tribe_events_cat-wanderung","cat_jahresprogramm","cat_wanderung","nodate","item-wrap"],"yoast_head":"<!-- This site is optimized with the Yoast SEO plugin v26.8 - https:\/\/yoast.com\/product\/yoast-seo-wordpress\/ -->\n<title>** ABGESAGT ** Kniebiser Heimatpfad - Schwarzwaldverein St. Georgen e.V.<\/title>\n<meta name=\"robots\" content=\"index, follow, max-snippet:-1, max-image-preview:large, max-video-preview:-1\" \/>\n<link rel=\"canonical\" href=\"https:\/\/www.schwarzwaldverein-st-georgen.de\/index.php\/event\/kniebiser-heimatpfad\/\" \/>\n<meta property=\"og:locale\" content=\"de_DE\" \/>\n<meta property=\"og:type\" content=\"article\" \/>\n<meta property=\"og:title\" content=\"** ABGESAGT ** Kniebiser Heimatpfad - Schwarzwaldverein St. Georgen e.V.\" \/>\n<meta property=\"og:description\" content=\"Leider wegen Krankheit abgesagt. Der Kniebiser Heimatpfad f\u00fchrt durch Wald, Heide, Moor und besiedeltes Gebiet rund um das Dorf. Am Ende des liebevoll gestalteten Wegs geht es zur Aussichtsplattform Elbbachseeblick. An die Wanderung schlie\u00dft sich ein Rundgang \u00fcber den gr\u00f6\u00dften Marktplatz Deutschland in Freudenstadt und eine Schlu\u00dfeinkehr an. Wanderf\u00fchrer: Sabine Dannecker; Organisation: Peter Meixner Gehzeit: &hellip; Weiterlesen\" \/>\n<meta property=\"og:url\" content=\"https:\/\/www.schwarzwaldverein-st-georgen.de\/index.php\/event\/kniebiser-heimatpfad\/\" \/>\n<meta property=\"og:site_name\" content=\"Schwarzwaldverein St. Georgen e.V.\" \/>\n<meta property=\"article:modified_time\" content=\"2020-09-01T10:12:43+00:00\" \/>\n<meta property=\"og:image\" content=\"https:\/\/www.schwarzwaldverein-st-georgen.de\/wp-content\/uploads\/2020\/aussichtsplattform.jpg\" \/>\n\t<meta property=\"og:image:width\" content=\"2048\" \/>\n\t<meta property=\"og:image:height\" content=\"1536\" \/>\n\t<meta property=\"og:image:type\" content=\"image\/jpeg\" \/>\n<meta name=\"twitter:card\" content=\"summary_large_image\" \/>\n<script type=\"application\/ld+json\" class=\"yoast-schema-graph\">{\"@context\":\"https:\/\/schema.org\",\"@graph\":[{\"@type\":\"WebPage\",\"@id\":\"https:\/\/www.schwarzwaldverein-st-georgen.de\/index.php\/event\/kniebiser-heimatpfad\/\",\"url\":\"https:\/\/www.schwarzwaldverein-st-georgen.de\/index.php\/event\/kniebiser-heimatpfad\/\",\"name\":\"** ABGESAGT ** Kniebiser Heimatpfad - Schwarzwaldverein St. Georgen e.V.\",\"isPartOf\":{\"@id\":\"https:\/\/www.schwarzwaldverein-st-georgen.de\/#website\"},\"primaryImageOfPage\":{\"@id\":\"https:\/\/www.schwarzwaldverein-st-georgen.de\/index.php\/event\/kniebiser-heimatpfad\/#primaryimage\"},\"image\":{\"@id\":\"https:\/\/www.schwarzwaldverein-st-georgen.de\/index.php\/event\/kniebiser-heimatpfad\/#primaryimage\"},\"thumbnailUrl\":\"https:\/\/www.schwarzwaldverein-st-georgen.de\/wp-content\/uploads\/2020\/aussichtsplattform.jpg\",\"datePublished\":\"2020-02-16T10:35:51+00:00\",\"dateModified\":\"2020-09-01T10:12:43+00:00\",\"breadcrumb\":{\"@id\":\"https:\/\/www.schwarzwaldverein-st-georgen.de\/index.php\/event\/kniebiser-heimatpfad\/#breadcrumb\"},\"inLanguage\":\"de\",\"potentialAction\":[{\"@type\":\"ReadAction\",\"target\":[\"https:\/\/www.schwarzwaldverein-st-georgen.de\/index.php\/event\/kniebiser-heimatpfad\/\"]}]},{\"@type\":\"ImageObject\",\"inLanguage\":\"de\",\"@id\":\"https:\/\/www.schwarzwaldverein-st-georgen.de\/index.php\/event\/kniebiser-heimatpfad\/#primaryimage\",\"url\":\"https:\/\/www.schwarzwaldverein-st-georgen.de\/wp-content\/uploads\/2020\/aussichtsplattform.jpg\",\"contentUrl\":\"https:\/\/www.schwarzwaldverein-st-georgen.de\/wp-content\/uploads\/2020\/aussichtsplattform.jpg\",\"width\":2048,\"height\":1536},{\"@type\":\"BreadcrumbList\",\"@id\":\"https:\/\/www.schwarzwaldverein-st-georgen.de\/index.php\/event\/kniebiser-heimatpfad\/#breadcrumb\",\"itemListElement\":[{\"@type\":\"ListItem\",\"position\":1,\"name\":\"Start\",\"item\":\"https:\/\/www.schwarzwaldverein-st-georgen.de\/\"},{\"@type\":\"ListItem\",\"position\":2,\"name\":\"Veranstaltungen\",\"item\":\"https:\/\/www.schwarzwaldverein-st-georgen.de\/index.php\/events\/\"},{\"@type\":\"ListItem\",\"position\":3,\"name\":\"** ABGESAGT ** Kniebiser Heimatpfad\"}]},{\"@type\":\"WebSite\",\"@id\":\"https:\/\/www.schwarzwaldverein-st-georgen.de\/#website\",\"url\":\"https:\/\/www.schwarzwaldverein-st-georgen.de\/\",\"name\":\"Schwarzwaldverein St. Georgen e.V.\",\"description\":\"Wandern, Wege, Naturschutz, Familien, Wanderheim Lindenb\u00fcble\",\"potentialAction\":[{\"@type\":\"SearchAction\",\"target\":{\"@type\":\"EntryPoint\",\"urlTemplate\":\"https:\/\/www.schwarzwaldverein-st-georgen.de\/?s={search_term_string}\"},\"query-input\":{\"@type\":\"PropertyValueSpecification\",\"valueRequired\":true,\"valueName\":\"search_term_string\"}}],\"inLanguage\":\"de\"}]}<\/script>\n<!-- \/ Yoast SEO plugin. -->","yoast_head_json":{"title":"** ABGESAGT ** Kniebiser Heimatpfad - Schwarzwaldverein St. Georgen e.V.","robots":{"index":"index","follow":"follow","max-snippet":"max-snippet:-1","max-image-preview":"max-image-preview:large","max-video-preview":"max-video-preview:-1"},"canonical":"https:\/\/www.schwarzwaldverein-st-georgen.de\/index.php\/event\/kniebiser-heimatpfad\/","og_locale":"de_DE","og_type":"article","og_title":"** ABGESAGT ** Kniebiser Heimatpfad - Schwarzwaldverein St. Georgen e.V.","og_description":"Leider wegen Krankheit abgesagt. Der Kniebiser Heimatpfad f\u00fchrt durch Wald, Heide, Moor und besiedeltes Gebiet rund um das Dorf. Am Ende des liebevoll gestalteten Wegs geht es zur Aussichtsplattform Elbbachseeblick. An die Wanderung schlie\u00dft sich ein Rundgang \u00fcber den gr\u00f6\u00dften Marktplatz Deutschland in Freudenstadt und eine Schlu\u00dfeinkehr an. Wanderf\u00fchrer: Sabine Dannecker; Organisation: Peter Meixner Gehzeit: &hellip; Weiterlesen","og_url":"https:\/\/www.schwarzwaldverein-st-georgen.de\/index.php\/event\/kniebiser-heimatpfad\/","og_site_name":"Schwarzwaldverein St. Georgen e.V.","article_modified_time":"2020-09-01T10:12:43+00:00","og_image":[{"width":2048,"height":1536,"url":"https:\/\/www.schwarzwaldverein-st-georgen.de\/wp-content\/uploads\/2020\/aussichtsplattform.jpg","type":"image\/jpeg"}],"twitter_card":"summary_large_image","schema":{"@context":"https:\/\/schema.org","@graph":[{"@type":"WebPage","@id":"https:\/\/www.schwarzwaldverein-st-georgen.de\/index.php\/event\/kniebiser-heimatpfad\/","url":"https:\/\/www.schwarzwaldverein-st-georgen.de\/index.php\/event\/kniebiser-heimatpfad\/","name":"** ABGESAGT ** Kniebiser Heimatpfad - Schwarzwaldverein St. Georgen e.V.","isPartOf":{"@id":"https:\/\/www.schwarzwaldverein-st-georgen.de\/#website"},"primaryImageOfPage":{"@id":"https:\/\/www.schwarzwaldverein-st-georgen.de\/index.php\/event\/kniebiser-heimatpfad\/#primaryimage"},"image":{"@id":"https:\/\/www.schwarzwaldverein-st-georgen.de\/index.php\/event\/kniebiser-heimatpfad\/#primaryimage"},"thumbnailUrl":"https:\/\/www.schwarzwaldverein-st-georgen.de\/wp-content\/uploads\/2020\/aussichtsplattform.jpg","datePublished":"2020-02-16T10:35:51+00:00","dateModified":"2020-09-01T10:12:43+00:00","breadcrumb":{"@id":"https:\/\/www.schwarzwaldverein-st-georgen.de\/index.php\/event\/kniebiser-heimatpfad\/#breadcrumb"},"inLanguage":"de","potentialAction":[{"@type":"ReadAction","target":["https:\/\/www.schwarzwaldverein-st-georgen.de\/index.php\/event\/kniebiser-heimatpfad\/"]}]},{"@type":"ImageObject","inLanguage":"de","@id":"https:\/\/www.schwarzwaldverein-st-georgen.de\/index.php\/event\/kniebiser-heimatpfad\/#primaryimage","url":"https:\/\/www.schwarzwaldverein-st-georgen.de\/wp-content\/uploads\/2020\/aussichtsplattform.jpg","contentUrl":"https:\/\/www.schwarzwaldverein-st-georgen.de\/wp-content\/uploads\/2020\/aussichtsplattform.jpg","width":2048,"height":1536},{"@type":"BreadcrumbList","@id":"https:\/\/www.schwarzwaldverein-st-georgen.de\/index.php\/event\/kniebiser-heimatpfad\/#breadcrumb","itemListElement":[{"@type":"ListItem","position":1,"name":"Start","item":"https:\/\/www.schwarzwaldverein-st-georgen.de\/"},{"@type":"ListItem","position":2,"name":"Veranstaltungen","item":"https:\/\/www.schwarzwaldverein-st-georgen.de\/index.php\/events\/"},{"@type":"ListItem","position":3,"name":"** ABGESAGT ** Kniebiser Heimatpfad"}]},{"@type":"WebSite","@id":"https:\/\/www.schwarzwaldverein-st-georgen.de\/#website","url":"https:\/\/www.schwarzwaldverein-st-georgen.de\/","name":"Schwarzwaldverein St. Georgen e.V.","description":"Wandern, Wege, Naturschutz, Familien, Wanderheim Lindenb\u00fcble","potentialAction":[{"@type":"SearchAction","target":{"@type":"EntryPoint","urlTemplate":"https:\/\/www.schwarzwaldverein-st-georgen.de\/?s={search_term_string}"},"query-input":{"@type":"PropertyValueSpecification","valueRequired":true,"valueName":"search_term_string"}}],"inLanguage":"de"}]}},"ticketed":false,"_links":{"self":[{"href":"https:\/\/www.schwarzwaldverein-st-georgen.de\/index.php\/wp-json\/wp\/v2\/tribe_events\/1073","targetHints":{"allow":["GET"]}}],"collection":[{"href":"https:\/\/www.schwarzwaldverein-st-georgen.de\/index.php\/wp-json\/wp\/v2\/tribe_events"}],"about":[{"href":"https:\/\/www.schwarzwaldverein-st-georgen.de\/index.php\/wp-json\/wp\/v2\/types\/tribe_events"}],"author":[{"embeddable":true,"href":"https:\/\/www.schwarzwaldverein-st-georgen.de\/index.php\/wp-json\/wp\/v2\/users\/1"}],"replies":[{"embeddable":true,"href":"https:\/\/www.schwarzwaldverein-st-georgen.de\/index.php\/wp-json\/wp\/v2\/comments?post=1073"}],"version-history":[{"count":2,"href":"https:\/\/www.schwarzwaldverein-st-georgen.de\/index.php\/wp-json\/wp\/v2\/tribe_events\/1073\/revisions"}],"predecessor-version":[{"id":1258,"href":"https:\/\/www.schwarzwaldverein-st-georgen.de\/index.php\/wp-json\/wp\/v2\/tribe_events\/1073\/revisions\/1258"}],"wp:featuredmedia":[{"embeddable":true,"href":"https:\/\/www.schwarzwaldverein-st-georgen.de\/index.php\/wp-json\/wp\/v2\/media\/1016"}],"wp:attachment":[{"href":"https:\/\/www.schwarzwaldverein-st-georgen.de\/index.php\/wp-json\/wp\/v2\/media?parent=1073"}],"wp:term":[{"taxonomy":"post_tag","embeddable":true,"href":"https:\/\/www.schwarzwaldverein-st-georgen.de\/index.php\/wp-json\/wp\/v2\/tags?post=1073"},{"taxonomy":"tribe_events_cat","embeddable":true,"href":"https:\/\/www.schwarzwaldverein-st-georgen.de\/index.php\/wp-json\/wp\/v2\/tribe_events_cat?post=1073"}],"curies":[{"name":"wp","href":"https:\/\/api.w.org\/{rel}","templated":true}]}}

<p>Leider wegen Krankheit abgesagt.</p>
<p>Der Kniebiser Heimatpfad führt durch Wald, Heide, Moor und besiedeltes Gebiet rund um das Dorf. Am Ende des liebevoll gestalteten Wegs geht es zur Aussichtsplattform Elbbachseeblick. An die Wanderung schließt sich ein Rundgang über den größten Marktplatz Deutschland in Freudenstadt und eine Schlußeinkehr an.</p>
<table>
<tbody>
<tr>
<td class="tdh_wp">Wanderführer:</td>
<td class="tdh_wp">Sabine Dannecker; Organisation: Peter Meixner</td>
</tr>
<tr>
<td class="td_wp">Gehzeit:</td>
<td class="td_wp">3 Std.<br />
10 km,</td>
</tr>
<tr>
<td class="td_wp">Kategorie 2</td>
<td class="td_wp"><img loading="lazy" decoding="async" class="alignnone" src="https://www.schwarzwaldverein-st-georgen.de/wp-content/uploads/gelbeRaute.png" alt="" width="30" height="16" /></td>
</tr>
<tr>
<td class="td_wp">Treffpunkt:</td>
<td class="td_wp">09:30 Uhr, Klosterweiher</td>
</tr>
<tr>
<td class="td_wp">Anmeldung:</td>
<td class="td_wp">07724/916635</td>
</tr>
</tbody>
</table>
<p><small>Bildquelle: Outdooractive Redaktion, <a>CC BY-ND</a> </small></p>

<p>Leider wegen Krankheit abgesagt. Der Kniebiser Heimatpfad führt durch Wald, Heide, Moor und besiedeltes Gebiet rund um das Dorf. Am Ende des liebevoll gestalteten Wegs geht es zur Aussichtsplattform Elbbachseeblick. An die Wanderung schließt sich ein Rundgang über den größten Marktplatz Deutschland in Freudenstadt und eine Schlußeinkehr an. Wanderführer: Sabine Dannecker; Organisation: Peter Meixner Gehzeit: &hellip; </p>
<p><a class="more-link btn" href="https://www.schwarzwaldverein-st-georgen.de/index.php/event/kniebiser-heimatpfad/">Weiterlesen</a></p>

<!-- This site is optimized with the Yoast SEO plugin v26.8 - https://yoast.com/product/yoast-seo-wordpress/ -->
<title>** ABGESAGT ** Kniebiser Heimatpfad - Schwarzwaldverein St. Georgen e.V.</title>
<meta name="robots" content="index, follow, max-snippet:-1, max-image-preview:large, max-video-preview:-1" />
<link rel="canonical" href="https://www.schwarzwaldverein-st-georgen.de/index.php/event/kniebiser-heimatpfad/" />
<meta property="og:locale" content="de_DE" />
<meta property="og:type" content="article" />
<meta property="og:title" content="** ABGESAGT ** Kniebiser Heimatpfad - Schwarzwaldverein St. Georgen e.V." />
<meta property="og:description" content="Leider wegen Krankheit abgesagt. Der Kniebiser Heimatpfad führt durch Wald, Heide, Moor und besiedeltes Gebiet rund um das Dorf. Am Ende des liebevoll gestalteten Wegs geht es zur Aussichtsplattform Elbbachseeblick. An die Wanderung schließt sich ein Rundgang über den größten Marktplatz Deutschland in Freudenstadt und eine Schlußeinkehr an. Wanderführer: Sabine Dannecker; Organisation: Peter Meixner Gehzeit: &hellip; Weiterlesen" />
<meta property="og:url" content="https://www.schwarzwaldverein-st-georgen.de/index.php/event/kniebiser-heimatpfad/" />
<meta property="og:site_name" content="Schwarzwaldverein St. Georgen e.V." />
<meta property="article:modified_time" content="2020-09-01T10:12:43+00:00" />
<meta property="og:image" content="https://www.schwarzwaldverein-st-georgen.de/wp-content/uploads/2020/aussichtsplattform.jpg" />
	<meta property="og:image:width" content="2048" />
	<meta property="og:image:height" content="1536" />
	<meta property="og:image:type" content="image/jpeg" />
<meta name="twitter:card" content="summary_large_image" />
<script type="application/ld+json" class="yoast-schema-graph">{"@context":"https://schema.org","@graph":[{"@type":"WebPage","@id":"https://www.schwarzwaldverein-st-georgen.de/index.php/event/kniebiser-heimatpfad/","url":"https://www.schwarzwaldverein-st-georgen.de/index.php/event/kniebiser-heimatpfad/","name":"** ABGESAGT ** Kniebiser Heimatpfad - Schwarzwaldverein St. Georgen e.V.","isPartOf":{"@id":"https://www.schwarzwaldverein-st-georgen.de/#website"},"primaryImageOfPage":{"@id":"https://www.schwarzwaldverein-st-georgen.de/index.php/event/kniebiser-heimatpfad/#primaryimage"},"image":{"@id":"https://www.schwarzwaldverein-st-georgen.de/index.php/event/kniebiser-heimatpfad/#primaryimage"},"thumbnailUrl":"https://www.schwarzwaldverein-st-georgen.de/wp-content/uploads/2020/aussichtsplattform.jpg","datePublished":"2020-02-16T10:35:51+00:00","dateModified":"2020-09-01T10:12:43+00:00","breadcrumb":{"@id":"https://www.schwarzwaldverein-st-georgen.de/index.php/event/kniebiser-heimatpfad/#breadcrumb"},"inLanguage":"de","potentialAction":[{"@type":"ReadAction","target":["https://www.schwarzwaldverein-st-georgen.de/index.php/event/kniebiser-heimatpfad/"]}]},{"@type":"ImageObject","inLanguage":"de","@id":"https://www.schwarzwaldverein-st-georgen.de/index.php/event/kniebiser-heimatpfad/#primaryimage","url":"https://www.schwarzwaldverein-st-georgen.de/wp-content/uploads/2020/aussichtsplattform.jpg","contentUrl":"https://www.schwarzwaldverein-st-georgen.de/wp-content/uploads/2020/aussichtsplattform.jpg","width":2048,"height":1536},{"@type":"BreadcrumbList","@id":"https://www.schwarzwaldverein-st-georgen.de/index.php/event/kniebiser-heimatpfad/#breadcrumb","itemListElement":[{"@type":"ListItem","position":1,"name":"Start","item":"https://www.schwarzwaldverein-st-georgen.de/"},{"@type":"ListItem","position":2,"name":"Veranstaltungen","item":"https://www.schwarzwaldverein-st-georgen.de/index.php/events/"},{"@type":"ListItem","position":3,"name":"** ABGESAGT ** Kniebiser Heimatpfad"}]},{"@type":"WebSite","@id":"https://www.schwarzwaldverein-st-georgen.de/#website","url":"https://www.schwarzwaldverein-st-georgen.de/","name":"Schwarzwaldverein St. Georgen e.V.","description":"Wandern, Wege, Naturschutz, Familien, Wanderheim Lindenbüble","potentialAction":[{"@type":"SearchAction","target":{"@type":"EntryPoint","urlTemplate":"https://www.schwarzwaldverein-st-georgen.de/?s={search_term_string}"},"query-input":{"@type":"PropertyValueSpecification","valueRequired":true,"valueName":"search_term_string"}}],"inLanguage":"de"}]}</script>
<!-- / Yoast SEO plugin. -->

Leider wegen Krankheit abgesagt. Der Kniebiser Heimatpfad führt durch Wald, Heide, Moor und besiedeltes Gebiet rund um das Dorf. Am Ende des liebevoll gestalteten Wegs geht es zur Aussichtsplattform Elbbachseeblick. An die Wanderung schließt sich ein Rundgang über den größten Marktplatz Deutschland in Freudenstadt und eine Schlußeinkehr an. Wanderführer: Sabine Dannecker; Organisation: Peter Meixner Gehzeit: &hellip; Weiterlesen

Wandern, Wege, Naturschutz, Familien, Wanderheim Lindenbüble
