{"id":1072,"date":"2020-02-16T11:35:51","date_gmt":"2020-02-16T10:35:51","guid":{"rendered":"https:\/\/www.schwarzwaldverein-st-georgen.de\/?post_type=tribe_events&#038;p=1072"},"modified":"2020-02-16T11:35:51","modified_gmt":"2020-02-16T10:35:51","slug":"zum-blindensee","status":"publish","type":"tribe_events","link":"https:\/\/www.schwarzwaldverein-st-georgen.de\/index.php\/event\/zum-blindensee\/","title":{"rendered":"Zum Blindensee"},"content":{"rendered":"<p>Die Wanderung startet oberhalb der Triberger Wasserf\u00e4lle beim Parkplatz \u201eAdelheid\u201c. Von dort wandern wir zur Wolfdeibish\u00f6he und Blindenh\u00f6he zum Blindensee. \u00dcber die Wei\u00dfenbacher H\u00f6he wandern wir zum Reinertonishof und am Waldpeter vorbei zur\u00fcck zur Adelheid.  <\/p>\n<table>\n<tbody>\n<tr>\n<td class=\"tdh_wp\">Wanderf\u00fchrer: <\/td>\n<td class=\"tdh_wp\">Annemarie Rothkopf Organisation: Doris Krause<\/td>\n<\/tr>\n<tr>\n<td class=\"td_wp\">Gehzeit:<\/td>\n<td class=\"td_wp\">4,5 Std.<br \/>14 km, <\/td>\n<\/tr>\n<tr>\n<td class=\"td_wp\">Kategorie 2<\/td>\n<td class=\"td_wp\"><img loading=\"lazy\" decoding=\"async\" class=\"alignnone\" src=\"https:\/\/www.schwarzwaldverein-st-georgen.de\/wp-content\/uploads\/gelbeRaute.png\" alt=\"\" width=\"30\" height=\"16\" \/><\/td>\n<\/tr>\n<tr>\n<td class=\"td_wp\">Treffpunkt:<\/td>\n<td class=\"td_wp\">09:30 Uhr, Klosterweiher<\/td>\n<\/tr>\n<tr>\n<td class=\"td_wp\">Anmeldung:<\/td>\n<td class=\"td_wp\">07724\/4798<\/td>\n<\/tr>\n<\/tbody>\n<\/table>\n<p><small>Bildquelle: Siegfried K\u00f6nig, <a>CC BY-ND<\/a> <\/small><\/p>\n","protected":false},"excerpt":{"rendered":"<p>Die Wanderung startet oberhalb der Triberger Wasserf\u00e4lle beim Parkplatz \u201eAdelheid\u201c. Von dort wandern wir zur Wolfdeibish\u00f6he und Blindenh\u00f6he zum Blindensee. \u00dcber die Wei\u00dfenbacher H\u00f6he wandern wir zum Reinertonishof und am Waldpeter vorbei zur\u00fcck zur Adelheid. Wanderf\u00fchrer: Annemarie Rothkopf Organisation: Doris Krause Gehzeit: 4,5 Std.14 km, Kategorie 2 Treffpunkt: 09:30 Uhr, Klosterweiher Anmeldung: 07724\/4798 Bildquelle: Siegfried &hellip; <\/p>\n<p><a class=\"more-link btn\" href=\"https:\/\/www.schwarzwaldverein-st-georgen.de\/index.php\/event\/zum-blindensee\/\">Weiterlesen<\/a><\/p>\n","protected":false},"author":1,"featured_media":1026,"comment_status":"closed","ping_status":"closed","template":"","meta":{"_price":"","_stock":"","_tribe_ticket_header":"","_tribe_default_ticket_provider":"","_ticket_start_date":"","_ticket_end_date":"","_tribe_ticket_show_description":"","_tribe_ticket_show_not_going":false,"_tribe_ticket_use_global_stock":"","_tribe_ticket_global_stock_level":"","_global_stock_mode":"","_global_stock_cap":"","_tribe_rsvp_for_event":"","_tribe_ticket_going_count":"","_tribe_ticket_not_going_count":"","_tribe_tickets_list":"[]","_tribe_ticket_has_attendee_info_fields":false,"_tribe_events_status":"","_tribe_events_status_reason":"","footnotes":"","_tec_slr_enabled":"","_tec_slr_layout":""},"tags":[],"tribe_events_cat":[2,7],"class_list":["post-1072","tribe_events","type-tribe_events","status-publish","has-post-thumbnail","hentry","tribe_events_cat-jahresprogramm","tribe_events_cat-wanderung","cat_jahresprogramm","cat_wanderung","nodate","item-wrap"],"yoast_head":"<!-- This site is optimized with the Yoast SEO plugin v26.8 - https:\/\/yoast.com\/product\/yoast-seo-wordpress\/ -->\n<title>Zum Blindensee - Schwarzwaldverein St. Georgen e.V.<\/title>\n<meta name=\"robots\" content=\"index, follow, max-snippet:-1, max-image-preview:large, max-video-preview:-1\" \/>\n<link rel=\"canonical\" href=\"https:\/\/www.schwarzwaldverein-st-georgen.de\/index.php\/event\/zum-blindensee\/\" \/>\n<meta property=\"og:locale\" content=\"de_DE\" \/>\n<meta property=\"og:type\" content=\"article\" \/>\n<meta property=\"og:title\" content=\"Zum Blindensee - Schwarzwaldverein St. Georgen e.V.\" \/>\n<meta property=\"og:description\" content=\"Die Wanderung startet oberhalb der Triberger Wasserf\u00e4lle beim Parkplatz \u201eAdelheid\u201c. Von dort wandern wir zur Wolfdeibish\u00f6he und Blindenh\u00f6he zum Blindensee. \u00dcber die Wei\u00dfenbacher H\u00f6he wandern wir zum Reinertonishof und am Waldpeter vorbei zur\u00fcck zur Adelheid. Wanderf\u00fchrer: Annemarie Rothkopf Organisation: Doris Krause Gehzeit: 4,5 Std.14 km, Kategorie 2 Treffpunkt: 09:30 Uhr, Klosterweiher Anmeldung: 07724\/4798 Bildquelle: Siegfried &hellip; Weiterlesen\" \/>\n<meta property=\"og:url\" content=\"https:\/\/www.schwarzwaldverein-st-georgen.de\/index.php\/event\/zum-blindensee\/\" \/>\n<meta property=\"og:site_name\" content=\"Schwarzwaldverein St. Georgen e.V.\" \/>\n<meta property=\"og:image\" content=\"https:\/\/www.schwarzwaldverein-st-georgen.de\/wp-content\/uploads\/2020\/Blindensee-1024x768.jpg\" \/>\n\t<meta property=\"og:image:width\" content=\"1024\" \/>\n\t<meta property=\"og:image:height\" content=\"768\" \/>\n\t<meta property=\"og:image:type\" content=\"image\/jpeg\" \/>\n<meta name=\"twitter:card\" content=\"summary_large_image\" \/>\n<script type=\"application\/ld+json\" class=\"yoast-schema-graph\">{\"@context\":\"https:\/\/schema.org\",\"@graph\":[{\"@type\":\"WebPage\",\"@id\":\"https:\/\/www.schwarzwaldverein-st-georgen.de\/index.php\/event\/zum-blindensee\/\",\"url\":\"https:\/\/www.schwarzwaldverein-st-georgen.de\/index.php\/event\/zum-blindensee\/\",\"name\":\"Zum Blindensee - Schwarzwaldverein St. Georgen e.V.\",\"isPartOf\":{\"@id\":\"https:\/\/www.schwarzwaldverein-st-georgen.de\/#website\"},\"primaryImageOfPage\":{\"@id\":\"https:\/\/www.schwarzwaldverein-st-georgen.de\/index.php\/event\/zum-blindensee\/#primaryimage\"},\"image\":{\"@id\":\"https:\/\/www.schwarzwaldverein-st-georgen.de\/index.php\/event\/zum-blindensee\/#primaryimage\"},\"thumbnailUrl\":\"https:\/\/www.schwarzwaldverein-st-georgen.de\/wp-content\/uploads\/2020\/Blindensee.jpg\",\"datePublished\":\"2020-02-16T10:35:51+00:00\",\"breadcrumb\":{\"@id\":\"https:\/\/www.schwarzwaldverein-st-georgen.de\/index.php\/event\/zum-blindensee\/#breadcrumb\"},\"inLanguage\":\"de\",\"potentialAction\":[{\"@type\":\"ReadAction\",\"target\":[\"https:\/\/www.schwarzwaldverein-st-georgen.de\/index.php\/event\/zum-blindensee\/\"]}]},{\"@type\":\"ImageObject\",\"inLanguage\":\"de\",\"@id\":\"https:\/\/www.schwarzwaldverein-st-georgen.de\/index.php\/event\/zum-blindensee\/#primaryimage\",\"url\":\"https:\/\/www.schwarzwaldverein-st-georgen.de\/wp-content\/uploads\/2020\/Blindensee.jpg\",\"contentUrl\":\"https:\/\/www.schwarzwaldverein-st-georgen.de\/wp-content\/uploads\/2020\/Blindensee.jpg\",\"width\":2560,\"height\":1920},{\"@type\":\"BreadcrumbList\",\"@id\":\"https:\/\/www.schwarzwaldverein-st-georgen.de\/index.php\/event\/zum-blindensee\/#breadcrumb\",\"itemListElement\":[{\"@type\":\"ListItem\",\"position\":1,\"name\":\"Start\",\"item\":\"https:\/\/www.schwarzwaldverein-st-georgen.de\/\"},{\"@type\":\"ListItem\",\"position\":2,\"name\":\"Veranstaltungen\",\"item\":\"https:\/\/www.schwarzwaldverein-st-georgen.de\/index.php\/events\/\"},{\"@type\":\"ListItem\",\"position\":3,\"name\":\"Zum Blindensee\"}]},{\"@type\":\"WebSite\",\"@id\":\"https:\/\/www.schwarzwaldverein-st-georgen.de\/#website\",\"url\":\"https:\/\/www.schwarzwaldverein-st-georgen.de\/\",\"name\":\"Schwarzwaldverein St. Georgen e.V.\",\"description\":\"Wandern, Wege, Naturschutz, Familien, Wanderheim Lindenb\u00fcble\",\"potentialAction\":[{\"@type\":\"SearchAction\",\"target\":{\"@type\":\"EntryPoint\",\"urlTemplate\":\"https:\/\/www.schwarzwaldverein-st-georgen.de\/?s={search_term_string}\"},\"query-input\":{\"@type\":\"PropertyValueSpecification\",\"valueRequired\":true,\"valueName\":\"search_term_string\"}}],\"inLanguage\":\"de\"}]}<\/script>\n<!-- \/ Yoast SEO plugin. -->","yoast_head_json":{"title":"Zum Blindensee - Schwarzwaldverein St. Georgen e.V.","robots":{"index":"index","follow":"follow","max-snippet":"max-snippet:-1","max-image-preview":"max-image-preview:large","max-video-preview":"max-video-preview:-1"},"canonical":"https:\/\/www.schwarzwaldverein-st-georgen.de\/index.php\/event\/zum-blindensee\/","og_locale":"de_DE","og_type":"article","og_title":"Zum Blindensee - Schwarzwaldverein St. Georgen e.V.","og_description":"Die Wanderung startet oberhalb der Triberger Wasserf\u00e4lle beim Parkplatz \u201eAdelheid\u201c. Von dort wandern wir zur Wolfdeibish\u00f6he und Blindenh\u00f6he zum Blindensee. \u00dcber die Wei\u00dfenbacher H\u00f6he wandern wir zum Reinertonishof und am Waldpeter vorbei zur\u00fcck zur Adelheid. Wanderf\u00fchrer: Annemarie Rothkopf Organisation: Doris Krause Gehzeit: 4,5 Std.14 km, Kategorie 2 Treffpunkt: 09:30 Uhr, Klosterweiher Anmeldung: 07724\/4798 Bildquelle: Siegfried &hellip; Weiterlesen","og_url":"https:\/\/www.schwarzwaldverein-st-georgen.de\/index.php\/event\/zum-blindensee\/","og_site_name":"Schwarzwaldverein St. Georgen e.V.","og_image":[{"width":1024,"height":768,"url":"https:\/\/www.schwarzwaldverein-st-georgen.de\/wp-content\/uploads\/2020\/Blindensee-1024x768.jpg","type":"image\/jpeg"}],"twitter_card":"summary_large_image","schema":{"@context":"https:\/\/schema.org","@graph":[{"@type":"WebPage","@id":"https:\/\/www.schwarzwaldverein-st-georgen.de\/index.php\/event\/zum-blindensee\/","url":"https:\/\/www.schwarzwaldverein-st-georgen.de\/index.php\/event\/zum-blindensee\/","name":"Zum Blindensee - Schwarzwaldverein St. Georgen e.V.","isPartOf":{"@id":"https:\/\/www.schwarzwaldverein-st-georgen.de\/#website"},"primaryImageOfPage":{"@id":"https:\/\/www.schwarzwaldverein-st-georgen.de\/index.php\/event\/zum-blindensee\/#primaryimage"},"image":{"@id":"https:\/\/www.schwarzwaldverein-st-georgen.de\/index.php\/event\/zum-blindensee\/#primaryimage"},"thumbnailUrl":"https:\/\/www.schwarzwaldverein-st-georgen.de\/wp-content\/uploads\/2020\/Blindensee.jpg","datePublished":"2020-02-16T10:35:51+00:00","breadcrumb":{"@id":"https:\/\/www.schwarzwaldverein-st-georgen.de\/index.php\/event\/zum-blindensee\/#breadcrumb"},"inLanguage":"de","potentialAction":[{"@type":"ReadAction","target":["https:\/\/www.schwarzwaldverein-st-georgen.de\/index.php\/event\/zum-blindensee\/"]}]},{"@type":"ImageObject","inLanguage":"de","@id":"https:\/\/www.schwarzwaldverein-st-georgen.de\/index.php\/event\/zum-blindensee\/#primaryimage","url":"https:\/\/www.schwarzwaldverein-st-georgen.de\/wp-content\/uploads\/2020\/Blindensee.jpg","contentUrl":"https:\/\/www.schwarzwaldverein-st-georgen.de\/wp-content\/uploads\/2020\/Blindensee.jpg","width":2560,"height":1920},{"@type":"BreadcrumbList","@id":"https:\/\/www.schwarzwaldverein-st-georgen.de\/index.php\/event\/zum-blindensee\/#breadcrumb","itemListElement":[{"@type":"ListItem","position":1,"name":"Start","item":"https:\/\/www.schwarzwaldverein-st-georgen.de\/"},{"@type":"ListItem","position":2,"name":"Veranstaltungen","item":"https:\/\/www.schwarzwaldverein-st-georgen.de\/index.php\/events\/"},{"@type":"ListItem","position":3,"name":"Zum Blindensee"}]},{"@type":"WebSite","@id":"https:\/\/www.schwarzwaldverein-st-georgen.de\/#website","url":"https:\/\/www.schwarzwaldverein-st-georgen.de\/","name":"Schwarzwaldverein St. Georgen e.V.","description":"Wandern, Wege, Naturschutz, Familien, Wanderheim Lindenb\u00fcble","potentialAction":[{"@type":"SearchAction","target":{"@type":"EntryPoint","urlTemplate":"https:\/\/www.schwarzwaldverein-st-georgen.de\/?s={search_term_string}"},"query-input":{"@type":"PropertyValueSpecification","valueRequired":true,"valueName":"search_term_string"}}],"inLanguage":"de"}]}},"ticketed":false,"_links":{"self":[{"href":"https:\/\/www.schwarzwaldverein-st-georgen.de\/index.php\/wp-json\/wp\/v2\/tribe_events\/1072","targetHints":{"allow":["GET"]}}],"collection":[{"href":"https:\/\/www.schwarzwaldverein-st-georgen.de\/index.php\/wp-json\/wp\/v2\/tribe_events"}],"about":[{"href":"https:\/\/www.schwarzwaldverein-st-georgen.de\/index.php\/wp-json\/wp\/v2\/types\/tribe_events"}],"author":[{"embeddable":true,"href":"https:\/\/www.schwarzwaldverein-st-georgen.de\/index.php\/wp-json\/wp\/v2\/users\/1"}],"replies":[{"embeddable":true,"href":"https:\/\/www.schwarzwaldverein-st-georgen.de\/index.php\/wp-json\/wp\/v2\/comments?post=1072"}],"version-history":[{"count":1,"href":"https:\/\/www.schwarzwaldverein-st-georgen.de\/index.php\/wp-json\/wp\/v2\/tribe_events\/1072\/revisions"}],"predecessor-version":[{"id":1104,"href":"https:\/\/www.schwarzwaldverein-st-georgen.de\/index.php\/wp-json\/wp\/v2\/tribe_events\/1072\/revisions\/1104"}],"wp:featuredmedia":[{"embeddable":true,"href":"https:\/\/www.schwarzwaldverein-st-georgen.de\/index.php\/wp-json\/wp\/v2\/media\/1026"}],"wp:attachment":[{"href":"https:\/\/www.schwarzwaldverein-st-georgen.de\/index.php\/wp-json\/wp\/v2\/media?parent=1072"}],"wp:term":[{"taxonomy":"post_tag","embeddable":true,"href":"https:\/\/www.schwarzwaldverein-st-georgen.de\/index.php\/wp-json\/wp\/v2\/tags?post=1072"},{"taxonomy":"tribe_events_cat","embeddable":true,"href":"https:\/\/www.schwarzwaldverein-st-georgen.de\/index.php\/wp-json\/wp\/v2\/tribe_events_cat?post=1072"}],"curies":[{"name":"wp","href":"https:\/\/api.w.org\/{rel}","templated":true}]}}

<p>Die Wanderung startet oberhalb der Triberger Wasserfälle beim Parkplatz „Adelheid“. Von dort wandern wir zur Wolfdeibishöhe und Blindenhöhe zum Blindensee. Über die Weißenbacher Höhe wandern wir zum Reinertonishof und am Waldpeter vorbei zurück zur Adelheid.  </p>
<table>
<tbody>
<tr>
<td class="tdh_wp">Wanderführer: </td>
<td class="tdh_wp">Annemarie Rothkopf Organisation: Doris Krause</td>
</tr>
<tr>
<td class="td_wp">Gehzeit:</td>
<td class="td_wp">4,5 Std.<br />14 km, </td>
</tr>
<tr>
<td class="td_wp">Kategorie 2</td>
<td class="td_wp"><img loading="lazy" decoding="async" class="alignnone" src="https://www.schwarzwaldverein-st-georgen.de/wp-content/uploads/gelbeRaute.png" alt="" width="30" height="16" /></td>
</tr>
<tr>
<td class="td_wp">Treffpunkt:</td>
<td class="td_wp">09:30 Uhr, Klosterweiher</td>
</tr>
<tr>
<td class="td_wp">Anmeldung:</td>
<td class="td_wp">07724/4798</td>
</tr>
</tbody>
</table>
<p><small>Bildquelle: Siegfried König, <a>CC BY-ND</a> </small></p>

<p>Die Wanderung startet oberhalb der Triberger Wasserfälle beim Parkplatz „Adelheid“. Von dort wandern wir zur Wolfdeibishöhe und Blindenhöhe zum Blindensee. Über die Weißenbacher Höhe wandern wir zum Reinertonishof und am Waldpeter vorbei zurück zur Adelheid. Wanderführer: Annemarie Rothkopf Organisation: Doris Krause Gehzeit: 4,5 Std.14 km, Kategorie 2 Treffpunkt: 09:30 Uhr, Klosterweiher Anmeldung: 07724/4798 Bildquelle: Siegfried &hellip; </p>
<p><a class="more-link btn" href="https://www.schwarzwaldverein-st-georgen.de/index.php/event/zum-blindensee/">Weiterlesen</a></p>

<!-- This site is optimized with the Yoast SEO plugin v26.8 - https://yoast.com/product/yoast-seo-wordpress/ -->
<title>Zum Blindensee - Schwarzwaldverein St. Georgen e.V.</title>
<meta name="robots" content="index, follow, max-snippet:-1, max-image-preview:large, max-video-preview:-1" />
<link rel="canonical" href="https://www.schwarzwaldverein-st-georgen.de/index.php/event/zum-blindensee/" />
<meta property="og:locale" content="de_DE" />
<meta property="og:type" content="article" />
<meta property="og:title" content="Zum Blindensee - Schwarzwaldverein St. Georgen e.V." />
<meta property="og:description" content="Die Wanderung startet oberhalb der Triberger Wasserfälle beim Parkplatz „Adelheid“. Von dort wandern wir zur Wolfdeibishöhe und Blindenhöhe zum Blindensee. Über die Weißenbacher Höhe wandern wir zum Reinertonishof und am Waldpeter vorbei zurück zur Adelheid. Wanderführer: Annemarie Rothkopf Organisation: Doris Krause Gehzeit: 4,5 Std.14 km, Kategorie 2 Treffpunkt: 09:30 Uhr, Klosterweiher Anmeldung: 07724/4798 Bildquelle: Siegfried &hellip; Weiterlesen" />
<meta property="og:url" content="https://www.schwarzwaldverein-st-georgen.de/index.php/event/zum-blindensee/" />
<meta property="og:site_name" content="Schwarzwaldverein St. Georgen e.V." />
<meta property="og:image" content="https://www.schwarzwaldverein-st-georgen.de/wp-content/uploads/2020/Blindensee-1024x768.jpg" />
	<meta property="og:image:width" content="1024" />
	<meta property="og:image:height" content="768" />
	<meta property="og:image:type" content="image/jpeg" />
<meta name="twitter:card" content="summary_large_image" />
<script type="application/ld+json" class="yoast-schema-graph">{"@context":"https://schema.org","@graph":[{"@type":"WebPage","@id":"https://www.schwarzwaldverein-st-georgen.de/index.php/event/zum-blindensee/","url":"https://www.schwarzwaldverein-st-georgen.de/index.php/event/zum-blindensee/","name":"Zum Blindensee - Schwarzwaldverein St. Georgen e.V.","isPartOf":{"@id":"https://www.schwarzwaldverein-st-georgen.de/#website"},"primaryImageOfPage":{"@id":"https://www.schwarzwaldverein-st-georgen.de/index.php/event/zum-blindensee/#primaryimage"},"image":{"@id":"https://www.schwarzwaldverein-st-georgen.de/index.php/event/zum-blindensee/#primaryimage"},"thumbnailUrl":"https://www.schwarzwaldverein-st-georgen.de/wp-content/uploads/2020/Blindensee.jpg","datePublished":"2020-02-16T10:35:51+00:00","breadcrumb":{"@id":"https://www.schwarzwaldverein-st-georgen.de/index.php/event/zum-blindensee/#breadcrumb"},"inLanguage":"de","potentialAction":[{"@type":"ReadAction","target":["https://www.schwarzwaldverein-st-georgen.de/index.php/event/zum-blindensee/"]}]},{"@type":"ImageObject","inLanguage":"de","@id":"https://www.schwarzwaldverein-st-georgen.de/index.php/event/zum-blindensee/#primaryimage","url":"https://www.schwarzwaldverein-st-georgen.de/wp-content/uploads/2020/Blindensee.jpg","contentUrl":"https://www.schwarzwaldverein-st-georgen.de/wp-content/uploads/2020/Blindensee.jpg","width":2560,"height":1920},{"@type":"BreadcrumbList","@id":"https://www.schwarzwaldverein-st-georgen.de/index.php/event/zum-blindensee/#breadcrumb","itemListElement":[{"@type":"ListItem","position":1,"name":"Start","item":"https://www.schwarzwaldverein-st-georgen.de/"},{"@type":"ListItem","position":2,"name":"Veranstaltungen","item":"https://www.schwarzwaldverein-st-georgen.de/index.php/events/"},{"@type":"ListItem","position":3,"name":"Zum Blindensee"}]},{"@type":"WebSite","@id":"https://www.schwarzwaldverein-st-georgen.de/#website","url":"https://www.schwarzwaldverein-st-georgen.de/","name":"Schwarzwaldverein St. Georgen e.V.","description":"Wandern, Wege, Naturschutz, Familien, Wanderheim Lindenbüble","potentialAction":[{"@type":"SearchAction","target":{"@type":"EntryPoint","urlTemplate":"https://www.schwarzwaldverein-st-georgen.de/?s={search_term_string}"},"query-input":{"@type":"PropertyValueSpecification","valueRequired":true,"valueName":"search_term_string"}}],"inLanguage":"de"}]}</script>
<!-- / Yoast SEO plugin. -->

Die Wanderung startet oberhalb der Triberger Wasserfälle beim Parkplatz „Adelheid“. Von dort wandern wir zur Wolfdeibishöhe und Blindenhöhe zum Blindensee. Über die Weißenbacher Höhe wandern wir zum Reinertonishof und am Waldpeter vorbei zurück zur Adelheid. Wanderführer: Annemarie Rothkopf Organisation: Doris Krause Gehzeit: 4,5 Std.14 km, Kategorie 2 Treffpunkt: 09:30 Uhr, Klosterweiher Anmeldung: 07724/4798 Bildquelle: Siegfried &hellip; Weiterlesen

Wandern, Wege, Naturschutz, Familien, Wanderheim Lindenbüble
