{"id":60,"date":"2017-11-16T18:27:59","date_gmt":"2017-11-16T17:27:59","guid":{"rendered":"http:\/\/localhost\/swv\/?page_id=60"},"modified":"2021-12-17T10:38:45","modified_gmt":"2021-12-17T09:38:45","slug":"naturschutz","status":"publish","type":"page","link":"https:\/\/www.schwarzwaldverein-st-georgen.de\/index.php\/naturschutz\/","title":{"rendered":"Naturschutz"},"content":{"rendered":"<dl>\n<dt><span style=\"font-family: Verdana; font-size: large;\"><b>Naturschutz im Schwarzwaldverein<\/b><\/span><\/dt>\n<\/dl>\n<dl>\n<dt><img loading=\"lazy\" decoding=\"async\" class=\"size-full wp-image-326 alignright\" src=\"https:\/\/www.schwarzwaldverein-st-georgen.de\/wp-content\/uploads\/Maehwiese.jpg\" alt=\"M\u00e4hwiese\" width=\"141\" height=\"200\" \/><b>Unsere Naturschutzwarte Kirsten und Axel Heinzmann sind das Jahr \u00fcber in vielf\u00e4ltiger Mission unterwegs. Dabei geht es immer um den Natur und Artenschutz. 2013 wurde auf dem Grundst\u00fcck des Wanderheims eine Fl\u00e4che von 100 qm als artenreiche M\u00e4hwiese neu angelegt. Wichtig dabei ist die Vielfalt von ein- und mehrj\u00e4hrigen heimischen Wildblumen. Seit der Ansaat entwickelt sich diese Wiese pr\u00e4chtig weiter und bietet jedes Jahr eine etwas ver\u00e4nderte Artenverteilung. \u00dcber die kommenden Jahre sollen weitere Fl\u00e4chen unseres Gel\u00e4ndes wieder mit einheimischen Pflanzstrukturen aufgewertet werden.<\/b><\/dt>\n<dt><b> <\/b><\/dt>\n<\/dl>\n<p>&nbsp;<\/p>\n<dl>\n<dt><img loading=\"lazy\" decoding=\"async\" class=\"size-full wp-image-327 alignright\" src=\"https:\/\/www.schwarzwaldverein-st-georgen.de\/wp-content\/uploads\/BACHLAUF.jpg\" alt=\"Wiesenbach\" width=\"295\" height=\"200\" name=\"Wiesenbach\" \/><b>Auch werden die Bachabschnitte in den Ortsteilen Langenschiltach und Brigach betreut.<\/b><\/dt>\n<dt><b>So sind am F\u00f6hrenb\u00e4chle Erlen , Eschen, Weiden und Bergahorn gepflanzt worden.<\/b><\/dt>\n<dt><b>Gegen Erosionssch\u00e4den an den Uferb\u00f6schungen wurden gr\u00f6\u00dfere Mengen Steine von Hand eingesetzt. Sie sind inzwischen so gut eingewachsen , da\u00df sie \u00e4u\u00dferlich nicht in Erscheinung treten. Hochwassersch\u00e4den sind seitdem nicht mehr vorgekommen. F\u00fcr V\u00f6gel und andere Kleintiere ist Lebensraum geschaffen worden, ein Beitrag zur Biotopvernetzung.<\/b><\/dt>\n<dt><b>Ein weiterer Bachabschnitt liegt an der Brigach oberhalb des Klosterweihers. Hier hat die Bepflanzung als Erosionsschutz ausgereicht. Der bepflanzte Bachlauf ist sicher eine Bereicherung des Landschaftsbildes. Zur \u00dcberwachung der Wasserqualit\u00e4t werden j\u00e4hrlich an mehreren Stellen der Brigach Wasserproben entnommen und eine biologische Wasseranalyse durchgef\u00fchrt.<\/b><\/dt>\n<dt><\/dt>\n<\/dl>\n<div data-canvas-width=\"407.31083333333333\"><\/div>\n<dl>\n<dt><img loading=\"lazy\" decoding=\"async\" class=\"size-full wp-image-329 alignleft\" src=\"https:\/\/www.schwarzwaldverein-st-georgen.de\/wp-content\/uploads\/NISTKA.jpg\" alt=\"Kohlmeise beim Anflug auf einen Nistkasten\" width=\"276\" height=\"204\" name=\"Kohlmeise beim Anflug auf einen Nistkasten\" \/><b>Zum Vogelschutz sind zwischen Hochw\u00e4lder H\u00f6he, Hutneck und Seebauernh\u00f6he Nistk\u00e4sten aufgeh\u00e4ngt.<\/b><\/dt>\n<dt><b>Sie werden regelm\u00e4\u00dfig \u00fcberwacht und gereinigt .<\/b><\/dt>\n<dt><\/dt>\n<dt><\/dt>\n<dt><\/dt>\n<dt><\/dt>\n<dt><\/dt>\n<dt><\/dt>\n<dt><\/dt>\n<dt><\/dt>\n<dt><\/dt>\n<dt><\/dt>\n<dt><\/dt>\n<dt><\/dt>\n<dt><\/dt>\n<dt><\/dt>\n<dt><\/dt>\n<dt><\/dt>\n<dt><b> In der weiteren Umgebung von St. Georgen werden von den Naturs<\/b><img loading=\"lazy\" decoding=\"async\" class=\"size-full wp-image-330 alignright\" src=\"https:\/\/www.schwarzwaldverein-st-georgen.de\/wp-content\/uploads\/Frauensh.png\" alt=\"Frauenschuh\" width=\"106\" height=\"236\" name=\"Frauenschuh\" \/><b>chutzwarten des Schwarzwaldvereins regelm\u00e4\u00dfig Streifen durchgef\u00fchrt in verschiedenen Naturschutzgebieten:<\/b><\/dt>\n<dd><b>bei Blumberg,<\/b><br \/>\n<b>in der Wutach- und Gauchachschlucht,<br \/>\nin den Wutachfl\u00fchen,<\/b><br \/>\n<b>im H\u00fcfinger Wald und<\/b><br \/>\n<b>auf dem Rohrhardsberg .<\/b><\/dd>\n<\/dl>\n","protected":false},"excerpt":{"rendered":"<p>Naturschutz im Schwarzwaldverein Unsere Naturschutzwarte Kirsten und Axel Heinzmann sind das Jahr \u00fcber in vielf\u00e4ltiger Mission unterwegs. Dabei geht es immer um den Natur und Artenschutz. 2013 wurde auf dem Grundst\u00fcck des Wanderheims eine Fl\u00e4che von 100 qm als artenreiche M\u00e4hwiese neu angelegt. Wichtig dabei ist die Vielfalt von ein- und mehrj\u00e4hrigen heimischen Wildblumen. Seit &hellip; <\/p>\n<p><a class=\"more-link btn\" href=\"https:\/\/www.schwarzwaldverein-st-georgen.de\/index.php\/naturschutz\/\">Weiterlesen<\/a><\/p>\n","protected":false},"author":2,"featured_media":0,"parent":0,"menu_order":0,"comment_status":"closed","ping_status":"closed","template":"template-twocolumnsleft.php","meta":{"_price":"","_stock":"","_tribe_ticket_header":"","_tribe_default_ticket_provider":"","_ticket_start_date":"","_ticket_end_date":"","_tribe_ticket_show_description":"","_tribe_ticket_show_not_going":false,"_tribe_ticket_use_global_stock":"","_tribe_ticket_global_stock_level":"","_global_stock_mode":"","_global_stock_cap":"","_tribe_rsvp_for_event":"","_tribe_ticket_going_count":"","_tribe_ticket_not_going_count":"","_tribe_tickets_list":"[]","_tribe_ticket_has_attendee_info_fields":false,"footnotes":"","_tec_slr_enabled":"","_tec_slr_layout":""},"class_list":["post-60","page","type-page","status-publish","hentry","nodate","item-wrap"],"yoast_head":"<!-- This site is optimized with the Yoast SEO plugin v26.8 - https:\/\/yoast.com\/product\/yoast-seo-wordpress\/ -->\n<title>Naturschutz - Schwarzwaldverein St. Georgen e.V.<\/title>\n<meta name=\"robots\" content=\"index, follow, max-snippet:-1, max-image-preview:large, max-video-preview:-1\" \/>\n<link rel=\"canonical\" href=\"https:\/\/www.schwarzwaldverein-st-georgen.de\/index.php\/naturschutz\/\" \/>\n<meta property=\"og:locale\" content=\"de_DE\" \/>\n<meta property=\"og:type\" content=\"article\" \/>\n<meta property=\"og:title\" content=\"Naturschutz - Schwarzwaldverein St. Georgen e.V.\" \/>\n<meta property=\"og:description\" content=\"Naturschutz im Schwarzwaldverein Unsere Naturschutzwarte Kirsten und Axel Heinzmann sind das Jahr \u00fcber in vielf\u00e4ltiger Mission unterwegs. Dabei geht es immer um den Natur und Artenschutz. 2013 wurde auf dem Grundst\u00fcck des Wanderheims eine Fl\u00e4che von 100 qm als artenreiche M\u00e4hwiese neu angelegt. Wichtig dabei ist die Vielfalt von ein- und mehrj\u00e4hrigen heimischen Wildblumen. Seit &hellip; Weiterlesen\" \/>\n<meta property=\"og:url\" content=\"https:\/\/www.schwarzwaldverein-st-georgen.de\/index.php\/naturschutz\/\" \/>\n<meta property=\"og:site_name\" content=\"Schwarzwaldverein St. Georgen e.V.\" \/>\n<meta property=\"article:modified_time\" content=\"2021-12-17T09:38:45+00:00\" \/>\n<meta property=\"og:image\" content=\"https:\/\/www.schwarzwaldverein-st-georgen.de\/wp-content\/uploads\/Maehwiese.jpg\" \/>\n<meta name=\"twitter:card\" content=\"summary_large_image\" \/>\n<meta name=\"twitter:label1\" content=\"Gesch\u00e4tzte Lesezeit\" \/>\n\t<meta name=\"twitter:data1\" content=\"1\u00a0Minute\" \/>\n<script type=\"application\/ld+json\" class=\"yoast-schema-graph\">{\"@context\":\"https:\/\/schema.org\",\"@graph\":[{\"@type\":\"WebPage\",\"@id\":\"https:\/\/www.schwarzwaldverein-st-georgen.de\/index.php\/naturschutz\/\",\"url\":\"https:\/\/www.schwarzwaldverein-st-georgen.de\/index.php\/naturschutz\/\",\"name\":\"Naturschutz - Schwarzwaldverein St. Georgen e.V.\",\"isPartOf\":{\"@id\":\"https:\/\/www.schwarzwaldverein-st-georgen.de\/#website\"},\"primaryImageOfPage\":{\"@id\":\"https:\/\/www.schwarzwaldverein-st-georgen.de\/index.php\/naturschutz\/#primaryimage\"},\"image\":{\"@id\":\"https:\/\/www.schwarzwaldverein-st-georgen.de\/index.php\/naturschutz\/#primaryimage\"},\"thumbnailUrl\":\"https:\/\/www.schwarzwaldverein-st-georgen.de\/wp-content\/uploads\/Maehwiese.jpg\",\"datePublished\":\"2017-11-16T17:27:59+00:00\",\"dateModified\":\"2021-12-17T09:38:45+00:00\",\"breadcrumb\":{\"@id\":\"https:\/\/www.schwarzwaldverein-st-georgen.de\/index.php\/naturschutz\/#breadcrumb\"},\"inLanguage\":\"de\",\"potentialAction\":[{\"@type\":\"ReadAction\",\"target\":[\"https:\/\/www.schwarzwaldverein-st-georgen.de\/index.php\/naturschutz\/\"]}]},{\"@type\":\"ImageObject\",\"inLanguage\":\"de\",\"@id\":\"https:\/\/www.schwarzwaldverein-st-georgen.de\/index.php\/naturschutz\/#primaryimage\",\"url\":\"https:\/\/www.schwarzwaldverein-st-georgen.de\/wp-content\/uploads\/Maehwiese.jpg\",\"contentUrl\":\"https:\/\/www.schwarzwaldverein-st-georgen.de\/wp-content\/uploads\/Maehwiese.jpg\",\"width\":141,\"height\":200},{\"@type\":\"BreadcrumbList\",\"@id\":\"https:\/\/www.schwarzwaldverein-st-georgen.de\/index.php\/naturschutz\/#breadcrumb\",\"itemListElement\":[{\"@type\":\"ListItem\",\"position\":1,\"name\":\"Start\",\"item\":\"https:\/\/www.schwarzwaldverein-st-georgen.de\/\"},{\"@type\":\"ListItem\",\"position\":2,\"name\":\"Naturschutz\"}]},{\"@type\":\"WebSite\",\"@id\":\"https:\/\/www.schwarzwaldverein-st-georgen.de\/#website\",\"url\":\"https:\/\/www.schwarzwaldverein-st-georgen.de\/\",\"name\":\"Schwarzwaldverein St. Georgen e.V.\",\"description\":\"Wandern, Wege, Naturschutz, Familien, Wanderheim Lindenb\u00fcble\",\"potentialAction\":[{\"@type\":\"SearchAction\",\"target\":{\"@type\":\"EntryPoint\",\"urlTemplate\":\"https:\/\/www.schwarzwaldverein-st-georgen.de\/?s={search_term_string}\"},\"query-input\":{\"@type\":\"PropertyValueSpecification\",\"valueRequired\":true,\"valueName\":\"search_term_string\"}}],\"inLanguage\":\"de\"}]}<\/script>\n<!-- \/ Yoast SEO plugin. -->","yoast_head_json":{"title":"Naturschutz - Schwarzwaldverein St. Georgen e.V.","robots":{"index":"index","follow":"follow","max-snippet":"max-snippet:-1","max-image-preview":"max-image-preview:large","max-video-preview":"max-video-preview:-1"},"canonical":"https:\/\/www.schwarzwaldverein-st-georgen.de\/index.php\/naturschutz\/","og_locale":"de_DE","og_type":"article","og_title":"Naturschutz - Schwarzwaldverein St. Georgen e.V.","og_description":"Naturschutz im Schwarzwaldverein Unsere Naturschutzwarte Kirsten und Axel Heinzmann sind das Jahr \u00fcber in vielf\u00e4ltiger Mission unterwegs. Dabei geht es immer um den Natur und Artenschutz. 2013 wurde auf dem Grundst\u00fcck des Wanderheims eine Fl\u00e4che von 100 qm als artenreiche M\u00e4hwiese neu angelegt. Wichtig dabei ist die Vielfalt von ein- und mehrj\u00e4hrigen heimischen Wildblumen. Seit &hellip; Weiterlesen","og_url":"https:\/\/www.schwarzwaldverein-st-georgen.de\/index.php\/naturschutz\/","og_site_name":"Schwarzwaldverein St. Georgen e.V.","article_modified_time":"2021-12-17T09:38:45+00:00","og_image":[{"url":"https:\/\/www.schwarzwaldverein-st-georgen.de\/wp-content\/uploads\/Maehwiese.jpg","type":"","width":"","height":""}],"twitter_card":"summary_large_image","twitter_misc":{"Gesch\u00e4tzte Lesezeit":"1\u00a0Minute"},"schema":{"@context":"https:\/\/schema.org","@graph":[{"@type":"WebPage","@id":"https:\/\/www.schwarzwaldverein-st-georgen.de\/index.php\/naturschutz\/","url":"https:\/\/www.schwarzwaldverein-st-georgen.de\/index.php\/naturschutz\/","name":"Naturschutz - Schwarzwaldverein St. Georgen e.V.","isPartOf":{"@id":"https:\/\/www.schwarzwaldverein-st-georgen.de\/#website"},"primaryImageOfPage":{"@id":"https:\/\/www.schwarzwaldverein-st-georgen.de\/index.php\/naturschutz\/#primaryimage"},"image":{"@id":"https:\/\/www.schwarzwaldverein-st-georgen.de\/index.php\/naturschutz\/#primaryimage"},"thumbnailUrl":"https:\/\/www.schwarzwaldverein-st-georgen.de\/wp-content\/uploads\/Maehwiese.jpg","datePublished":"2017-11-16T17:27:59+00:00","dateModified":"2021-12-17T09:38:45+00:00","breadcrumb":{"@id":"https:\/\/www.schwarzwaldverein-st-georgen.de\/index.php\/naturschutz\/#breadcrumb"},"inLanguage":"de","potentialAction":[{"@type":"ReadAction","target":["https:\/\/www.schwarzwaldverein-st-georgen.de\/index.php\/naturschutz\/"]}]},{"@type":"ImageObject","inLanguage":"de","@id":"https:\/\/www.schwarzwaldverein-st-georgen.de\/index.php\/naturschutz\/#primaryimage","url":"https:\/\/www.schwarzwaldverein-st-georgen.de\/wp-content\/uploads\/Maehwiese.jpg","contentUrl":"https:\/\/www.schwarzwaldverein-st-georgen.de\/wp-content\/uploads\/Maehwiese.jpg","width":141,"height":200},{"@type":"BreadcrumbList","@id":"https:\/\/www.schwarzwaldverein-st-georgen.de\/index.php\/naturschutz\/#breadcrumb","itemListElement":[{"@type":"ListItem","position":1,"name":"Start","item":"https:\/\/www.schwarzwaldverein-st-georgen.de\/"},{"@type":"ListItem","position":2,"name":"Naturschutz"}]},{"@type":"WebSite","@id":"https:\/\/www.schwarzwaldverein-st-georgen.de\/#website","url":"https:\/\/www.schwarzwaldverein-st-georgen.de\/","name":"Schwarzwaldverein St. Georgen e.V.","description":"Wandern, Wege, Naturschutz, Familien, Wanderheim Lindenb\u00fcble","potentialAction":[{"@type":"SearchAction","target":{"@type":"EntryPoint","urlTemplate":"https:\/\/www.schwarzwaldverein-st-georgen.de\/?s={search_term_string}"},"query-input":{"@type":"PropertyValueSpecification","valueRequired":true,"valueName":"search_term_string"}}],"inLanguage":"de"}]}},"ticketed":false,"_links":{"self":[{"href":"https:\/\/www.schwarzwaldverein-st-georgen.de\/index.php\/wp-json\/wp\/v2\/pages\/60","targetHints":{"allow":["GET"]}}],"collection":[{"href":"https:\/\/www.schwarzwaldverein-st-georgen.de\/index.php\/wp-json\/wp\/v2\/pages"}],"about":[{"href":"https:\/\/www.schwarzwaldverein-st-georgen.de\/index.php\/wp-json\/wp\/v2\/types\/page"}],"author":[{"embeddable":true,"href":"https:\/\/www.schwarzwaldverein-st-georgen.de\/index.php\/wp-json\/wp\/v2\/users\/2"}],"replies":[{"embeddable":true,"href":"https:\/\/www.schwarzwaldverein-st-georgen.de\/index.php\/wp-json\/wp\/v2\/comments?post=60"}],"version-history":[{"count":5,"href":"https:\/\/www.schwarzwaldverein-st-georgen.de\/index.php\/wp-json\/wp\/v2\/pages\/60\/revisions"}],"predecessor-version":[{"id":662,"href":"https:\/\/www.schwarzwaldverein-st-georgen.de\/index.php\/wp-json\/wp\/v2\/pages\/60\/revisions\/662"}],"wp:attachment":[{"href":"https:\/\/www.schwarzwaldverein-st-georgen.de\/index.php\/wp-json\/wp\/v2\/media?parent=60"}],"curies":[{"name":"wp","href":"https:\/\/api.w.org\/{rel}","templated":true}]}}