{"id":297,"date":"2017-11-25T11:02:04","date_gmt":"2017-11-25T10:02:04","guid":{"rendered":"http:\/\/wp1032237.server-he.de\/?page_id=297"},"modified":"2022-04-15T11:24:08","modified_gmt":"2022-04-15T09:24:08","slug":"unser-haus","status":"publish","type":"page","link":"https:\/\/www.schwarzwaldverein-st-georgen.de\/index.php\/wanderheim\/unser-haus\/","title":{"rendered":"Unser Haus"},"content":{"rendered":"<p><img loading=\"lazy\" decoding=\"async\" class=\"size-full wp-image-315 aligncenter\" src=\"http:\/\/www.schwarzwaldverein-st-georgen.de\/wp-content\/uploads\/ausschnittwanderheim.png\" alt=\"\" width=\"700\" height=\"120\" srcset=\"https:\/\/www.schwarzwaldverein-st-georgen.de\/wp-content\/uploads\/ausschnittwanderheim.png 700w, https:\/\/www.schwarzwaldverein-st-georgen.de\/wp-content\/uploads\/ausschnittwanderheim-300x51.png 300w\" sizes=\"auto, (max-width: 700px) 100vw, 700px\" \/><\/p>\n<table>\n<tbody>\n<tr>\n<td><strong>Gaststube, St\u00fcble und Terrasse<\/strong><\/p>\n<p>Unsere gem\u00fctliche Gaststube bietet 30 Sitzpl\u00e4tze, zus\u00e4tzlich k\u00f6nnen im \u201eSt\u00fcble\u201c &#8211; einem kleinen Nebenzimmer &#8211; weitere G\u00e4ste Platz finden.<\/td>\n<td><img loading=\"lazy\" decoding=\"async\" class=\"alignnone size-full wp-image-300\" src=\"http:\/\/www.schwarzwaldverein-st-georgen.de\/wp-content\/uploads\/innen_1.png\" alt=\"\" width=\"379\" height=\"229\" srcset=\"https:\/\/www.schwarzwaldverein-st-georgen.de\/wp-content\/uploads\/innen_1.png 379w, https:\/\/www.schwarzwaldverein-st-georgen.de\/wp-content\/uploads\/innen_1-300x181.png 300w\" sizes=\"auto, (max-width: 379px) 100vw, 379px\" \/><\/td>\n<\/tr>\n<tr>\n<td><img loading=\"lazy\" decoding=\"async\" class=\"alignnone size-full wp-image-299\" src=\"http:\/\/www.schwarzwaldverein-st-georgen.de\/wp-content\/uploads\/aussen_1.png\" alt=\"\" width=\"384\" height=\"231\" srcset=\"https:\/\/www.schwarzwaldverein-st-georgen.de\/wp-content\/uploads\/aussen_1.png 384w, https:\/\/www.schwarzwaldverein-st-georgen.de\/wp-content\/uploads\/aussen_1-300x180.png 300w\" sizes=\"auto, (max-width: 384px) 100vw, 384px\" \/><\/td>\n<td>\n<p class=\"Heading_2\"><strong>Terrasse<\/strong><\/p>\n<p class=\"Heading_2\">Bei sch\u00f6nem Wetter k\u00f6nnen Sie sich auf unserer Terrasse verweilen und den Blick auf die idyllische Umgebung schweifen lassen.<\/p>\n<p class=\"Playlist\">W\u00e4hrend der Saison finden auf den zwei Ebenen des Au\u00dfenbereichs bis zu 40 G\u00e4ste Platz.<\/p>\n<\/td>\n<\/tr>\n<tr>\n<td>\n<p class=\"Heading_2\"><strong>\u00dcbernachtung<\/strong><\/p>\n<p class=\"Playlist\">Im Hauptgeb\u00e4ude befinden sich zwei Schlafr\u00e4ume. Diese sind als \u201eMatratzenlager\u201c mit 9 und 11 Betten ausgebaut.<\/p>\n<p class=\"Playlist\">Im Keller befinden sich zwei neu ausgebaute Sanit\u00e4rr\u00e4ume mit Dusche und Toiletten.<\/p>\n<\/td>\n<td><img loading=\"lazy\" decoding=\"async\" class=\"alignnone size-full wp-image-301\" src=\"http:\/\/www.schwarzwaldverein-st-georgen.de\/wp-content\/uploads\/innen_2.png\" alt=\"\" width=\"368\" height=\"229\" srcset=\"https:\/\/www.schwarzwaldverein-st-georgen.de\/wp-content\/uploads\/innen_2.png 368w, https:\/\/www.schwarzwaldverein-st-georgen.de\/wp-content\/uploads\/innen_2-300x187.png 300w\" sizes=\"auto, (max-width: 368px) 100vw, 368px\" \/><\/td>\n<\/tr>\n<tr>\n<td><img loading=\"lazy\" decoding=\"async\" class=\"alignnone size-full wp-image-298\" src=\"http:\/\/www.schwarzwaldverein-st-georgen.de\/wp-content\/uploads\/innen_3.png\" alt=\"\" width=\"384\" height=\"231\" srcset=\"https:\/\/www.schwarzwaldverein-st-georgen.de\/wp-content\/uploads\/innen_3.png 384w, https:\/\/www.schwarzwaldverein-st-georgen.de\/wp-content\/uploads\/innen_3-300x180.png 300w\" sizes=\"auto, (max-width: 384px) 100vw, 384px\" \/><\/td>\n<td>\n<p class=\"Heading_2\"><strong>Ferienwohnung \u201eSchopf\u201c<\/strong><\/p>\n<p class=\"Playlist\">Das Nebengeb\u00e4ude, auch &#8222;Schopf&#8220; genannt, bietet sich f\u00fcr \u00dcbernachtungen von Fernwanderern und als Ferienhaus an.<\/p>\n<p class=\"Playlist\">Es ist unabh\u00e4ngig von den \u00d6ffnungszeiten des Wanderheims zu mieten.<\/p>\n<p class=\"Playlist\">Ein 2-Bett-Zimmer und ein 4-Bett-Zimmer bieten Platz f\u00fcr bis zu 6 G\u00e4ste. Hinzu kommt ein Wohnraum mit Kochecke sowie 2 WCs und ein Duschraum.<\/p>\n<\/td>\n<\/tr>\n<\/tbody>\n<\/table>\n","protected":false},"excerpt":{"rendered":"<p>Gaststube, St\u00fcble und Terrasse Unsere gem\u00fctliche Gaststube bietet 30 Sitzpl\u00e4tze, zus\u00e4tzlich k\u00f6nnen im \u201eSt\u00fcble\u201c &#8211; einem kleinen Nebenzimmer &#8211; weitere G\u00e4ste Platz finden. Terrasse Bei sch\u00f6nem Wetter k\u00f6nnen Sie sich auf unserer Terrasse verweilen und den Blick auf die idyllische Umgebung schweifen lassen. W\u00e4hrend der Saison finden auf den zwei Ebenen des Au\u00dfenbereichs bis zu &hellip; <\/p>\n<p><a class=\"more-link btn\" href=\"https:\/\/www.schwarzwaldverein-st-georgen.de\/index.php\/wanderheim\/unser-haus\/\">Weiterlesen<\/a><\/p>\n","protected":false},"author":2,"featured_media":0,"parent":127,"menu_order":0,"comment_status":"closed","ping_status":"closed","template":"template-twocolumnsleft.php","meta":{"_price":"","_stock":"","_tribe_ticket_header":"","_tribe_default_ticket_provider":"","_ticket_start_date":"","_ticket_end_date":"","_tribe_ticket_show_description":"","_tribe_ticket_show_not_going":false,"_tribe_ticket_use_global_stock":"","_tribe_ticket_global_stock_level":"","_global_stock_mode":"","_global_stock_cap":"","_tribe_rsvp_for_event":"","_tribe_ticket_going_count":"","_tribe_ticket_not_going_count":"","_tribe_tickets_list":"[]","_tribe_ticket_has_attendee_info_fields":false,"footnotes":"","_tec_slr_enabled":"","_tec_slr_layout":""},"class_list":["post-297","page","type-page","status-publish","hentry","nodate","item-wrap"],"yoast_head":"<!-- This site is optimized with the Yoast SEO plugin v26.8 - https:\/\/yoast.com\/product\/yoast-seo-wordpress\/ -->\n<title>Unser Haus - Schwarzwaldverein St. Georgen e.V.<\/title>\n<meta name=\"robots\" content=\"index, follow, max-snippet:-1, max-image-preview:large, max-video-preview:-1\" \/>\n<link rel=\"canonical\" href=\"https:\/\/www.schwarzwaldverein-st-georgen.de\/index.php\/wanderheim\/unser-haus\/\" \/>\n<meta property=\"og:locale\" content=\"de_DE\" \/>\n<meta property=\"og:type\" content=\"article\" \/>\n<meta property=\"og:title\" content=\"Unser Haus - Schwarzwaldverein St. Georgen e.V.\" \/>\n<meta property=\"og:description\" content=\"Gaststube, St\u00fcble und Terrasse Unsere gem\u00fctliche Gaststube bietet 30 Sitzpl\u00e4tze, zus\u00e4tzlich k\u00f6nnen im \u201eSt\u00fcble\u201c &#8211; einem kleinen Nebenzimmer &#8211; weitere G\u00e4ste Platz finden. Terrasse Bei sch\u00f6nem Wetter k\u00f6nnen Sie sich auf unserer Terrasse verweilen und den Blick auf die idyllische Umgebung schweifen lassen. W\u00e4hrend der Saison finden auf den zwei Ebenen des Au\u00dfenbereichs bis zu &hellip; Weiterlesen\" \/>\n<meta property=\"og:url\" content=\"https:\/\/www.schwarzwaldverein-st-georgen.de\/index.php\/wanderheim\/unser-haus\/\" \/>\n<meta property=\"og:site_name\" content=\"Schwarzwaldverein St. Georgen e.V.\" \/>\n<meta property=\"article:modified_time\" content=\"2022-04-15T09:24:08+00:00\" \/>\n<meta property=\"og:image\" content=\"http:\/\/www.schwarzwaldverein-st-georgen.de\/wp-content\/uploads\/ausschnittwanderheim.png\" \/>\n<meta name=\"twitter:card\" content=\"summary_large_image\" \/>\n<meta name=\"twitter:label1\" content=\"Gesch\u00e4tzte Lesezeit\" \/>\n\t<meta name=\"twitter:data1\" content=\"2\u00a0Minuten\" \/>\n<script type=\"application\/ld+json\" class=\"yoast-schema-graph\">{\"@context\":\"https:\/\/schema.org\",\"@graph\":[{\"@type\":\"WebPage\",\"@id\":\"https:\/\/www.schwarzwaldverein-st-georgen.de\/index.php\/wanderheim\/unser-haus\/\",\"url\":\"https:\/\/www.schwarzwaldverein-st-georgen.de\/index.php\/wanderheim\/unser-haus\/\",\"name\":\"Unser Haus - Schwarzwaldverein St. Georgen e.V.\",\"isPartOf\":{\"@id\":\"https:\/\/www.schwarzwaldverein-st-georgen.de\/#website\"},\"primaryImageOfPage\":{\"@id\":\"https:\/\/www.schwarzwaldverein-st-georgen.de\/index.php\/wanderheim\/unser-haus\/#primaryimage\"},\"image\":{\"@id\":\"https:\/\/www.schwarzwaldverein-st-georgen.de\/index.php\/wanderheim\/unser-haus\/#primaryimage\"},\"thumbnailUrl\":\"http:\/\/www.schwarzwaldverein-st-georgen.de\/wp-content\/uploads\/ausschnittwanderheim.png\",\"datePublished\":\"2017-11-25T10:02:04+00:00\",\"dateModified\":\"2022-04-15T09:24:08+00:00\",\"breadcrumb\":{\"@id\":\"https:\/\/www.schwarzwaldverein-st-georgen.de\/index.php\/wanderheim\/unser-haus\/#breadcrumb\"},\"inLanguage\":\"de\",\"potentialAction\":[{\"@type\":\"ReadAction\",\"target\":[\"https:\/\/www.schwarzwaldverein-st-georgen.de\/index.php\/wanderheim\/unser-haus\/\"]}]},{\"@type\":\"ImageObject\",\"inLanguage\":\"de\",\"@id\":\"https:\/\/www.schwarzwaldverein-st-georgen.de\/index.php\/wanderheim\/unser-haus\/#primaryimage\",\"url\":\"http:\/\/www.schwarzwaldverein-st-georgen.de\/wp-content\/uploads\/ausschnittwanderheim.png\",\"contentUrl\":\"http:\/\/www.schwarzwaldverein-st-georgen.de\/wp-content\/uploads\/ausschnittwanderheim.png\"},{\"@type\":\"BreadcrumbList\",\"@id\":\"https:\/\/www.schwarzwaldverein-st-georgen.de\/index.php\/wanderheim\/unser-haus\/#breadcrumb\",\"itemListElement\":[{\"@type\":\"ListItem\",\"position\":1,\"name\":\"Start\",\"item\":\"https:\/\/www.schwarzwaldverein-st-georgen.de\/\"},{\"@type\":\"ListItem\",\"position\":2,\"name\":\"Wanderheim &#8222;Lindenb\u00fcble&#8220;\",\"item\":\"https:\/\/www.schwarzwaldverein-st-georgen.de\/index.php\/wanderheim\/\"},{\"@type\":\"ListItem\",\"position\":3,\"name\":\"Unser Haus\"}]},{\"@type\":\"WebSite\",\"@id\":\"https:\/\/www.schwarzwaldverein-st-georgen.de\/#website\",\"url\":\"https:\/\/www.schwarzwaldverein-st-georgen.de\/\",\"name\":\"Schwarzwaldverein St. Georgen e.V.\",\"description\":\"Wandern, Wege, Naturschutz, Familien, Wanderheim Lindenb\u00fcble\",\"potentialAction\":[{\"@type\":\"SearchAction\",\"target\":{\"@type\":\"EntryPoint\",\"urlTemplate\":\"https:\/\/www.schwarzwaldverein-st-georgen.de\/?s={search_term_string}\"},\"query-input\":{\"@type\":\"PropertyValueSpecification\",\"valueRequired\":true,\"valueName\":\"search_term_string\"}}],\"inLanguage\":\"de\"}]}<\/script>\n<!-- \/ Yoast SEO plugin. -->","yoast_head_json":{"title":"Unser Haus - Schwarzwaldverein St. Georgen e.V.","robots":{"index":"index","follow":"follow","max-snippet":"max-snippet:-1","max-image-preview":"max-image-preview:large","max-video-preview":"max-video-preview:-1"},"canonical":"https:\/\/www.schwarzwaldverein-st-georgen.de\/index.php\/wanderheim\/unser-haus\/","og_locale":"de_DE","og_type":"article","og_title":"Unser Haus - Schwarzwaldverein St. Georgen e.V.","og_description":"Gaststube, St\u00fcble und Terrasse Unsere gem\u00fctliche Gaststube bietet 30 Sitzpl\u00e4tze, zus\u00e4tzlich k\u00f6nnen im \u201eSt\u00fcble\u201c &#8211; einem kleinen Nebenzimmer &#8211; weitere G\u00e4ste Platz finden. Terrasse Bei sch\u00f6nem Wetter k\u00f6nnen Sie sich auf unserer Terrasse verweilen und den Blick auf die idyllische Umgebung schweifen lassen. W\u00e4hrend der Saison finden auf den zwei Ebenen des Au\u00dfenbereichs bis zu &hellip; Weiterlesen","og_url":"https:\/\/www.schwarzwaldverein-st-georgen.de\/index.php\/wanderheim\/unser-haus\/","og_site_name":"Schwarzwaldverein St. Georgen e.V.","article_modified_time":"2022-04-15T09:24:08+00:00","og_image":[{"url":"http:\/\/www.schwarzwaldverein-st-georgen.de\/wp-content\/uploads\/ausschnittwanderheim.png","type":"","width":"","height":""}],"twitter_card":"summary_large_image","twitter_misc":{"Gesch\u00e4tzte Lesezeit":"2\u00a0Minuten"},"schema":{"@context":"https:\/\/schema.org","@graph":[{"@type":"WebPage","@id":"https:\/\/www.schwarzwaldverein-st-georgen.de\/index.php\/wanderheim\/unser-haus\/","url":"https:\/\/www.schwarzwaldverein-st-georgen.de\/index.php\/wanderheim\/unser-haus\/","name":"Unser Haus - Schwarzwaldverein St. Georgen e.V.","isPartOf":{"@id":"https:\/\/www.schwarzwaldverein-st-georgen.de\/#website"},"primaryImageOfPage":{"@id":"https:\/\/www.schwarzwaldverein-st-georgen.de\/index.php\/wanderheim\/unser-haus\/#primaryimage"},"image":{"@id":"https:\/\/www.schwarzwaldverein-st-georgen.de\/index.php\/wanderheim\/unser-haus\/#primaryimage"},"thumbnailUrl":"http:\/\/www.schwarzwaldverein-st-georgen.de\/wp-content\/uploads\/ausschnittwanderheim.png","datePublished":"2017-11-25T10:02:04+00:00","dateModified":"2022-04-15T09:24:08+00:00","breadcrumb":{"@id":"https:\/\/www.schwarzwaldverein-st-georgen.de\/index.php\/wanderheim\/unser-haus\/#breadcrumb"},"inLanguage":"de","potentialAction":[{"@type":"ReadAction","target":["https:\/\/www.schwarzwaldverein-st-georgen.de\/index.php\/wanderheim\/unser-haus\/"]}]},{"@type":"ImageObject","inLanguage":"de","@id":"https:\/\/www.schwarzwaldverein-st-georgen.de\/index.php\/wanderheim\/unser-haus\/#primaryimage","url":"http:\/\/www.schwarzwaldverein-st-georgen.de\/wp-content\/uploads\/ausschnittwanderheim.png","contentUrl":"http:\/\/www.schwarzwaldverein-st-georgen.de\/wp-content\/uploads\/ausschnittwanderheim.png"},{"@type":"BreadcrumbList","@id":"https:\/\/www.schwarzwaldverein-st-georgen.de\/index.php\/wanderheim\/unser-haus\/#breadcrumb","itemListElement":[{"@type":"ListItem","position":1,"name":"Start","item":"https:\/\/www.schwarzwaldverein-st-georgen.de\/"},{"@type":"ListItem","position":2,"name":"Wanderheim &#8222;Lindenb\u00fcble&#8220;","item":"https:\/\/www.schwarzwaldverein-st-georgen.de\/index.php\/wanderheim\/"},{"@type":"ListItem","position":3,"name":"Unser Haus"}]},{"@type":"WebSite","@id":"https:\/\/www.schwarzwaldverein-st-georgen.de\/#website","url":"https:\/\/www.schwarzwaldverein-st-georgen.de\/","name":"Schwarzwaldverein St. Georgen e.V.","description":"Wandern, Wege, Naturschutz, Familien, Wanderheim Lindenb\u00fcble","potentialAction":[{"@type":"SearchAction","target":{"@type":"EntryPoint","urlTemplate":"https:\/\/www.schwarzwaldverein-st-georgen.de\/?s={search_term_string}"},"query-input":{"@type":"PropertyValueSpecification","valueRequired":true,"valueName":"search_term_string"}}],"inLanguage":"de"}]}},"ticketed":false,"_links":{"self":[{"href":"https:\/\/www.schwarzwaldverein-st-georgen.de\/index.php\/wp-json\/wp\/v2\/pages\/297","targetHints":{"allow":["GET"]}}],"collection":[{"href":"https:\/\/www.schwarzwaldverein-st-georgen.de\/index.php\/wp-json\/wp\/v2\/pages"}],"about":[{"href":"https:\/\/www.schwarzwaldverein-st-georgen.de\/index.php\/wp-json\/wp\/v2\/types\/page"}],"author":[{"embeddable":true,"href":"https:\/\/www.schwarzwaldverein-st-georgen.de\/index.php\/wp-json\/wp\/v2\/users\/2"}],"replies":[{"embeddable":true,"href":"https:\/\/www.schwarzwaldverein-st-georgen.de\/index.php\/wp-json\/wp\/v2\/comments?post=297"}],"version-history":[{"count":6,"href":"https:\/\/www.schwarzwaldverein-st-georgen.de\/index.php\/wp-json\/wp\/v2\/pages\/297\/revisions"}],"predecessor-version":[{"id":1976,"href":"https:\/\/www.schwarzwaldverein-st-georgen.de\/index.php\/wp-json\/wp\/v2\/pages\/297\/revisions\/1976"}],"up":[{"embeddable":true,"href":"https:\/\/www.schwarzwaldverein-st-georgen.de\/index.php\/wp-json\/wp\/v2\/pages\/127"}],"wp:attachment":[{"href":"https:\/\/www.schwarzwaldverein-st-georgen.de\/index.php\/wp-json\/wp\/v2\/media?parent=297"}],"curies":[{"name":"wp","href":"https:\/\/api.w.org\/{rel}","templated":true}]}}