{"id":22,"date":"2017-11-16T17:09:02","date_gmt":"2017-11-16T16:09:02","guid":{"rendered":"http:\/\/localhost\/swv\/?page_id=22"},"modified":"2025-06-26T17:50:33","modified_gmt":"2025-06-26T15:50:33","slug":"impressum","status":"publish","type":"page","link":"https:\/\/www.schwarzwaldverein-st-georgen.de\/index.php\/impressum\/","title":{"rendered":"Impressum"},"content":{"rendered":"<table width=\"670\">\n<tbody>\n<tr>\n<td>\n<table width=\"640\">\n<tbody>\n<tr>\n<td width=\"267\"><strong>Schwarzwaldverein St. Georgen e.V.<br \/>\n<\/strong><strong>Uta Loreit<br \/>\nAlter Weg 5<\/strong><br \/>\n<strong>78112 St. Georgen<br \/>\n<\/strong>Telefon 07724\/82738<br \/>\nemail: <a href=\"mailto:vorstand@schwarzwaldverein-st-georgen.de\">vorstand@schwarzwaldverein-st-georgen.de<\/a><strong>Schwarzwaldverein St. Georgen e.V.<br \/>\nKirsten Heinzmann<br \/>\nGutachweg 5<\/strong><br \/>\n<strong>78112 St. Georgen<br \/>\n<\/strong>Telefon 07724\/3561<br \/>\n<a href=\"mailto:info@schwarzwaldverein-st-georgen.de\">email: <\/a><a href=\"mailto:vorstand@schwarzwaldverein-st-georgen.de\">vorstand@schwarzwaldverein-st-georgen.de<\/a><\/td>\n<td width=\"350\">Vereinsregister VR 600122<br \/>\nAmtsgericht Freiburg<br \/>\nVertretungsberechtigter Vorstand: s. Vorstandschaft<\/td>\n<\/tr>\n<tr>\n<td><\/td>\n<\/tr>\n<\/tbody>\n<\/table>\n<p><strong>DISCLAIMER<\/strong><\/p>\n<p><strong>Haftung f\u00fcr Inhalte<\/strong><\/p>\n<p>Als Diensteanbieter sind wir gem\u00e4\u00df \u00a7 7 Abs.1 TMG f\u00fcr eigene Inhalte auf diesen Seiten nach den allgemeinen Gesetzen verantwortlich. Nach \u00a7\u00a7 8 bis 10 TMG sind wir als Diensteanbieter jedoch nicht verpflichtet, \u00fcbermittelte oder gespeicherte fremde Informationen zu \u00fcberwachen oder nach Umst\u00e4nden zu forschen, die auf eine rechtswidrige T\u00e4tigkeit hinweisen.<\/p>\n<p>Verpflichtungen zur Entfernung oder Sperrung der Nutzung von Informationen nach den allgemeinen Gesetzen bleiben hiervon unber\u00fchrt. Eine diesbez\u00fcgliche Haftung ist jedoch erst ab dem Zeitpunkt der Kenntnis einer konkreten Rechtsverletzung m\u00f6glich. Bei Bekanntwerden von entsprechenden Rechtsverletzungen werden wir diese Inhalte umgehend entfernen.<\/p>\n<p><strong>Haftung f\u00fcr Links<\/strong><\/p>\n<p>Unser Angebot enth\u00e4lt Links zu externen Websites Dritter, auf deren Inhalte wir keinen Einfluss haben. Deshalb k\u00f6nnen wir f\u00fcr diese fremden Inhalte auch keine Gew\u00e4hr \u00fcbernehmen. F\u00fcr die Inhalte der verlinkten Seiten ist stets der jeweilige Anbieter oder Betreiber der Seiten verantwortlich. Die verlinkten Seiten wurden zum Zeitpunkt der Verlinkung auf m\u00f6gliche Rechtsverst\u00f6\u00dfe \u00fcberpr\u00fcft. Rechtswidrige Inhalte waren zum Zeitpunkt der Verlinkung nicht erkennbar.<\/p>\n<p>Eine permanente inhaltliche Kontrolle der verlinkten Seiten ist jedoch ohne konkrete Anhaltspunkte einer Rechtsverletzung nicht zumutbar. Bei Bekanntwerden von Rechtsverletzungen werden wir derartige Links umgehend entfernen.<\/p>\n<p><strong>Urheberrecht<\/strong><\/p>\n<p>Die durch die Seitenbetreiber erstellten Inhalte und Werke auf diesen Seiten unterliegen dem deutschen Urheberrecht. Die Vervielf\u00e4ltigung, Bearbeitung, Verbreitung und jede Art der Verwertung au\u00dferhalb der Grenzen des Urheberrechtes bed\u00fcrfen der schriftlichen Zustimmung des jeweiligen Autors bzw. Erstellers. Downloads und Kopien dieser Seite sind nur f\u00fcr den privaten, nicht kommerziellen Gebrauch gestattet.<\/p>\n<p>Soweit die Inhalte auf dieser Seite nicht vom Betreiber erstellt wurden, werden die Urheberrechte Dritter beachtet. Insbesondere werden Inhalte Dritter als solche gekennzeichnet. Sollten Sie trotzdem auf eine Urheberrechtsverletzung aufmerksam werden, bitten wir um einen entsprechenden Hinweis. Bei Bekanntwerden von Rechtsverletzungen werden wir derartige Inhalte umgehend entfernen.<\/p>\n<hr \/>\n<p>Sonstiges&#8230;<br \/>\n<em>Haftungshinweis:<\/em><br \/>\nTrotz sorgf\u00e4ltiger inhaltlicher Kontrolle \u00fcbernehmen wir keine Haftung f\u00fcr Inhalte externe Links. F\u00fcr den Inhalt der verlinkten Seiten sind ausschlie\u00dflch deren Betreiber verantwortlich<\/p>\n<p><em>Haftungsausschlu\u00df<\/em>:<br \/>\nDie Ortsgruppe St. Georgen des Schwarzwaldvereins tritt bei allen Wanderungen und Veranstaltungen nur als Vermittler der bei der Durchf\u00fchrung von Wanderungen in Anspruch genommenen Verkehrsunternehmer, Gastst\u00e4tten und Beherbergungsbetriebe auf. Der Schwarzwaldverein \u00fcbernimmt daher keine Haftung bei Verlusten oder sonstigen, nicht auf sein Verschulden zur\u00fcckzuf\u00fchrende Ereignisse. Wanderteilnehmer sprechen sich mit dem Wanderf\u00fchrer ab, wenn sie sich aus der Wandergruppe entfernen, die Wanderung abk\u00fcrzen oder abbrechen wollen. Die Teilnahme an den Wanderungen erfolgt f\u00fcr Mitglieder und G\u00e4ste auf eigene Gefahr und eigenes Risiko.<\/p>\n<p>Eine \u00dcbersicht \u00fcber unsere Vereinleitung finden Sie <a href=\"http:\/\/www.schwarzwaldverein-st-georgen.de\/index.php\/vorstand\/\">hier<\/a> .<\/p>\n<table width=\"470\">\n<tbody>\n<tr>\n<td width=\"199\"><strong><br \/>\nVereinskonto:<\/strong><\/td>\n<td width=\"271\"><\/td>\n<\/tr>\n<tr>\n<td colspan=\"2\">IBAN DE41 6649 0000 0030 1347 10 &#8211; BIC GENODE61OG1<\/td>\n<\/tr>\n<\/tbody>\n<\/table>\n<table width=\"640\">\n<tbody>\n<tr>\n<td width=\"199\"><strong><br \/>\nWanderheim<\/strong><\/td>\n<td width=\"173\"><\/td>\n<td width=\"98\"><\/td>\n<td><\/td>\n<\/tr>\n<tr>\n<td width=\"199\"><strong>Verwaltung und Anmeldung<\/strong><\/td>\n<td width=\"173\"><\/td>\n<td width=\"98\"><\/td>\n<td><\/td>\n<\/tr>\n<tr>\n<td width=\"199\">Axel Heinzmann<\/td>\n<td width=\"173\">Gutachweg 5<\/td>\n<td width=\"98\">07724\/3561<\/td>\n<td><a href=\"mailto:info@lindenbueble.de\">linfo@lindenbueble.de<\/a><\/td>\n<\/tr>\n<tr>\n<td width=\"199\">Heidi K\u00f6nig<\/td>\n<td width=\"173\">Bahnhofstra\u00dfe 56<\/td>\n<td width=\"98\">07724\/2802<\/td>\n<td><\/td>\n<\/tr>\n<tr>\n<td width=\"199\"><strong>Wanderheimkasse:<\/strong><\/td>\n<td width=\"173\"><\/td>\n<td width=\"98\"><\/td>\n<td><\/td>\n<\/tr>\n<tr>\n<td width=\"199\">Beate Linhard<\/td>\n<td width=\"173\">Eichendorffweg 13<\/td>\n<td width=\"98\">07724\/4348<\/td>\n<td><\/td>\n<\/tr>\n<\/tbody>\n<\/table>\n<table width=\"470\">\n<tbody>\n<tr>\n<td width=\"198\"><strong><br \/>\nWanderheimkonto:<\/strong><\/td>\n<td width=\"272\"><\/td>\n<\/tr>\n<tr>\n<td colspan=\"2\">IBAN DE37 6945 0065 0009 3072 75 &#8211; BIC SOLADES1VSS<\/td>\n<\/tr>\n<tr>\n<td width=\"198\"><\/td>\n<td width=\"272\"><\/td>\n<\/tr>\n<\/tbody>\n<\/table>\n<p>Hinweis zur Online-Streitbeilegung gem\u00e4\u00df Art. 14 Abs. 1 ODR-VO: Die Europ\u00e4ische Kommission stellt eine Plattform zur Online-Streitbeilegung (OS) bereit, die Sie\u00a0<a href=\"http:\/\/76497.seu1.cleverreach.com\/c\/26572548\/7f4c484934a-pcw081\" target=\"_blank\" rel=\"noopener noreferrer\">hier<\/a> finden.<\/p>\n<p><strong><em>Unsere Heimat braucht einen starken Schwarzwaldverein,<br \/>\nwerben Sie Mitglieder!<\/em><\/strong><\/td>\n<\/tr>\n<\/tbody>\n<\/table>\n","protected":false},"excerpt":{"rendered":"<p>Schwarzwaldverein St. Georgen e.V. Uta Loreit Alter Weg 5 78112 St. Georgen Telefon 07724\/82738 email: vorstand@schwarzwaldverein-st-georgen.deSchwarzwaldverein St. Georgen e.V. Kirsten Heinzmann Gutachweg 5 78112 St. Georgen Telefon 07724\/3561 email: vorstand@schwarzwaldverein-st-georgen.de Vereinsregister VR 600122 Amtsgericht Freiburg Vertretungsberechtigter Vorstand: s. Vorstandschaft DISCLAIMER Haftung f\u00fcr Inhalte Als Diensteanbieter sind wir gem\u00e4\u00df \u00a7 7 Abs.1 TMG f\u00fcr eigene Inhalte &hellip; <\/p>\n<p><a class=\"more-link btn\" href=\"https:\/\/www.schwarzwaldverein-st-georgen.de\/index.php\/impressum\/\">Weiterlesen<\/a><\/p>\n","protected":false},"author":1,"featured_media":0,"parent":0,"menu_order":0,"comment_status":"closed","ping_status":"closed","template":"","meta":{"_price":"","_stock":"","_tribe_ticket_header":"","_tribe_default_ticket_provider":"","_ticket_start_date":"","_ticket_end_date":"","_tribe_ticket_show_description":"","_tribe_ticket_show_not_going":false,"_tribe_ticket_use_global_stock":"","_tribe_ticket_global_stock_level":"","_global_stock_mode":"","_global_stock_cap":"","_tribe_rsvp_for_event":"","_tribe_ticket_going_count":"","_tribe_ticket_not_going_count":"","_tribe_tickets_list":"[]","_tribe_ticket_has_attendee_info_fields":false,"footnotes":"","_tec_slr_enabled":"","_tec_slr_layout":""},"class_list":["post-22","page","type-page","status-publish","hentry","nodate","item-wrap"],"yoast_head":"<!-- This site is optimized with the Yoast SEO plugin v26.8 - https:\/\/yoast.com\/product\/yoast-seo-wordpress\/ -->\n<title>Impressum - Schwarzwaldverein St. Georgen e.V.<\/title>\n<meta name=\"robots\" content=\"index, follow, max-snippet:-1, max-image-preview:large, max-video-preview:-1\" \/>\n<link rel=\"canonical\" href=\"https:\/\/www.schwarzwaldverein-st-georgen.de\/index.php\/impressum\/\" \/>\n<meta property=\"og:locale\" content=\"de_DE\" \/>\n<meta property=\"og:type\" content=\"article\" \/>\n<meta property=\"og:title\" content=\"Impressum - Schwarzwaldverein St. Georgen e.V.\" \/>\n<meta property=\"og:description\" content=\"Schwarzwaldverein St. Georgen e.V. Uta Loreit Alter Weg 5 78112 St. Georgen Telefon 07724\/82738 email: vorstand@schwarzwaldverein-st-georgen.deSchwarzwaldverein St. Georgen e.V. Kirsten Heinzmann Gutachweg 5 78112 St. Georgen Telefon 07724\/3561 email: vorstand@schwarzwaldverein-st-georgen.de Vereinsregister VR 600122 Amtsgericht Freiburg Vertretungsberechtigter Vorstand: s. Vorstandschaft DISCLAIMER Haftung f\u00fcr Inhalte Als Diensteanbieter sind wir gem\u00e4\u00df \u00a7 7 Abs.1 TMG f\u00fcr eigene Inhalte &hellip; Weiterlesen\" \/>\n<meta property=\"og:url\" content=\"https:\/\/www.schwarzwaldverein-st-georgen.de\/index.php\/impressum\/\" \/>\n<meta property=\"og:site_name\" content=\"Schwarzwaldverein St. Georgen e.V.\" \/>\n<meta property=\"article:modified_time\" content=\"2025-06-26T15:50:33+00:00\" \/>\n<meta name=\"twitter:card\" content=\"summary_large_image\" \/>\n<meta name=\"twitter:label1\" content=\"Gesch\u00e4tzte Lesezeit\" \/>\n\t<meta name=\"twitter:data1\" content=\"3\u00a0Minuten\" \/>\n<script type=\"application\/ld+json\" class=\"yoast-schema-graph\">{\"@context\":\"https:\/\/schema.org\",\"@graph\":[{\"@type\":\"WebPage\",\"@id\":\"https:\/\/www.schwarzwaldverein-st-georgen.de\/index.php\/impressum\/\",\"url\":\"https:\/\/www.schwarzwaldverein-st-georgen.de\/index.php\/impressum\/\",\"name\":\"Impressum - Schwarzwaldverein St. Georgen e.V.\",\"isPartOf\":{\"@id\":\"https:\/\/www.schwarzwaldverein-st-georgen.de\/#website\"},\"datePublished\":\"2017-11-16T16:09:02+00:00\",\"dateModified\":\"2025-06-26T15:50:33+00:00\",\"breadcrumb\":{\"@id\":\"https:\/\/www.schwarzwaldverein-st-georgen.de\/index.php\/impressum\/#breadcrumb\"},\"inLanguage\":\"de\",\"potentialAction\":[{\"@type\":\"ReadAction\",\"target\":[\"https:\/\/www.schwarzwaldverein-st-georgen.de\/index.php\/impressum\/\"]}]},{\"@type\":\"BreadcrumbList\",\"@id\":\"https:\/\/www.schwarzwaldverein-st-georgen.de\/index.php\/impressum\/#breadcrumb\",\"itemListElement\":[{\"@type\":\"ListItem\",\"position\":1,\"name\":\"Start\",\"item\":\"https:\/\/www.schwarzwaldverein-st-georgen.de\/\"},{\"@type\":\"ListItem\",\"position\":2,\"name\":\"Impressum\"}]},{\"@type\":\"WebSite\",\"@id\":\"https:\/\/www.schwarzwaldverein-st-georgen.de\/#website\",\"url\":\"https:\/\/www.schwarzwaldverein-st-georgen.de\/\",\"name\":\"Schwarzwaldverein St. Georgen e.V.\",\"description\":\"Wandern, Wege, Naturschutz, Familien, Wanderheim Lindenb\u00fcble\",\"potentialAction\":[{\"@type\":\"SearchAction\",\"target\":{\"@type\":\"EntryPoint\",\"urlTemplate\":\"https:\/\/www.schwarzwaldverein-st-georgen.de\/?s={search_term_string}\"},\"query-input\":{\"@type\":\"PropertyValueSpecification\",\"valueRequired\":true,\"valueName\":\"search_term_string\"}}],\"inLanguage\":\"de\"}]}<\/script>\n<!-- \/ Yoast SEO plugin. -->","yoast_head_json":{"title":"Impressum - Schwarzwaldverein St. Georgen e.V.","robots":{"index":"index","follow":"follow","max-snippet":"max-snippet:-1","max-image-preview":"max-image-preview:large","max-video-preview":"max-video-preview:-1"},"canonical":"https:\/\/www.schwarzwaldverein-st-georgen.de\/index.php\/impressum\/","og_locale":"de_DE","og_type":"article","og_title":"Impressum - Schwarzwaldverein St. Georgen e.V.","og_description":"Schwarzwaldverein St. Georgen e.V. Uta Loreit Alter Weg 5 78112 St. Georgen Telefon 07724\/82738 email: vorstand@schwarzwaldverein-st-georgen.deSchwarzwaldverein St. Georgen e.V. Kirsten Heinzmann Gutachweg 5 78112 St. Georgen Telefon 07724\/3561 email: vorstand@schwarzwaldverein-st-georgen.de Vereinsregister VR 600122 Amtsgericht Freiburg Vertretungsberechtigter Vorstand: s. Vorstandschaft DISCLAIMER Haftung f\u00fcr Inhalte Als Diensteanbieter sind wir gem\u00e4\u00df \u00a7 7 Abs.1 TMG f\u00fcr eigene Inhalte &hellip; Weiterlesen","og_url":"https:\/\/www.schwarzwaldverein-st-georgen.de\/index.php\/impressum\/","og_site_name":"Schwarzwaldverein St. Georgen e.V.","article_modified_time":"2025-06-26T15:50:33+00:00","twitter_card":"summary_large_image","twitter_misc":{"Gesch\u00e4tzte Lesezeit":"3\u00a0Minuten"},"schema":{"@context":"https:\/\/schema.org","@graph":[{"@type":"WebPage","@id":"https:\/\/www.schwarzwaldverein-st-georgen.de\/index.php\/impressum\/","url":"https:\/\/www.schwarzwaldverein-st-georgen.de\/index.php\/impressum\/","name":"Impressum - Schwarzwaldverein St. Georgen e.V.","isPartOf":{"@id":"https:\/\/www.schwarzwaldverein-st-georgen.de\/#website"},"datePublished":"2017-11-16T16:09:02+00:00","dateModified":"2025-06-26T15:50:33+00:00","breadcrumb":{"@id":"https:\/\/www.schwarzwaldverein-st-georgen.de\/index.php\/impressum\/#breadcrumb"},"inLanguage":"de","potentialAction":[{"@type":"ReadAction","target":["https:\/\/www.schwarzwaldverein-st-georgen.de\/index.php\/impressum\/"]}]},{"@type":"BreadcrumbList","@id":"https:\/\/www.schwarzwaldverein-st-georgen.de\/index.php\/impressum\/#breadcrumb","itemListElement":[{"@type":"ListItem","position":1,"name":"Start","item":"https:\/\/www.schwarzwaldverein-st-georgen.de\/"},{"@type":"ListItem","position":2,"name":"Impressum"}]},{"@type":"WebSite","@id":"https:\/\/www.schwarzwaldverein-st-georgen.de\/#website","url":"https:\/\/www.schwarzwaldverein-st-georgen.de\/","name":"Schwarzwaldverein St. Georgen e.V.","description":"Wandern, Wege, Naturschutz, Familien, Wanderheim Lindenb\u00fcble","potentialAction":[{"@type":"SearchAction","target":{"@type":"EntryPoint","urlTemplate":"https:\/\/www.schwarzwaldverein-st-georgen.de\/?s={search_term_string}"},"query-input":{"@type":"PropertyValueSpecification","valueRequired":true,"valueName":"search_term_string"}}],"inLanguage":"de"}]}},"ticketed":false,"_links":{"self":[{"href":"https:\/\/www.schwarzwaldverein-st-georgen.de\/index.php\/wp-json\/wp\/v2\/pages\/22","targetHints":{"allow":["GET"]}}],"collection":[{"href":"https:\/\/www.schwarzwaldverein-st-georgen.de\/index.php\/wp-json\/wp\/v2\/pages"}],"about":[{"href":"https:\/\/www.schwarzwaldverein-st-georgen.de\/index.php\/wp-json\/wp\/v2\/types\/page"}],"author":[{"embeddable":true,"href":"https:\/\/www.schwarzwaldverein-st-georgen.de\/index.php\/wp-json\/wp\/v2\/users\/1"}],"replies":[{"embeddable":true,"href":"https:\/\/www.schwarzwaldverein-st-georgen.de\/index.php\/wp-json\/wp\/v2\/comments?post=22"}],"version-history":[{"count":16,"href":"https:\/\/www.schwarzwaldverein-st-georgen.de\/index.php\/wp-json\/wp\/v2\/pages\/22\/revisions"}],"predecessor-version":[{"id":2772,"href":"https:\/\/www.schwarzwaldverein-st-georgen.de\/index.php\/wp-json\/wp\/v2\/pages\/22\/revisions\/2772"}],"wp:attachment":[{"href":"https:\/\/www.schwarzwaldverein-st-georgen.de\/index.php\/wp-json\/wp\/v2\/media?parent=22"}],"curies":[{"name":"wp","href":"https:\/\/api.w.org\/{rel}","templated":true}]}}