{"id":1527,"date":"2021-02-03T08:59:52","date_gmt":"2021-02-03T07:59:52","guid":{"rendered":"https:\/\/www.schwarzwaldverein-st-georgen.de\/?page_id=1527"},"modified":"2025-10-23T12:24:38","modified_gmt":"2025-10-23T10:24:38","slug":"mitglied-werden","status":"publish","type":"page","link":"https:\/\/www.schwarzwaldverein-st-georgen.de\/index.php\/ueber-mich\/mitglied-werden\/","title":{"rendered":"Mitglied werden"},"content":{"rendered":"<blockquote><p>Wir sind ein ehrenamtlicher <strong>Wander- und Naturschutzverein<\/strong>, der schon seit der Gr\u00fcndung im Jahre 1888 sich um Bewegung drau\u00dfen und den Erhalt der Natur k\u00fcmmert. Wir haben tolle Ideen, sind engagiert und bieten <strong>sch\u00f6ne Veranstaltungen<\/strong>,\u00a0<strong>au\u00dfergew\u00f6hnliche Touren<\/strong>, interessante\u00a0<strong>Kultur-Ausfl\u00fcge<\/strong>\u00a0und\u00a0<strong>eindrucksvolle Wanderwochen<\/strong>.<\/p>\n<p>Werde Teil unserer Gemeinschaft und finde nette Menschen mit der selben Leidenschaft und dann geht&#8217;s gemeinsam einfach raus in die Natur!<\/p>\n<p><strong>Wir freuen uns auf Euch!<\/strong><\/p>\n<table>\n<tbody>\n<tr>\n<td><a href=\"https:\/\/www.schwarzwaldverein-st-georgen.de\/wp-content\/uploads\/sonstiges\/BeitrittserklaerungV33.pdf\" target=\"_blank\" rel=\"noopener\"><img loading=\"lazy\" decoding=\"async\" class=\"alignnone wp-image-1555 size-full\" src=\"https:\/\/www.schwarzwaldverein-st-georgen.de\/wp-content\/uploads\/pdf.png\" alt=\"\" width=\"51\" height=\"51\" \/><\/a><\/td>\n<td><strong>Beitrittserkl\u00e4rung Schwarzwaldverein St. Georgen e.V.<br \/>\nf\u00fcr h\u00e4ndisches Ausf\u00fcllen<\/strong><br \/>\n<a href=\"https:\/\/www.schwarzwaldverein-st-georgen.de\/wp-content\/uploads\/sonstiges\/BeitrittserklaerungV33.pdf\" target=\"_blank\" rel=\"noopener\"><img loading=\"lazy\" decoding=\"async\" class=\"alignnone wp-image-1553\" src=\"https:\/\/www.schwarzwaldverein-st-georgen.de\/wp-content\/uploads\/Download.png\" alt=\"\" width=\"150\" height=\"78\" \/><\/a><\/td>\n<\/tr>\n<tr>\n<td><a href=\"https:\/\/www.schwarzwaldverein-st-georgen.de\/wp-content\/uploads\/sonstiges\/BeitrittserklaerungV33Formular.pdf\" target=\"_blank\" rel=\"noopener\"><img loading=\"lazy\" decoding=\"async\" class=\"alignnone wp-image-1555 size-full\" src=\"https:\/\/www.schwarzwaldverein-st-georgen.de\/wp-content\/uploads\/pdf.png\" alt=\"\" width=\"51\" height=\"51\" \/><\/a><\/td>\n<td><strong>Beitrittserkl\u00e4rung Schwarzwaldverein St. Georgen e.V.<br \/>\nPDF-Formular kann in einem PDF-Reader ausgef\u00fcllt werden<\/strong><br \/>\n<a href=\"https:\/\/www.schwarzwaldverein-st-georgen.de\/wp-content\/uploads\/sonstiges\/BeitrittserklaerungV33Formular.pdf\" target=\"_blank\" rel=\"noopener\"><img loading=\"lazy\" decoding=\"async\" class=\"alignnone wp-image-1553\" src=\"https:\/\/www.schwarzwaldverein-st-georgen.de\/wp-content\/uploads\/Download.png\" alt=\"\" width=\"150\" height=\"78\" \/><\/a><\/td>\n<\/tr>\n<\/tbody>\n<\/table>\n<p>&nbsp;<\/p>\n<h3>Vorteile f\u00fcr Mitglieder im Schwarzwaldverein<\/h3>\n<p>Mitglied werden inklusive einer Unfallversicherung f\u00fcr die ganze Familie.<br \/>\nVersichert sind Unf\u00e4lle bei Natursportarten wie Wandern, Radfahren, Skifahren, Wege-, Familien-, Jugend-, Natur- und Denkmalschutzarbeiten, auch bei privaten Ausfl\u00fcgen!<br \/>\nAllgemeine Informationen zur Unfallversicherung stehen <a href=\"https:\/\/www.schwarzwaldverein-st-georgen.de\/wp-content\/uploads\/sonstiges\/Allgemeine-Informationen-zur-Unfallversicherung20240319.pdf\" target=\"_blank\" rel=\"noopener\">hier<\/a>! <a href=\"https:\/\/www.schwarzwaldverein-st-georgen.de\/wp-content\/uploads\/sonstiges\/Allgemeine-Informationen-zur-Unfallversicherung20240319.pdf\" target=\"_blank\" rel=\"noopener\"><img loading=\"lazy\" decoding=\"async\" class=\"alignnone wp-image-1553\" src=\"https:\/\/www.schwarzwaldverein-st-georgen.de\/wp-content\/uploads\/Download.png\" alt=\"\" width=\"80\" height=\"41\" \/><\/a><\/p>\n<p>Mit Eurer Mitgliedschaft im Schwarzwaldverein St. Georgen e.V. unterst\u00fctzt Ihr unsere Arbeit:<\/p>\n<ul>\n<li>F\u00f6rderung des Wanderns<\/li>\n<li>Schutz der Natur und Landschaft<\/li>\n<li>Anlegen, Markieren und Unterhaltung des Wegenetzes im Schwarzwald<\/li>\n<li>Heimatpflege und Kulturarbeit<\/li>\n<li>Familienarbeit<\/li>\n<li>Heranf\u00fchrung junger Menschen an die Natur<\/li>\n<\/ul>\n<\/blockquote>\n<p>&nbsp;<\/p>\n","protected":false},"excerpt":{"rendered":"<p>Wir sind ein ehrenamtlicher Wander- und Naturschutzverein, der schon seit der Gr\u00fcndung im Jahre 1888 sich um Bewegung drau\u00dfen und den Erhalt der Natur k\u00fcmmert. Wir haben tolle Ideen, sind engagiert und bieten sch\u00f6ne Veranstaltungen,\u00a0au\u00dfergew\u00f6hnliche Touren, interessante\u00a0Kultur-Ausfl\u00fcge\u00a0und\u00a0eindrucksvolle Wanderwochen. Werde Teil unserer Gemeinschaft und finde nette Menschen mit der selben Leidenschaft und dann geht&#8217;s gemeinsam einfach &hellip; <\/p>\n<p><a class=\"more-link btn\" href=\"https:\/\/www.schwarzwaldverein-st-georgen.de\/index.php\/ueber-mich\/mitglied-werden\/\">Weiterlesen<\/a><\/p>\n","protected":false},"author":1,"featured_media":0,"parent":19,"menu_order":5,"comment_status":"closed","ping_status":"closed","template":"template-twocolumnsleft.php","meta":{"_price":"","_stock":"","_tribe_ticket_header":"","_tribe_default_ticket_provider":"","_ticket_start_date":"","_ticket_end_date":"","_tribe_ticket_show_description":"","_tribe_ticket_show_not_going":false,"_tribe_ticket_use_global_stock":"","_tribe_ticket_global_stock_level":"","_global_stock_mode":"","_global_stock_cap":"","_tribe_rsvp_for_event":"","_tribe_ticket_going_count":"","_tribe_ticket_not_going_count":"","_tribe_tickets_list":"[]","_tribe_ticket_has_attendee_info_fields":false,"footnotes":"","_tec_slr_enabled":"","_tec_slr_layout":""},"class_list":["post-1527","page","type-page","status-publish","hentry","nodate","item-wrap"],"yoast_head":"<!-- This site is optimized with the Yoast SEO plugin v26.8 - https:\/\/yoast.com\/product\/yoast-seo-wordpress\/ -->\n<title>Mitglied werden - Schwarzwaldverein St. Georgen e.V.<\/title>\n<meta name=\"robots\" content=\"index, follow, max-snippet:-1, max-image-preview:large, max-video-preview:-1\" \/>\n<link rel=\"canonical\" href=\"https:\/\/www.schwarzwaldverein-st-georgen.de\/index.php\/ueber-mich\/mitglied-werden\/\" \/>\n<meta property=\"og:locale\" content=\"de_DE\" \/>\n<meta property=\"og:type\" content=\"article\" \/>\n<meta property=\"og:title\" content=\"Mitglied werden - Schwarzwaldverein St. Georgen e.V.\" \/>\n<meta property=\"og:description\" content=\"Wir sind ein ehrenamtlicher Wander- und Naturschutzverein, der schon seit der Gr\u00fcndung im Jahre 1888 sich um Bewegung drau\u00dfen und den Erhalt der Natur k\u00fcmmert. Wir haben tolle Ideen, sind engagiert und bieten sch\u00f6ne Veranstaltungen,\u00a0au\u00dfergew\u00f6hnliche Touren, interessante\u00a0Kultur-Ausfl\u00fcge\u00a0und\u00a0eindrucksvolle Wanderwochen. Werde Teil unserer Gemeinschaft und finde nette Menschen mit der selben Leidenschaft und dann geht&#8217;s gemeinsam einfach &hellip; Weiterlesen\" \/>\n<meta property=\"og:url\" content=\"https:\/\/www.schwarzwaldverein-st-georgen.de\/index.php\/ueber-mich\/mitglied-werden\/\" \/>\n<meta property=\"og:site_name\" content=\"Schwarzwaldverein St. Georgen e.V.\" \/>\n<meta property=\"article:modified_time\" content=\"2025-10-23T10:24:38+00:00\" \/>\n<meta property=\"og:image\" content=\"https:\/\/www.schwarzwaldverein-st-georgen.de\/wp-content\/uploads\/pdf.png\" \/>\n\t<meta property=\"og:image:width\" content=\"51\" \/>\n\t<meta property=\"og:image:height\" content=\"51\" \/>\n\t<meta property=\"og:image:type\" content=\"image\/png\" \/>\n<meta name=\"twitter:card\" content=\"summary_large_image\" \/>\n<script type=\"application\/ld+json\" class=\"yoast-schema-graph\">{\"@context\":\"https:\/\/schema.org\",\"@graph\":[{\"@type\":\"WebPage\",\"@id\":\"https:\/\/www.schwarzwaldverein-st-georgen.de\/index.php\/ueber-mich\/mitglied-werden\/\",\"url\":\"https:\/\/www.schwarzwaldverein-st-georgen.de\/index.php\/ueber-mich\/mitglied-werden\/\",\"name\":\"Mitglied werden - Schwarzwaldverein St. Georgen e.V.\",\"isPartOf\":{\"@id\":\"https:\/\/www.schwarzwaldverein-st-georgen.de\/#website\"},\"primaryImageOfPage\":{\"@id\":\"https:\/\/www.schwarzwaldverein-st-georgen.de\/index.php\/ueber-mich\/mitglied-werden\/#primaryimage\"},\"image\":{\"@id\":\"https:\/\/www.schwarzwaldverein-st-georgen.de\/index.php\/ueber-mich\/mitglied-werden\/#primaryimage\"},\"thumbnailUrl\":\"https:\/\/www.schwarzwaldverein-st-georgen.de\/wp-content\/uploads\/pdf.png\",\"datePublished\":\"2021-02-03T07:59:52+00:00\",\"dateModified\":\"2025-10-23T10:24:38+00:00\",\"breadcrumb\":{\"@id\":\"https:\/\/www.schwarzwaldverein-st-georgen.de\/index.php\/ueber-mich\/mitglied-werden\/#breadcrumb\"},\"inLanguage\":\"de\",\"potentialAction\":[{\"@type\":\"ReadAction\",\"target\":[\"https:\/\/www.schwarzwaldverein-st-georgen.de\/index.php\/ueber-mich\/mitglied-werden\/\"]}]},{\"@type\":\"ImageObject\",\"inLanguage\":\"de\",\"@id\":\"https:\/\/www.schwarzwaldverein-st-georgen.de\/index.php\/ueber-mich\/mitglied-werden\/#primaryimage\",\"url\":\"https:\/\/www.schwarzwaldverein-st-georgen.de\/wp-content\/uploads\/pdf.png\",\"contentUrl\":\"https:\/\/www.schwarzwaldverein-st-georgen.de\/wp-content\/uploads\/pdf.png\",\"width\":51,\"height\":51},{\"@type\":\"BreadcrumbList\",\"@id\":\"https:\/\/www.schwarzwaldverein-st-georgen.de\/index.php\/ueber-mich\/mitglied-werden\/#breadcrumb\",\"itemListElement\":[{\"@type\":\"ListItem\",\"position\":1,\"name\":\"Start\",\"item\":\"https:\/\/www.schwarzwaldverein-st-georgen.de\/\"},{\"@type\":\"ListItem\",\"position\":2,\"name\":\"\u00dcber uns\",\"item\":\"https:\/\/www.schwarzwaldverein-st-georgen.de\/index.php\/ueber-mich\/\"},{\"@type\":\"ListItem\",\"position\":3,\"name\":\"Mitglied werden\"}]},{\"@type\":\"WebSite\",\"@id\":\"https:\/\/www.schwarzwaldverein-st-georgen.de\/#website\",\"url\":\"https:\/\/www.schwarzwaldverein-st-georgen.de\/\",\"name\":\"Schwarzwaldverein St. Georgen e.V.\",\"description\":\"Wandern, Wege, Naturschutz, Familien, Wanderheim Lindenb\u00fcble\",\"potentialAction\":[{\"@type\":\"SearchAction\",\"target\":{\"@type\":\"EntryPoint\",\"urlTemplate\":\"https:\/\/www.schwarzwaldverein-st-georgen.de\/?s={search_term_string}\"},\"query-input\":{\"@type\":\"PropertyValueSpecification\",\"valueRequired\":true,\"valueName\":\"search_term_string\"}}],\"inLanguage\":\"de\"}]}<\/script>\n<!-- \/ Yoast SEO plugin. -->","yoast_head_json":{"title":"Mitglied werden - Schwarzwaldverein St. Georgen e.V.","robots":{"index":"index","follow":"follow","max-snippet":"max-snippet:-1","max-image-preview":"max-image-preview:large","max-video-preview":"max-video-preview:-1"},"canonical":"https:\/\/www.schwarzwaldverein-st-georgen.de\/index.php\/ueber-mich\/mitglied-werden\/","og_locale":"de_DE","og_type":"article","og_title":"Mitglied werden - Schwarzwaldverein St. Georgen e.V.","og_description":"Wir sind ein ehrenamtlicher Wander- und Naturschutzverein, der schon seit der Gr\u00fcndung im Jahre 1888 sich um Bewegung drau\u00dfen und den Erhalt der Natur k\u00fcmmert. Wir haben tolle Ideen, sind engagiert und bieten sch\u00f6ne Veranstaltungen,\u00a0au\u00dfergew\u00f6hnliche Touren, interessante\u00a0Kultur-Ausfl\u00fcge\u00a0und\u00a0eindrucksvolle Wanderwochen. Werde Teil unserer Gemeinschaft und finde nette Menschen mit der selben Leidenschaft und dann geht&#8217;s gemeinsam einfach &hellip; Weiterlesen","og_url":"https:\/\/www.schwarzwaldverein-st-georgen.de\/index.php\/ueber-mich\/mitglied-werden\/","og_site_name":"Schwarzwaldverein St. Georgen e.V.","article_modified_time":"2025-10-23T10:24:38+00:00","og_image":[{"width":51,"height":51,"url":"https:\/\/www.schwarzwaldverein-st-georgen.de\/wp-content\/uploads\/pdf.png","type":"image\/png"}],"twitter_card":"summary_large_image","schema":{"@context":"https:\/\/schema.org","@graph":[{"@type":"WebPage","@id":"https:\/\/www.schwarzwaldverein-st-georgen.de\/index.php\/ueber-mich\/mitglied-werden\/","url":"https:\/\/www.schwarzwaldverein-st-georgen.de\/index.php\/ueber-mich\/mitglied-werden\/","name":"Mitglied werden - Schwarzwaldverein St. Georgen e.V.","isPartOf":{"@id":"https:\/\/www.schwarzwaldverein-st-georgen.de\/#website"},"primaryImageOfPage":{"@id":"https:\/\/www.schwarzwaldverein-st-georgen.de\/index.php\/ueber-mich\/mitglied-werden\/#primaryimage"},"image":{"@id":"https:\/\/www.schwarzwaldverein-st-georgen.de\/index.php\/ueber-mich\/mitglied-werden\/#primaryimage"},"thumbnailUrl":"https:\/\/www.schwarzwaldverein-st-georgen.de\/wp-content\/uploads\/pdf.png","datePublished":"2021-02-03T07:59:52+00:00","dateModified":"2025-10-23T10:24:38+00:00","breadcrumb":{"@id":"https:\/\/www.schwarzwaldverein-st-georgen.de\/index.php\/ueber-mich\/mitglied-werden\/#breadcrumb"},"inLanguage":"de","potentialAction":[{"@type":"ReadAction","target":["https:\/\/www.schwarzwaldverein-st-georgen.de\/index.php\/ueber-mich\/mitglied-werden\/"]}]},{"@type":"ImageObject","inLanguage":"de","@id":"https:\/\/www.schwarzwaldverein-st-georgen.de\/index.php\/ueber-mich\/mitglied-werden\/#primaryimage","url":"https:\/\/www.schwarzwaldverein-st-georgen.de\/wp-content\/uploads\/pdf.png","contentUrl":"https:\/\/www.schwarzwaldverein-st-georgen.de\/wp-content\/uploads\/pdf.png","width":51,"height":51},{"@type":"BreadcrumbList","@id":"https:\/\/www.schwarzwaldverein-st-georgen.de\/index.php\/ueber-mich\/mitglied-werden\/#breadcrumb","itemListElement":[{"@type":"ListItem","position":1,"name":"Start","item":"https:\/\/www.schwarzwaldverein-st-georgen.de\/"},{"@type":"ListItem","position":2,"name":"\u00dcber uns","item":"https:\/\/www.schwarzwaldverein-st-georgen.de\/index.php\/ueber-mich\/"},{"@type":"ListItem","position":3,"name":"Mitglied werden"}]},{"@type":"WebSite","@id":"https:\/\/www.schwarzwaldverein-st-georgen.de\/#website","url":"https:\/\/www.schwarzwaldverein-st-georgen.de\/","name":"Schwarzwaldverein St. Georgen e.V.","description":"Wandern, Wege, Naturschutz, Familien, Wanderheim Lindenb\u00fcble","potentialAction":[{"@type":"SearchAction","target":{"@type":"EntryPoint","urlTemplate":"https:\/\/www.schwarzwaldverein-st-georgen.de\/?s={search_term_string}"},"query-input":{"@type":"PropertyValueSpecification","valueRequired":true,"valueName":"search_term_string"}}],"inLanguage":"de"}]}},"ticketed":false,"_links":{"self":[{"href":"https:\/\/www.schwarzwaldverein-st-georgen.de\/index.php\/wp-json\/wp\/v2\/pages\/1527","targetHints":{"allow":["GET"]}}],"collection":[{"href":"https:\/\/www.schwarzwaldverein-st-georgen.de\/index.php\/wp-json\/wp\/v2\/pages"}],"about":[{"href":"https:\/\/www.schwarzwaldverein-st-georgen.de\/index.php\/wp-json\/wp\/v2\/types\/page"}],"author":[{"embeddable":true,"href":"https:\/\/www.schwarzwaldverein-st-georgen.de\/index.php\/wp-json\/wp\/v2\/users\/1"}],"replies":[{"embeddable":true,"href":"https:\/\/www.schwarzwaldverein-st-georgen.de\/index.php\/wp-json\/wp\/v2\/comments?post=1527"}],"version-history":[{"count":21,"href":"https:\/\/www.schwarzwaldverein-st-georgen.de\/index.php\/wp-json\/wp\/v2\/pages\/1527\/revisions"}],"predecessor-version":[{"id":2787,"href":"https:\/\/www.schwarzwaldverein-st-georgen.de\/index.php\/wp-json\/wp\/v2\/pages\/1527\/revisions\/2787"}],"up":[{"embeddable":true,"href":"https:\/\/www.schwarzwaldverein-st-georgen.de\/index.php\/wp-json\/wp\/v2\/pages\/19"}],"wp:attachment":[{"href":"https:\/\/www.schwarzwaldverein-st-georgen.de\/index.php\/wp-json\/wp\/v2\/media?parent=1527"}],"curies":[{"name":"wp","href":"https:\/\/api.w.org\/{rel}","templated":true}]}}