{"version":"1.0","provider_name":"Schwarzwaldverein St. Georgen e.V.","provider_url":"https:\/\/www.schwarzwaldverein-st-georgen.de","author_name":"koenig","author_url":"https:\/\/www.schwarzwaldverein-st-georgen.de\/index.php\/author\/koenig\/","title":"Windeck-Felsen | neuer Termin - Schwarzwaldverein St. Georgen e.V.","type":"rich","width":600,"height":338,"html":"<blockquote class=\"wp-embedded-content\" data-secret=\"NqaYgcRbT4\"><a href=\"https:\/\/www.schwarzwaldverein-st-georgen.de\/index.php\/event\/windeck-felsen\/\">Windeck-Felsen | neuer Termin<\/a><\/blockquote><iframe sandbox=\"allow-scripts\" security=\"restricted\" src=\"https:\/\/www.schwarzwaldverein-st-georgen.de\/index.php\/event\/windeck-felsen\/embed\/#?secret=NqaYgcRbT4\" width=\"600\" height=\"338\" title=\"&#8222;Windeck-Felsen | neuer Termin&#8220; &#8211; Schwarzwaldverein St. Georgen e.V.\" data-secret=\"NqaYgcRbT4\" frameborder=\"0\" marginwidth=\"0\" marginheight=\"0\" scrolling=\"no\" class=\"wp-embedded-content\"><\/iframe><script type=\"text\/javascript\">\n\/* <![CDATA[ *\/\n\/*! This file is auto-generated *\/\n!function(d,l){\"use strict\";l.querySelector&&d.addEventListener&&\"undefined\"!=typeof URL&&(d.wp=d.wp||{},d.wp.receiveEmbedMessage||(d.wp.receiveEmbedMessage=function(e){var t=e.data;if((t||t.secret||t.message||t.value)&&!\/[^a-zA-Z0-9]\/.test(t.secret)){for(var s,r,n,a=l.querySelectorAll('iframe[data-secret=\"'+t.secret+'\"]'),o=l.querySelectorAll('blockquote[data-secret=\"'+t.secret+'\"]'),c=new RegExp(\"^https?:$\",\"i\"),i=0;i<o.length;i++)o[i].style.display=\"none\";for(i=0;i<a.length;i++)s=a[i],e.source===s.contentWindow&&(s.removeAttribute(\"style\"),\"height\"===t.message?(1e3<(r=parseInt(t.value,10))?r=1e3:~~r<200&&(r=200),s.height=r):\"link\"===t.message&&(r=new URL(s.getAttribute(\"src\")),n=new URL(t.value),c.test(n.protocol))&&n.host===r.host&&l.activeElement===s&&(d.top.location.href=t.value))}},d.addEventListener(\"message\",d.wp.receiveEmbedMessage,!1),l.addEventListener(\"DOMContentLoaded\",function(){for(var e,t,s=l.querySelectorAll(\"iframe.wp-embedded-content\"),r=0;r<s.length;r++)(t=(e=s[r]).getAttribute(\"data-secret\"))||(t=Math.random().toString(36).substring(2,12),e.src+=\"#?secret=\"+t,e.setAttribute(\"data-secret\",t)),e.contentWindow.postMessage({message:\"ready\",secret:t},\"*\")},!1)))}(window,document);\n\/\/# sourceURL=https:\/\/www.schwarzwaldverein-st-georgen.de\/wp-includes\/js\/wp-embed.min.js\n\/* ]]> *\/\n<\/script>\n","thumbnail_url":"https:\/\/www.schwarzwaldverein-st-georgen.de\/wp-content\/uploads\/2020\/IMG_20200719_163210-scaled.jpg","thumbnail_width":2560,"thumbnail_height":1916,"description":"Die Wanderung den &#8222;H\u00f6hen des M\u00fcnstertals&#8220; findet nicht wie geplant statt. Wir bleiben in der Heimat. Wir wandern von St. Georgen \u00fcber den Windkapf zu den Igellochfelsen, hinunter ins Schwanenbachtal, dann hinauf zur Immelsbacher H\u00f6he und \u00fcber den Felsenpfad zum Windeck-Felsen. Hier gibt eine wunderbare Aussicht \u00fcber Hornberg. Von hier erfolgt der Abstieg zum Bahnhof &hellip; Weiterlesen"}

Die Wanderung den &#8222;Höhen des Münstertals&#8220; findet nicht wie geplant statt. Wir bleiben in der Heimat. Wir wandern von St. Georgen über den Windkapf zu den Igellochfelsen, hinunter ins Schwanenbachtal, dann hinauf zur Immelsbacher Höhe und über den Felsenpfad zum Windeck-Felsen. Hier gibt eine wunderbare Aussicht über Hornberg. Von hier erfolgt der Abstieg zum Bahnhof &hellip; Weiterlesen
