{"version":"1.0","provider_name":"Schwarzwaldverein St. Georgen e.V.","provider_url":"https:\/\/www.schwarzwaldverein-st-georgen.de","author_name":"koenig","author_url":"https:\/\/www.schwarzwaldverein-st-georgen.de\/index.php\/author\/koenig\/","title":"Wanderung um Urach - Schwarzwaldverein St. Georgen e.V.","type":"rich","width":600,"height":338,"html":"<blockquote class=\"wp-embedded-content\" data-secret=\"QJyn5dAXWc\"><a href=\"https:\/\/www.schwarzwaldverein-st-georgen.de\/index.php\/event\/wanderung-um-urach\/\">Wanderung um Urach<\/a><\/blockquote><iframe sandbox=\"allow-scripts\" security=\"restricted\" src=\"https:\/\/www.schwarzwaldverein-st-georgen.de\/index.php\/event\/wanderung-um-urach\/embed\/#?secret=QJyn5dAXWc\" width=\"600\" height=\"338\" title=\"&#8222;Wanderung um Urach&#8220; &#8211; Schwarzwaldverein St. Georgen e.V.\" data-secret=\"QJyn5dAXWc\" frameborder=\"0\" marginwidth=\"0\" marginheight=\"0\" scrolling=\"no\" class=\"wp-embedded-content\"><\/iframe><script type=\"text\/javascript\">\n\/* <![CDATA[ *\/\n\/*! This file is auto-generated *\/\n!function(d,l){\"use strict\";l.querySelector&&d.addEventListener&&\"undefined\"!=typeof URL&&(d.wp=d.wp||{},d.wp.receiveEmbedMessage||(d.wp.receiveEmbedMessage=function(e){var t=e.data;if((t||t.secret||t.message||t.value)&&!\/[^a-zA-Z0-9]\/.test(t.secret)){for(var s,r,n,a=l.querySelectorAll('iframe[data-secret=\"'+t.secret+'\"]'),o=l.querySelectorAll('blockquote[data-secret=\"'+t.secret+'\"]'),c=new RegExp(\"^https?:$\",\"i\"),i=0;i<o.length;i++)o[i].style.display=\"none\";for(i=0;i<a.length;i++)s=a[i],e.source===s.contentWindow&&(s.removeAttribute(\"style\"),\"height\"===t.message?(1e3<(r=parseInt(t.value,10))?r=1e3:~~r<200&&(r=200),s.height=r):\"link\"===t.message&&(r=new URL(s.getAttribute(\"src\")),n=new URL(t.value),c.test(n.protocol))&&n.host===r.host&&l.activeElement===s&&(d.top.location.href=t.value))}},d.addEventListener(\"message\",d.wp.receiveEmbedMessage,!1),l.addEventListener(\"DOMContentLoaded\",function(){for(var e,t,s=l.querySelectorAll(\"iframe.wp-embedded-content\"),r=0;r<s.length;r++)(t=(e=s[r]).getAttribute(\"data-secret\"))||(t=Math.random().toString(36).substring(2,12),e.src+=\"#?secret=\"+t,e.setAttribute(\"data-secret\",t)),e.contentWindow.postMessage({message:\"ready\",secret:t},\"*\")},!1)))}(window,document);\n\/\/# sourceURL=https:\/\/www.schwarzwaldverein-st-georgen.de\/wp-includes\/js\/wp-embed.min.js\n\/* ]]> *\/\n<\/script>\n","thumbnail_url":"https:\/\/www.schwarzwaldverein-st-georgen.de\/wp-content\/uploads\/2021\/Bilder\/DSC02837-scaled.jpg","thumbnail_width":2560,"thumbnail_height":1706,"description":"Wundersch\u00f6ne W\u00e4lder und nat\u00fcrlicher Stille werden uns im Obertal von Urach (Hammereisenbach) begeistern. Anfahrt mit priv. Pkw zum Ausgangsort Urach. Auf dem Weg hinauf zur Linacher H\u00f6he blicken wir zur\u00fcck auf Urach mit dem markanten Zwiebelturm der barocken katholischen Pfarrkirche Allerheiligen. Durch einen urw\u00fcchsigen Wald geht es \u00fcber den Bergr\u00fccken bis zum Steigwald. An der &hellip; Weiterlesen"}

Wunderschöne Wälder und natürlicher Stille werden uns im Obertal von Urach (Hammereisenbach) begeistern. Anfahrt mit priv. Pkw zum Ausgangsort Urach. Auf dem Weg hinauf zur Linacher Höhe blicken wir zurück auf Urach mit dem markanten Zwiebelturm der barocken katholischen Pfarrkirche Allerheiligen. Durch einen urwüchsigen Wald geht es über den Bergrücken bis zum Steigwald. An der &hellip; Weiterlesen
