{"version":"1.0","provider_name":"Schwarzwaldverein St. Georgen e.V.","provider_url":"https:\/\/www.schwarzwaldverein-st-georgen.de","author_name":"koenig","author_url":"https:\/\/www.schwarzwaldverein-st-georgen.de\/index.php\/author\/koenig\/","title":"Schlichemklammrunde - Schwarzwaldverein St. Georgen e.V.","type":"rich","width":600,"height":338,"html":"<blockquote class=\"wp-embedded-content\" data-secret=\"NlvRwr24dd\"><a href=\"https:\/\/www.schwarzwaldverein-st-georgen.de\/index.php\/event\/schlichemklammrunde-2\/\">Schlichemklammrunde<\/a><\/blockquote><iframe sandbox=\"allow-scripts\" security=\"restricted\" src=\"https:\/\/www.schwarzwaldverein-st-georgen.de\/index.php\/event\/schlichemklammrunde-2\/embed\/#?secret=NlvRwr24dd\" width=\"600\" height=\"338\" title=\"&#8222;Schlichemklammrunde&#8220; &#8211; Schwarzwaldverein St. Georgen e.V.\" data-secret=\"NlvRwr24dd\" frameborder=\"0\" marginwidth=\"0\" marginheight=\"0\" scrolling=\"no\" class=\"wp-embedded-content\"><\/iframe><script type=\"text\/javascript\">\n\/* <![CDATA[ *\/\n\/*! This file is auto-generated *\/\n!function(d,l){\"use strict\";l.querySelector&&d.addEventListener&&\"undefined\"!=typeof URL&&(d.wp=d.wp||{},d.wp.receiveEmbedMessage||(d.wp.receiveEmbedMessage=function(e){var t=e.data;if((t||t.secret||t.message||t.value)&&!\/[^a-zA-Z0-9]\/.test(t.secret)){for(var s,r,n,a=l.querySelectorAll('iframe[data-secret=\"'+t.secret+'\"]'),o=l.querySelectorAll('blockquote[data-secret=\"'+t.secret+'\"]'),c=new RegExp(\"^https?:$\",\"i\"),i=0;i<o.length;i++)o[i].style.display=\"none\";for(i=0;i<a.length;i++)s=a[i],e.source===s.contentWindow&&(s.removeAttribute(\"style\"),\"height\"===t.message?(1e3<(r=parseInt(t.value,10))?r=1e3:~~r<200&&(r=200),s.height=r):\"link\"===t.message&&(r=new URL(s.getAttribute(\"src\")),n=new URL(t.value),c.test(n.protocol))&&n.host===r.host&&l.activeElement===s&&(d.top.location.href=t.value))}},d.addEventListener(\"message\",d.wp.receiveEmbedMessage,!1),l.addEventListener(\"DOMContentLoaded\",function(){for(var e,t,s=l.querySelectorAll(\"iframe.wp-embedded-content\"),r=0;r<s.length;r++)(t=(e=s[r]).getAttribute(\"data-secret\"))||(t=Math.random().toString(36).substring(2,12),e.src+=\"#?secret=\"+t,e.setAttribute(\"data-secret\",t)),e.contentWindow.postMessage({message:\"ready\",secret:t},\"*\")},!1)))}(window,document);\n\/\/# sourceURL=https:\/\/www.schwarzwaldverein-st-georgen.de\/wp-includes\/js\/wp-embed.min.js\n\/* ]]> *\/\n<\/script>\n","thumbnail_url":"https:\/\/www.schwarzwaldverein-st-georgen.de\/wp-content\/uploads\/2026\/Schlichemklamm-768x1024.jpeg","thumbnail_width":768,"thumbnail_height":1024,"description":"Von Epfendorf-Harthausen geht es hinab in die Schlichemklamm, wo sich das Fl\u00fc\u00dfchen Schlichem wildromantisch durch ein enges Tal windet. Zuweilen erheben sich m\u00e4chtige Muschelkalkw\u00e4nde zu beiden Seiten. Naturpfade f\u00fchren hinauf zum Kapfkreuz und zum Tischfelsen, mit tollen Aussichten ins Neckartal. Vorbei an der Schneckenburg geht es hinab ins Schneckenbachtal und wieder zum Ausgangspunkt zur\u00fcck. Wanderf\u00fchrung: &hellip; Weiterlesen"}

Von Epfendorf-Harthausen geht es hinab in die Schlichemklamm, wo sich das Flüßchen Schlichem wildromantisch durch ein enges Tal windet. Zuweilen erheben sich mächtige Muschelkalkwände zu beiden Seiten. Naturpfade führen hinauf zum Kapfkreuz und zum Tischfelsen, mit tollen Aussichten ins Neckartal. Vorbei an der Schneckenburg geht es hinab ins Schneckenbachtal und wieder zum Ausgangspunkt zurück. Wanderführung: &hellip; Weiterlesen
